--------- beginning of /dev/log/system
I/Vold ( 122): Vold 2.1 (the revenge) firing up
E/Vold ( 122): Error reading configuration (No such file or directory)... continuing anyways --------- beginning of /dev/log/main
E/ ( 390): hardware/invensense/mlsdk/./mllite/compass.c|inv_compass_read_scale|500 returning 4
I/MPL-compass( 390): push compass offsets 9, 255, 7
I/SensorService( 390): GP2A Light sensor
I/SensorService( 390): GP2A Proximity sensor
I/SensorService( 390): BMP180 Pressure sensor
I/SensorService( 390): MPL Gyroscope
I/SensorService( 390): MPL Accelerometer
I/SensorService( 390): MPL Magnetic Field
I/SensorService( 390): MPL Orientation
I/SensorService( 390): MPL Rotation Vector
I/SensorService( 390): MPL Linear Acceleration
I/SensorService( 390): MPL Gravity
I/sysproc ( 390): System server: starting Android runtime.
I/sysproc ( 390): System server: starting Android services.
I/sysproc ( 390): System server: entering thread pool.
D/SensorService( 390): nuSensorService thread starting...
I/SystemServer( 390): Entered the Android system server!
I/SystemServer( 390): Waiting for installd to be ready.
I/installd( 133): new connection
I/Installer( 390): connecting...
I/SystemServer( 390): Entropy Mixer
I/SystemServer( 390): Power Manager
I/SystemServer( 390): Activity Manager
I/ActivityManager( 390): Memory class: 96
D/dalvikvm( 390): GC_CONCURRENT freed 32K, 1% free 9258K/9320K, paused 4ms+2ms, total 19ms
D/dalvikvm( 390): GC_CONCURRENT freed 34K, 1% free 9738K/9796K, paused 1ms+2ms, total 15ms
D/dalvikvm( 390): WAIT_FOR_CONCURRENT_GC blocked 8ms
D/dalvikvm( 390): GC_FOR_ALLOC freed 420K, 5% free 9468K/9912K, paused 14ms, total 15ms
I/dalvikvm-heap( 390): Grow heap (frag case) to 9.626MB for 376916-byte allocation
D/dalvikvm( 390): GC_FOR_ALLOC freed <1K, 5% free 9836K/10284K, paused 16ms, total 16ms
D/dalvikvm( 390): GC_CONCURRENT freed 547K, 6% free 9696K/10284K, paused 3ms+3ms, total 21ms
I/SystemServer( 390): Display Manager
I/SystemServer( 390): Telephony Registry
I/DisplayManagerService( 390): Display device added: DisplayDeviceInfo{"Built-in Screen": 720 x 1280, 58.981003 fps, density 320, 315.31033 x 318.7451 dpi, touch INTERNAL, FLAG_DEFAULT_DISPLAY, FLAG_ROTATES_WITH_CONTENT, FLAG_SECURE, FLAG_SUPPORTS_PROTECTED_BUFFERS, rotation 0, type BUILT_IN, address null}
I/SystemServer( 390): Scheduling Policy
I/SystemServer( 390): Package Manager
D/dalvikvm( 390): GC_CONCURRENT freed 435K, 6% free 9769K/10284K, paused 3ms+2ms, total 23ms
D/dalvikvm( 390): WAIT_FOR_CONCURRENT_GC blocked 9ms
D/dalvikvm( 390): GC_CONCURRENT freed 401K, 5% free 9816K/10304K, paused 2ms+4ms, total 26ms
D/dalvikvm( 390): GC_CONCURRENT freed 202K, 3% free 10041K/10304K, paused 4ms+1ms, total 20ms
I/AudioFlinger( 132): Using module 1 has the primary audio interface
I/AudioFlinger( 132): AudioFlinger's thread 0x4001d008 ready to run
I/AudioFlinger( 132): HAL output buffer size 976 frames, normal mix buffer size 976 frames
I/AudioMixer( 132): found effect "Multichannel Downmix To Stereo" from The Android Open Source Project
I/AudioFlinger( 132): AudioFlinger's thread 0x40a79008 ready to run
I/audio_a2dp_hw( 132): adev_open: adev_open in A2dp_hw module
I/AudioFlinger( 132): loadHwModule() Loaded a2dp audio interface from A2DP Audio HW HAL (audio) handle 4
I/AudioFlinger( 132): loadHwModule() Loaded usb audio interface from USB audio HW HAL (audio) handle 5
I/AudioPolicyService( 132): Loaded audio policy from LEGACY Audio Policy HAL (audio_policy)
D/dalvikvm( 390): GC_CONCURRENT freed 239K, 3% free 10254K/10520K, paused 3ms+15ms, total 51ms
I/dalvikvm( 390): Zip is good, but no classes.dex inside, and no .odex file in the same directory
W/PackageManager( 390): Cannot dexopt /system/framework/com.samsung.device.jar; is it an APK or JAR? /system/framework/com.samsung.device.jar
I/dalvikvm( 390): Zip is good, but no classes.dex inside, and no .odex file in the same directory
W/PackageManager( 390): Exception reading jar: /system/framework/com.samsung.device.jar
W/PackageManager( 390): java.io.IOException: /system/framework/com.samsung.device.jar
W/PackageManager( 390): at dalvik.system.DexFile.isDexOptNeeded(Native Method)
W/PackageManager( 390): at com.android.server.pm.PackageManagerService.(PackageManagerService.java:1114)
W/PackageManager( 390): at com.android.server.pm.PackageManagerService.main(PackageManagerService.java:931)
W/PackageManager( 390): at com.android.server.ServerThread.run(SystemServer.java:250)
D/dalvikvm( 390): GC_CONCURRENT freed 363K, 4% free 10324K/10712K, paused 2ms+2ms, total 24ms
W/PackageParser( 390): No actions in intent filter at /system/app/Bluetooth.apk Binary XML file line #199
I/PackageManager( 390): Package com.google.android.calendar at /system/app/CalendarGoogle.apk ignored: updated version 201306302 better than this 201212060
W/ResourceType( 390): Failure getting entry for 0x7f0e004d (t=13 e=77) in package 0 (error -75)
W/ResourceType( 390): Failure getting entry for 0x7f0e004e (t=13 e=78) in package 0 (error -75)
W/Resources( 390): Converting to boolean: TypedValue{t=0x3/d=0x42a "true" a=2 r=0x7f0f0007}
I/PackageManager( 390): Package com.google.android.apps.books at /system/app/Books.apk ignored: updated version 20921 better than this 20641
W/PackageParser( 390): No actions in intent filter at /system/app/Contacts.apk Binary XML file line #533
D/dalvikvm( 390): GC_CONCURRENT freed 166K, 2% free 10620K/10812K, paused 2ms+6ms, total 36ms
I/PackageManager( 390): Package com.google.android.apps.maps at /system/app/GMS_Maps.apk ignored: updated version 700022113 better than this 614020503
D/dalvikvm( 390): GC_CONCURRENT freed 170K, 2% free 10912K/11108K, paused 4ms+6ms, total 55ms
W/ResourceType( 390): Failure getting entry for 0x7f040022 (t=3 e=34) in package 0 (error -75)
W/ResourceType( 390): Failure getting entry for 0x7f040022 (t=3 e=34) in package 0 (error -75)
W/PackageParser( 390): Unknown element under : permission at /system/app/GalleryGoogle.apk Binary XML file line #234
W/PackageParser( 390): Unknown element under : permission at /system/app/GalleryGoogle.apk Binary XML file line #237
I/PackageManager( 390): Package com.google.android.gm at /system/app/Gmail2.apk ignored: updated version 986 better than this 615
W/PackageParser( 390): Unknown element under : supports-gl-texture at /system/app/GoogleEarth.apk Binary XML file line #19
I/PackageManager( 390): Package com.google.earth at /system/app/GoogleEarth.apk ignored: updated version 13140170 better than this 12352100
D/dalvikvm( 390): GC_CONCURRENT freed 468K, 5% free 10889K/11384K, paused 3ms+3ms, total 34ms
I/PackageManager( 390): Package com.google.android.inputmethod.latin at /system/app/LatinImeGoogle.apk ignored: updated version 1870 better than this 1700
I/PackageManager( 390): Package com.google.android.gms at /system/app/GmsCore.apk ignored: updated version 3225136 better than this 1015
I/PackageManager( 390): Package com.google.android.music at /system/app/Music2.apk ignored: updated version 1107 better than this 811
D/dalvikvm( 390): GC_CONCURRENT freed 341K, 4% free 10946K/11384K, paused 3ms+4ms, total 39ms
I/PackageManager( 390): Package com.android.vending at /system/app/Phonesky.apk ignored: updated version 80230011 better than this 8016009
I/PackageManager( 390): Package com.google.android.apps.plus at /system/app/PlusOne.apk ignored: updated version 402488546 better than this 322384695
D/dalvikvm( 390): GC_CONCURRENT freed 294K, 3% free 11099K/11420K, paused 4ms+4ms, total 43ms
I/PackageManager( 390): Package com.google.android.talk at /system/app/Talk.apk ignored: updated version 753199 better than this 330
I/PackageManager( 390): Package com.google.android.ears at /system/app/GoogleEars.apk ignored: updated version 11 better than this 10
I/PackageManager( 390): Package com.google.android.apps.magazines at /system/app/Magazines.apk ignored: updated version 131402010 better than this 123461623
I/PackageManager( 390): Package com.google.android.youtube at /system/app/YouTube.apk ignored: updated version 4517 better than this 4216
I/PackageManager( 390): Package com.google.android.googlequicksearchbox at /system/app/Velvet.apk ignored: updated version 300206070 better than this 210020209
D/dalvikvm( 390): GC_CONCURRENT freed 311K, 3% free 11275K/11616K, paused 3ms+5ms, total 42ms
I/PackageManager( 390): Package com.google.android.videos at /system/app/Videos.apk ignored: updated version 26091 better than this 23070
I/PackageManager( 390): Package com.android.chrome at /system/app/ChromeWithBrowser.apk ignored: updated version 1500094 better than this 1025469
W/PackageParser( 390): Problem in package /system/app/GoogleCurrents.apk:
W/PackageParser( 390): Unknown element under : item at /system/app/GoogleCurrents.apk Binary XML file line #151
W/PackageParser( 390): Problem in package /system/app/GoogleCurrents.apk:
W/PackageParser( 390): Unknown element under : item at /system/app/GoogleCurrents.apk Binary XML file line #152
I/PackageManager( 390): Package com.google.android.apps.currents at /system/app/GoogleCurrents.apk ignored: updated version 131221719 better than this 123461627
D/PackageManager( 390): No files in app dir /vendor/app
I/PackageManager( 390): Linking native library dir for /data/app/com.tmobile.selfhelp-1.apk
I/PackageManager( 390): Linking native library dir for /data/app/com.united.mobile.android-2.apk
I/PackageManager( 390): Linking native library dir for /data/app/com.fandango-2.apk
W/PackageParser( 390): Unknown element under : uses-library at /data/app/com.vimeo.android.videoapp-1.apk Binary XML file line #8
I/PackageManager( 390): Linking native library dir for /data/app/com.vimeo.android.videoapp-1.apk
W/PackageParser( 390): Unknown element under : supports-gl-texture at /data/app/com.instagram.android-2.apk Binary XML file line #38
D/dalvikvm( 390): GC_CONCURRENT freed 353K, 4% free 11429K/11812K, paused 4ms+4ms, total 47ms
I/PackageManager( 390): Linking native library dir for /data/app/com.instagram.android-2.apk
I/PackageManager( 390): Linking native library dir for /data/app/com.infonow.bofa-2.apk
I/PackageManager( 390): Linking native library dir for /data/app/com.andrwq.recorder-1.apk
W/PackageManager( 390): Package com.kayak.android desires unavailable shared library com.sec.android.app.multiwindow; ignoring!
I/PackageManager( 390): Linking native library dir for /data/app/com.kayak.android-1.apk
I/PackageManager( 390): Linking native library dir for /data/app/com.ustwo.rando-2.apk
I/PackageManager( 390): Linking native library dir for /data/app/com.ubercab-1.apk
I/PackageManager( 390): Linking native library dir for /data/app/com.tumblr-2.apk
I/PackageManager( 390): Linking native library dir for /data/app/com.texty.sms-2.apk
I/PackageManager( 390): Linking native library dir for /data/app/info.guardianproject.mrapp-1.apk
I/PackageManager( 390): Linking native library dir for /data/app/com.guardian.witness-2.apk
I/PackageManager( 390): Linking native library dir for /data/app/com.vyclone.angles-2.apk
I/PackageManager( 390): Linking native library dir for /data/app/com.piggy.myfiles-1.apk
W/PackageParser( 390): No actions in intent filter at /data/app/org.wikipedia-1.apk Binary XML file line #39
I/PackageManager( 390): Linking native library dir for /data/app/org.wikipedia-1.apk
I/PackageManager( 390): Linking native library dir for /data/app/org.jtb.alogrec-1.apk
D/dalvikvm( 390): GC_CONCURRENT freed 267K, 3% free 11722K/12020K, paused 2ms+5ms, total 47ms
I/PackageManager( 390): Linking native library dir for /data/app/com.eventbrite.attendee-1.apk
I/PackageManager( 390): Linking native library dir for /data/app/org.zwanoo.android.speedtest-1.apk
I/PackageManager( 390): Linking native library dir for /data/app/com.xero.touch-1.apk
I/PackageManager( 390): Linking native library dir for /data/app/com.facebook.pages.app-1.apk
I/PackageManager( 390): Linking native library dir for /data/app/com.tripit-1.apk
I/PackageManager( 390): Linking native library dir for /data/app/com.trello-1.apk
I/PackageManager( 390): Linking native library dir for /data/app/com.imdb.mobile-1.apk
I/PackageManager( 390): Linking native library dir for /data/app/com.anydo-1.apk
I/PackageManager( 390): Linking native library dir for /data/app/com.skype.raider-1.apk
I/PackageManager( 390): Linking native library dir for /data/app/info.guardianproject.otr.app.im-1.apk
I/PackageManager( 390): Linking native library dir for /data/app/bbc.mobile.news.ww-2.apk
I/PackageManager( 390): Linking native library dir for /data/app/com.dropbox.android-2.apk
W/PackageManager( 390): Package com.dropbox.android has activity com.dropbox.android.activity.SsoCallbackReceiver with priority > 0, forcing to 0
I/PackageManager( 390): Linking native library dir for /data/app/com.instarepost-1.apk
I/PackageManager( 390): Linking native library dir for /data/app/com.lookout-1.apk
D/dalvikvm( 390): GC_CONCURRENT freed 283K, 3% free 12068K/12384K, paused 3ms+5ms, total 61ms
I/PackageManager( 390): Linking native library dir for /data/app/com.yelp.android-1.apk
W/PackageParser( 390): Unknown element under : meta-data at /data/app/com.evernote-2.apk Binary XML file line #70
W/PackageParser( 390): Unknown element under : enable-feature at /data/app/com.evernote-2.apk Binary XML file line #80
I/PackageManager( 390): Linking native library dir for /data/app/com.evernote-2.apk
W/PackageManager( 390): Package com.evernote has activity com.evernote.ui.tablet.NoteListActivity with priority > 0, forcing to 0
W/PackageManager( 390): Package com.evernote has activity com.evernote.ui.GoogleSearchResultRedirectActivity with priority > 0, forcing to 0
W/PackageManager( 390): Package com.evernote has activity com.evernote.ui.tablet.NoteListAloneActivity with priority > 0, forcing to 0
I/PackageManager( 390): Linking native library dir for /data/app/org.jtb.alogcat-1.apk
I/PackageManager( 390): Linking native library dir for /data/app/sworkitapp.sworkit.com-2.apk
I/PackageManager( 390): Linking native library dir for /data/app/com.twitter.android-2.apk
I/PackageManager( 390): Linking native library dir for /data/app/com.rawporter-1.apk
I/PackageManager( 390): Linking native library dir for /data/app/com.google.android.ears-1.apk
I/PackageManager( 390): Linking native library dir for /data/app/com.androirc-1.apk
I/PackageManager( 390): Linking native library dir for /data/app/com.tapmojo.gifboom-1.apk
I/PackageManager( 390): Linking native library dir for /data/app/com.google.android.apps.translate-1.apk
W/PackageParser( 390): Unknown element under : supports-gl-texture at /data/app/com.google.earth-1.apk Binary XML file line #19
I/PackageManager( 390): Linking native library dir for /data/app/com.google.earth-1.apk
I/PackageManager( 390): Linking native library dir for /data/app/org.ale.openwatch-1.apk
W/PackageManager( 390): Package com.csipsimple has activity com.csipsimple.ui.SipHome with priority > 0, forcing to 0
W/PackageManager( 390): Package com.csipsimple has activity com.csipsimple.ui.SipHome with priority > 0, forcing to 0
W/PackageManager( 390): Package com.csipsimple has activity com.csipsimple.ui.SipHome with priority > 0, forcing to 0
W/PackageManager( 390): Package com.csipsimple has activity com.csipsimple.ui.SipHome with priority > 0, forcing to 0
W/PackageManager( 390): Package com.csipsimple has activity com.csipsimple.ui.SipHome with priority > 0, forcing to 0
W/PackageManager( 390): Package com.csipsimple has activity com.csipsimple.ui.outgoingcall.OutgoingCallChooser with priority > 0, forcing to 0
W/PackageManager( 390): Package com.csipsimple has activity com.csipsimple.ui.incall.InCallActivity with priority > 0, forcing to 0
I/PackageManager( 390): Linking native library dir for /data/app/com.csipsimple-1.apk
D/dalvikvm( 390): GC_CONCURRENT freed 266K, 3% free 12605K/12904K, paused 4ms+6ms, total 63ms
D/dalvikvm( 390): WAIT_FOR_CONCURRENT_GC blocked 15ms
I/PackageManager( 390): Linking native library dir for /data/app/com.google.android.apps.maps-1.apk
I/PackageManager( 390): Linking native library dir for /data/app/com.gopro.smarty-2.apk
I/PackageManager( 390): Linking native library dir for /data/app/org.thoughtcrime.redphone-1.apk
I/PackageManager( 390): Linking native library dir for /data/app/com.google.android.youtube-1.apk
I/PackageManager( 390): Linking native library dir for /data/app/com.vtcreator.android360-1.apk
I/PackageManager( 390): Linking native library dir for /data/app/com.spotify.mobile.android.ui-2.apk
W/PackageParser( 390): No actions in intent filter at /data/app/mobisocial.dispatch-1.apk Binary XML file line #182
I/PackageManager( 390): Linking native library dir for /data/app/mobisocial.dispatch-1.apk
I/PackageManager( 390): Linking native library dir for /data/app/com.android.chrome-2.apk
I/PackageManager( 390): Linking native library dir for /data/app/ru.digitalarmy.angie-1.apk
I/PackageManager( 390): Linking native library dir for /data/app/com.nianticproject.ingress-2.apk
I/PackageManager( 390): Linking native library dir for /data/app/com.facebook.orca-1.apk
I/PackageManager( 390): Linking native library dir for /data/app/com.google.android.gms-1.apk
D/dalvikvm( 390): GC_CONCURRENT freed 349K, 3% free 13104K/13492K, paused 4ms+5ms, total 69ms
I/PackageManager( 390): Linking native library dir for /data/app/com.soundcloud.android-1.apk
W/PackageManager( 390): Package com.soundcloud.android has activity com.soundcloud.android.activity.landing.Home with priority > 0, forcing to 0
W/PackageManager( 390): Package com.soundcloud.android has activity com.soundcloud.android.activity.ResolveActivity with priority > 0, forcing to 0
W/PackageManager( 390): Package com.soundcloud.android has activity com.soundcloud.android.activity.ResolveActivity with priority > 0, forcing to 0
W/PackageManager( 390): Package com.soundcloud.android has activity com.soundcloud.android.activity.landing.ScSearch with priority > 0, forcing to 0
W/PackageManager( 390): Package com.soundcloud.android has activity com.soundcloud.android.activity.landing.WhoToFollowActivity with priority > 0, forcing to 0
W/PackageManager( 390): Package com.soundcloud.android has activity com.soundcloud.android.activity.create.ScCreate with priority > 0, forcing to 0
I/PackageManager( 390): Linking native library dir for /data/app/com.chase.sig.android-1.apk
I/PackageManager( 390): Linking native library dir for /data/app/org.torproject.android-1.apk
I/PackageManager( 390): Linking native library dir for /data/app/com.google.android.apps.googlevoice-1.apk
I/PackageManager( 390): Linking native library dir for /data/app/com.freshbooks.android-1.apk
I/PackageManager( 390): Linking native library dir for /data/app/org.witness.sscphase1-1.apk
I/PackageManager( 390): Linking native library dir for /data/app/org.wordpress.android-2.apk
I/PackageManager( 390): Linking native library dir for /data/app/com.nike.plusgps-2.apk
I/PackageManager( 390): Linking native library dir for /data/app/com.airbnb.android-1.apk
I/PackageManager( 390): Linking native library dir for /data/app/org.globaleaks.droid-2.apk
W/PackageParser( 390): Unknown element under : uses-permission at /data/app/org.mozilla.firefox-1.apk Binary XML file line #1921
W/PackageParser( 390): Unknown element under : uses-permission at /data/app/org.mozilla.firefox-1.apk Binary XML file line #1924
I/PackageManager( 390): Linking native library dir for /data/app/org.mozilla.firefox-1.apk
I/PackageManager( 390): Linking native library dir for /data/app/com.SpaceInch.SayTheSameThing-2.apk
I/PackageManager( 390): Linking native library dir for /data/app/info.guardianproject.browser-2.apk
I/PackageManager( 390): Linking native library dir for /data/app/com.google.android.calendar-2.apk
I/PackageManager( 390): Linking native library dir for /data/app/com.google.android.talk-2.apk
I/PackageManager( 390): Linking native library dir for /data/app/com.google.android.gm-2.apk
D/dalvikvm( 390): GC_CONCURRENT freed 392K, 4% free 13664K/14096K, paused 2ms+5ms, total 68ms
I/PackageManager( 390): Linking native library dir for /data/app/com.google.android.videos-1.apk
I/PackageManager( 390): Linking native library dir for /data/app/com.google.android.inputmethod.latin-1.apk
I/PackageManager( 390): Linking native library dir for /data/app/com.google.android.apps.docs-2.apk
I/PackageManager( 390): Linking native library dir for /data/app/info.guardianproject.pixelknot-2.apk
I/PackageManager( 390): Linking native library dir for /data/app/com.google.android.apps.magazines-1.apk
I/PackageManager( 390): Linking native library dir for /data/app/com.teslacoilsw.launcher-1.apk
I/PackageManager( 390): Linking native library dir for /data/app/com.facebook.katana-1.apk
I/PackageManager( 390): Linking native library dir for /data/app/com.kaushal.androidstudio-1.apk
I/PackageManager( 390): Linking native library dir for /data/app/com.scoopshot.mobiapp-2.apk
I/PackageManager( 390): Linking native library dir for /data/app/com.nbadigital.gametimelite-2.apk
I/PackageManager( 390): Linking native library dir for /data/app/com.americanexpress.android.acctsvcs.us-2.apk
W/PackageManager( 390): Package com.yahoo.mobile.client.android.flickr desires unavailable shared library com.motorola.android.storage; ignoring!
I/PackageManager( 390): Linking native library dir for /data/app/com.yahoo.mobile.client.android.flickr-2.apk
I/PackageManager( 390): Linking native library dir for /data/app/com.google.android.googlequicksearchbox-2.apk
W/ResourceType( 390): Failure getting entry for 0x7f050004 (t=4 e=4) in package 0 (error -75)
W/ResourceType( 390): Failure getting entry for 0x7f050005 (t=4 e=5) in package 0 (error -75)
I/PackageManager( 390): Linking native library dir for /data/app/com.handmark.expressweather-2.apk
I/PackageManager( 390): Linking native library dir for /data/app/com.bamnetworks.mobile.android.gameday.atbat-2.apk
I/PackageManager( 390): Linking native library dir for /data/app/com.baydin.boomerang-1.apk
I/PackageManager( 390): Linking native library dir for /data/app/com.niksoftware.snapseed-1.apk
I/PackageManager( 390): Linking native library dir for /data/app/com.android.vending-2.apk
W/Resources( 390): Converting to boolean: TypedValue{t=0x3/d=0x3d7 "true" a=2 r=0x7f090005}
I/PackageManager( 390): Linking native library dir for /data/app/com.google.android.apps.books-2.apk
I/PackageManager( 390): Linking native library dir for /data/app/com.snapchat.android-2.apk
W/PackageParser( 390): Unknown element under : intent-filter at /data/app/com.cnn.mobile.android.phone-1.apk Binary XML file line #16
D/dalvikvm( 390): GC_CONCURRENT freed 429K, 4% free 14368K/14836K, paused 2ms+3ms, total 73ms
I/PackageManager( 390): Linking native library dir for /data/app/com.cnn.mobile.android.phone-1.apk
I/PackageManager( 390): Linking native library dir for /data/app/com.amazon.mShop.android-2.apk
I/PackageManager( 390): Linking native library dir for /data/app/com.joelapenna.foursquared-2.apk
I/PackageManager( 390): Linking native library dir for /data/app/com.google.android.apps.currents-2.apk
I/PackageManager( 390): Linking native library dir for /data/app/com.google.android.music-2.apk
I/PackageManager( 390): Linking native library dir for /data/app/com.youneedabudget.ynab.app.market-2.apk
I/PackageManager( 390): Linking native library dir for /data/app/com.google.android.apps.plus-2.apk
I/PackageManager( 390): Linking native library dir for /data/app/com.google.android.maps.mytracks-2.apk
I/PackageManager( 390): Time to scan packages: 18.247 seconds
W/PackageManager( 390): Unknown permission javax.microedition.gba.USE_GBA_SERVICE in package com.tmobile.selfhelp
W/PackageManager( 390): Not granting permission android.permission.SEND_DOWNLOAD_COMPLETED_INTENTS to package com.google.android.browser (protectionLevel=2 flags=0x9be45)
W/PackageManager( 390): Unknown permission com.dsi.ant.permission.ANT in package com.google.android.maps.mytracks
W/PackageManager( 390): Unknown permission com.dsi.ant.permission.ANT_ADMIN in package com.google.android.maps.mytracks
W/PackageManager( 390): Unknown permission android.permission.ADD_SYSTEM_SERVICE in package com.android.phone
W/PackageManager( 390): Unknown permission com.android.smspush.WAPPUSH_MANAGER_BIND in package com.android.phone
W/PackageManager( 390): Unknown permission com.android.vending.billing.IBillingAccountService.BIND2 in package com.google.android.gsf.login
W/PackageManager( 390): Unknown permission com.android.gallery3d.permission.GALLERY_PROVIDER in package com.android.bluetooth
W/PackageManager( 390): Not granting permission android.permission.READ_LOGS to package com.csipsimple (protectionLevel=50 flags=0x9be44)
W/PackageManager( 390): Not granting permission android.permission.READ_FRAME_BUFFER to package com.instagram.android (protectionLevel=18 flags=0x8be64)
W/PackageManager( 390): Not granting permission android.permission.SET_ORIENTATION to package com.instagram.android (protectionLevel=2 flags=0x8be64)
W/PackageManager( 390): Unknown permission android.permission.ACCESS_COARSE_UPDATES in package com.handmark.expressweather
W/PackageManager( 390): Unknown permission android.permission.NETWORK in package com.trello
W/PackageManager( 390): Not granting permission android.permission.DEVICE_POWER to package com.google.android.deskclock (protectionLevel=2 flags=0x8be45)
W/PackageManager( 390): Unknown permission android.permission.LOCATION_HARDWARE in package com.google.android.gms
W/PackageManager( 390): Not granting permission android.permission.READ_LOGS to package com.tapmojo.gifboom (protectionLevel=50 flags=0x18be44)
W/PackageManager( 390): Unknown permission android.permission.READ_OWNER_DATA in package com.google.android.setupwizard
W/PackageManager( 390): Unknown permission android.permission.WRITE_OWNER_DATA in package com.google.android.setupwizard
W/PackageManager( 390): Unknown permission org.ale.openwatch.permission.MAPS_RECEIVE in package org.ale.openwatch
W/PackageManager( 390): Unknown permission com.google.android.voicesearch.SHORTCUTS_ACCESS in package com.google.android.googlequicksearchbox
W/PackageManager( 390): Unknown permission com.google.android.apps.maps.permission.PREFETCH in package com.google.android.googlequicksearchbox
W/PackageManager( 390): Unknown permission com.google.android.apps.googlevoice.permission.AUTO_SEND in package com.google.android.googlequicksearchbox
W/PackageManager( 390): Unknown permission com.sec.android.provider.badge.permission.READ in package com.facebook.katana
W/PackageManager( 390): Unknown permission com.sec.android.provider.badge.permission.WRITE in package com.facebook.katana
W/PackageManager( 390): Unknown permission com.htc.launcher.permission.UPDATE_SHORTCUT in package com.facebook.katana
W/PackageManager( 390): Unknown permission com.sonyericsson.home.permission.BROADCAST_BADGE in package com.facebook.katana
W/PackageManager( 390): Unknown permission com.sec.android.app.launcher.READ_SETTINGS in package com.facebook.katana
W/PackageManager( 390): Unknown permission com.sec.android.app.twlauncher.READ_SETTINGS in package com.facebook.katana
W/PackageManager( 390): Unknown permission com.htc.launcher.permission.READ_SETTINGS in package com.facebook.katana
W/PackageManager( 390): Not granting permission android.permission.READ_LOGS to package org.jtb.alogcat (protectionLevel=50 flags=0x8be44)
W/PackageManager( 390): Not granting permission android.permission.ACCOUNT_MANAGER to package com.google.android.music (protectionLevel=2 flags=0x8bee5)
W/PackageManager( 390): Unknown permission android.permission.READ_MEDIA_STORAGE in package info.guardianproject.mrapp
W/PackageManager( 390): Not granting permission android.permission.MOUNT_UNMOUNT_FILESYSTEMS to package info.guardianproject.mrapp (protectionLevel=18 flags=0x58be46)
W/PackageManager( 390): Not granting permission android.permission.READ_LOGS to package com.anydo (protectionLevel=50 flags=0x9be44)
W/PackageManager( 390): Unknown permission com.todoroo.astrid.READ in package com.anydo
W/PackageManager( 390): Unknown permission android.permission.READ_MEDIA_STORAGE in package org.witness.sscphase1
W/PackageManager( 390): Not granting permission android.permission.WRITE_MEDIA_STORAGE to package org.witness.sscphase1 (protectionLevel=18 flags=0x8be44)
W/PackageManager( 390): Unknown permission android.permission.WRITE_SYNC_STATS in package com.google.android.apps.docs
W/PackageManager( 390): Not granting permission android.permission.READ_LOGS to package com.lookout (protectionLevel=50 flags=0x83e44)
W/PackageManager( 390): Unknown permission android.permission.READ_OWNER_DATA in package com.lookout
W/PackageManager( 390): Not granting permission android.permission.ACCESS_CHECKIN_PROPERTIES to package com.google.android.apps.googlevoice (protectionLevel=18 flags=0x8be44)
W/PackageManager( 390): Unknown permission com.google.android.apps.googlevoice.REMOTE_INTENT in package com.google.android.apps.googlevoice
W/PackageManager( 390): Unknown permission com.google.android.permission.RECEIVE_DATA_MESSAGE in package com.google.android.apps.googlevoice
W/PackageManager( 390): Unknown permission com.google.android.permission.SEND_DATA_MESSAGE in package com.google.android.apps.googlevoice
W/PackageManager( 390): Unknown permission com.android.providers.voicemail.permission.READ_WRITE_ALL_VOICEMAIL in package com.google.android.apps.googlevoice
W/PackageManager( 390): Unknown permission com.android.providers.voicemail.permission.READ_WRITE_OWN_VOICEMAIL in package com.google.android.apps.googlevoice
W/PackageManager( 390): Not granting permission android.permission.SET_ORIENTATION to package com.vimeo.android.videoapp (protectionLevel=2 flags=0x8be44)
W/PackageManager( 390): Not granting permission android.permission.CLEAR_APP_USER_DATA to package com.vimeo.android.videoapp (protectionLevel=2 flags=0x8be44)
W/PackageManager( 390): Unknown permission com.sec.android.permission.PERSONAL_MEDIA in package com.vimeo.android.videoapp
W/PackageManager( 390): Unknown permission android.permission.RUN_INSTRUMENTATION in package com.freshbooks.android
W/PackageManager( 390): Not granting permission android.permission.MODIFY_PHONE_STATE to package org.thoughtcrime.redphone (protectionLevel=18 flags=0x8be44)
W/PackageManager( 390): Not granting permission android.permission.CALL_PRIVILEGED to package org.thoughtcrime.redphone (protectionLevel=18 flags=0x8be44)
W/PackageManager( 390): Unknown permission android.permission.RAISED_THREAD_PRIORITY in package org.thoughtcrime.redphone
W/PackageManager( 390): Unknown permission android.permission.READ_CALL_STATE in package org.thoughtcrime.redphone
W/PackageManager( 390): Not granting permission android.permission.READ_LOGS to package org.thoughtcrime.redphone (protectionLevel=50 flags=0x8be44)
W/PackageManager( 390): Not granting permission android.permission.READ_LOGS to package org.jtb.alogrec (protectionLevel=50 flags=0x8be44)
W/PackageManager( 390): Not granting permission android.permission.BIND_APPWIDGET to package com.teslacoilsw.launcher (protectionLevel=18 flags=0x48be44)
W/PackageManager( 390): Unknown permission com.htc.launcher.permission.READ_SETTINGS in package com.teslacoilsw.launcher
W/PackageManager( 390): Unknown permission com.cyanogenmod.trebuchet.permission.READ_SETTINGS in package com.teslacoilsw.launcher
W/PackageManager( 390): Unknown permission org.adw.launcher.permission.READ_SETTINGS in package com.teslacoilsw.launcher
W/PackageManager( 390): Unknown permission org.adwfreak.launcher.permission.READ_SETTINGS in package com.teslacoilsw.launcher
W/PackageManager( 390): Unknown permission com.anddoes.launcher.permission.READ_SETTINGS in package com.teslacoilsw.launcher
W/PackageManager( 390): Unknown permission com.amazon.dcp.sso.permission.USE_DEVICE_CREDENTIALS in package com.amazon.mShop.android
W/PackageManager( 390): Unknown permission baydin.boomerang.gcm.permission.C2D_MESSAGE in package com.baydin.boomerang
W/PackageManager( 390): Unknown permission com.facebook.wakizashi.provider.ACCESS in package com.facebook.pages.app
W/PackageManager( 390): Unknown permission com.sec.android.provider.badge.permission.READ in package com.facebook.orca
W/PackageManager( 390): Unknown permission com.sec.android.provider.badge.permission.WRITE in package com.facebook.orca
W/PackageManager( 390): Unknown permission com.htc.launcher.permission.UPDATE_SHORTCUT in package com.facebook.orca
W/PackageManager( 390): Unknown permission com.htc.launcher.permission.READ_SETTINGS in package com.facebook.orca
W/PackageManager( 390): Unknown permission com.sonyericsson.home.permission.BROADCAST_BADGE in package com.facebook.orca
W/PackageManager( 390): Not granting permission android.permission.SEND_DOWNLOAD_COMPLETED_INTENTS to package com.android.vending (protectionLevel=2 flags=0xabec5)
W/PackageManager( 390): Not granting permission android.permission.WRITE_SECURE_SETTINGS to package com.android.vending (protectionLevel=50 flags=0xabec5)
W/PackageManager( 390): Not granting permission android.permission.READ_DREAM_STATE to package com.google.android.gsf (protectionLevel=2 flags=0x83e45)
D/dalvikvm( 390): GC_CONCURRENT freed 991K, 7% free 14766K/15780K, paused 3ms+5ms, total 65ms
D/dalvikvm( 390): WAIT_FOR_CONCURRENT_GC blocked 42ms
D/dalvikvm( 390): GC_EXPLICIT freed 336K, 8% free 14555K/15800K, paused 1ms+5ms, total 87ms
I/SystemServer( 390): User Service
I/SystemServer( 390): Account Manager
I/ActivityThread( 390): Pub settings: com.android.providers.settings.SettingsProvider
I/SystemServer( 390): Content Manager
I/SystemServer( 390): System Content Providers
D/SettingsProvider( 390): cache for settings table 'global' rows=50; fullycached=true
D/SettingsProvider( 390): cache for settings table 'secure' rows=55; fullycached=true
D/SettingsProvider( 390): cache for settings table 'system' rows=53; fullycached=true
I/libsuspend( 390): Selected early suspend
I/libsuspend( 390): Starting early suspend unblocker thread
D/PermissionCache( 129): checking android.permission.ACCESS_SURFACE_FLINGER for uid=1000 => granted (274 us)
D/SurfaceFlinger( 129): Screen acquired, type=0 flinger=0x40f07318
D/SurfaceFlinger( 129): screen was previously acquired
D/AlarmManagerService( 390): Kernel timezone updated to 420 minutes west of GMT
I/SystemServer( 390): Lights Service
I/SystemServer( 390): Battery Service
I/SystemServer( 390): Vibrator Service
I/SystemServer( 390): Alarm Manager
I/SystemServer( 390): Init Watchdog
I/SystemServer( 390): Input Manager
I/InputManager( 390): Initializing input manager, mUseDevInputEventForAudioJack=false
I/SystemServer( 390): Window Manager
I/InputManager( 390): Starting input manager
D/EventHub( 390): No input device configuration file found for device 'lightsensor-level'.
D/BluetoothManagerService( 390): Loading stored name and address
D/BluetoothManagerService( 390): Stored bluetooth Name=Galaxy Nexus 2,Address=04:FE:31:F6:55:F7
D/BluetoothManagerService( 390): airplaneModeOn: true bluetoothOn: false
I/SystemServer( 390): Bluetooth Manager Service
I/SystemServer( 390): Input Method Service
W/InputMethodManagerService( 390): Couldn't create dir.: /data/system/inputmethod
D/EventHub( 390): No input device configuration file found for device 'proximity'.
D/EventHub( 390): No input device configuration file found for device 'tuna-gpio-keypad'.
I/EventHub( 390): New device: id=3, fd=105, path='/dev/input/event2', name='tuna-gpio-keypad', classes=0x1, configuration='', keyLayout='/system/usr/keylayout/tuna-gpio-keypad.kl', keyCharacterMap='/system/usr/keychars/tuna-gpio-keypad.kcm', builtinKeyboard=false, usingSuspendBlockIoctl=true, usingClockIoctl=false
D/EventHub( 390): No input device configuration file found for device 'barometer'.
I/SystemServer( 390): Accessibility Manager
I/ActivityManager( 390): Config changed: {1.0 ?mcc?mnc en_US ldltr sw360dp w360dp h567dp 320dpi nrml port ?uimode ?night -touch -keyb/v/h -nav/h s.2}
D/EventHub( 390): No input device configuration file found for device 'Tuna Headset Jack'.
I/EventHub( 390): New device: id=5, fd=107, path='/dev/input/event5', name='Tuna Headset Jack', classes=0x80, configuration='', keyLayout='', keyCharacterMap='', builtinKeyboard=false, usingSuspendBlockIoctl=true, usingClockIoctl=false
I/EventHub( 390): New device: id=6, fd=108, path='/dev/input/event1', name='Melfas MMSxxx Touchscreen', classes=0x14, configuration='/system/usr/idc/Melfas_MMSxxx_Touchscreen.idc', keyLayout='', keyCharacterMap='', builtinKeyboard=false, usingSuspendBlockIoctl=true, usingClockIoctl=false
I/InputReader( 390): Device added: id=-1, name='Virtual', sources=0x00000301
I/InputReader( 390): Touch device 'Melfas MMSxxx Touchscreen' could not query the properties of its associated display. The device will be inoperable until the display size becomes available.
I/InputReader( 390): Device added: id=6, name='Melfas MMSxxx Touchscreen', sources=0x00001002
I/InputReader( 390): Device added: id=5, name='Tuna Headset Jack', sources=0x80000000
I/InputReader( 390): Device added: id=3, name='tuna-gpio-keypad', sources=0x00000101
I/InputReader( 390): Reconfiguring input devices. changes=0x00000004
I/InputReader( 390): Device reconfigured: id=6, name='Melfas MMSxxx Touchscreen', size 720x1280, orientation 0, mode 1, display id 0
I/ActivityManager( 390): Config changed: {1.0 ?mcc?mnc en_US ldltr sw360dp w360dp h567dp 320dpi nrml port ?uimode ?night finger -keyb/v/h -nav/h s.3}
I/SystemServer( 390): Mount Service
D/MountService( 390): got storage path: null description: Internal storage primary: false removable: false emulated: true mtpReserve: 100 allowMassStorage: false maxFileSize: 0
D/MountService( 390): addVolumeLocked() StorageVolume [mStorageId=65537 mPath=/storage/emulated/0 mDescriptionId=17040613 mPrimary=true mRemovable=false mEmulated=true mMtpReserveSpace=100 mAllowMassStorage=false mMaxFileSize=0 mOwner=UserHandle{0}]
I/SystemServer( 390): LockSettingsService
I/SystemServer( 390): Device Policy
I/SystemServer( 390): Status Bar
I/SystemServer( 390): Clipboard Service
I/SystemServer( 390): NetworkManagement Service
D/VoldCmdListener( 122): volume list
D/VoldCmdListener( 122): asec list
D/VoldCmdListener( 122): asec fspath nz.co.activedevelopment.picframe_android-1
I/SystemServer( 390): Text Service Manager Service
D/VoldCmdListener( 122): asec path nz.co.activedevelopment.picframe_android-1
D/VoldCmdListener( 122): asec fspath org.bbqdroid.bbqscreen-1
D/VoldCmdListener( 122): asec path org.bbqdroid.bbqscreen-1
D/VoldCmdListener( 122): asec fspath ch.teamtasks.tasks.paid-2
D/VoldCmdListener( 122): asec path ch.teamtasks.tasks.paid-2
D/VoldCmdListener( 122): asec mount ch.teamtasks.tasks.paid-2 {} 1000
I/SystemServer( 390): NetworkStats Service
I/SystemServer( 390): NetworkPolicy Service
I/SystemServer( 390): Wi-Fi P2pService
I/SystemServer( 390): Wi-Fi Service
I/SystemServer( 390): Connectivity Service
D/ConnectivityService( 390): ConnectivityService starting up
E/ConnectivityService( 390): Ignoring protectedNetwork 10
E/ConnectivityService( 390): Ignoring protectedNetwork 11
E/ConnectivityService( 390): Ignoring protectedNetwork 12
D/BluetoothTethering( 390): startMonitoring: target: Handler (com.android.server.ConnectivityService$NetworkStateTrackerHandler) {41cb6d18}
D/BluetoothManagerService( 390): Message: 20
D/BluetoothManagerService( 390): Added callback: android.bluetooth.BluetoothAdapter$1@41cf4a30:true
D/BluetoothManagerService( 390): Message: 30
D/BluetoothPan( 390): BluetoothPan() call bindService
D/BluetoothPan( 390): BluetoothPan(), bindService called
W/ApplicationContext( 390): Calling a method in the system process without a qualified user: android.app.ContextImpl.bindService:1406 android.bluetooth.BluetoothPan.:141 android.bluetooth.BluetoothAdapter.getProfileProxy:1164
E/MobileDataStateTracker( 390): default: Ignoring feature request because could not acquire PhoneService
E/MobileDataStateTracker( 390): default: Could not enable APN type "default"
I/WifiService( 390): WifiService starting up with Wi-Fi disabled
I/SystemServer( 390): Network Service Discovery Service
D/NsdService( 390): Network service discovery enabled true
I/SystemServer( 390): Throttle Service
I/SystemServer( 390): UpdateLock Service
D/VoldCmdListener( 122): asec path ch.teamtasks.tasks.paid-2
I/PackageManager( 390): Linking native library dir for /mnt/asec/ch.teamtasks.tasks.paid-2/pkg.apk
D/VoldCmdListener( 122): asec fixperms ch.teamtasks.tasks.paid-2 50120 pkg.apk
D/VoldCmdListener( 122): asec mount org.bbqdroid.bbqscreen-1 {} 1000
D/VoldCmdListener( 122): asec path org.bbqdroid.bbqscreen-1
I/PackageManager( 390): Linking native library dir for /mnt/asec/org.bbqdroid.bbqscreen-1/pkg.apk
D/VoldCmdListener( 122): asec fixperms org.bbqdroid.bbqscreen-1 50147 pkg.apk
D/VoldCmdListener( 122): asec mount nz.co.activedevelopment.picframe_android-1 {} 1000
D/VoldCmdListener( 122): asec path nz.co.activedevelopment.picframe_android-1
I/PackageManager( 390): Linking native library dir for /mnt/asec/nz.co.activedevelopment.picframe_android-1/pkg.apk
D/VoldCmdListener( 122): asec fixperms nz.co.activedevelopment.picframe_android-1 50113 pkg.apk
W/PackageManager( 390): Unknown permission javax.microedition.gba.USE_GBA_SERVICE in package com.tmobile.selfhelp
W/PackageManager( 390): Not granting permission android.permission.SEND_DOWNLOAD_COMPLETED_INTENTS to package com.google.android.browser (protectionLevel=2 flags=0x89be45)
W/PackageManager( 390): Unknown permission com.dsi.ant.permission.ANT in package com.google.android.maps.mytracks
W/PackageManager( 390): Unknown permission com.dsi.ant.permission.ANT_ADMIN in package com.google.android.maps.mytracks
W/PackageManager( 390): Unknown permission android.permission.ADD_SYSTEM_SERVICE in package com.android.phone
W/PackageManager( 390): Unknown permission com.android.smspush.WAPPUSH_MANAGER_BIND in package com.android.phone
W/PackageManager( 390): Unknown permission com.android.vending.billing.IBillingAccountService.BIND2 in package com.google.android.gsf.login
W/PackageManager( 390): Unknown permission com.android.gallery3d.permission.GALLERY_PROVIDER in package com.android.bluetooth
W/PackageManager( 390): Not granting permission android.permission.READ_LOGS to package com.csipsimple (protectionLevel=50 flags=0x89be44)
W/PackageManager( 390): Not granting permission android.permission.READ_FRAME_BUFFER to package com.instagram.android (protectionLevel=18 flags=0x88be64)
W/PackageManager( 390): Not granting permission android.permission.SET_ORIENTATION to package com.instagram.android (protectionLevel=2 flags=0x88be64)
W/PackageManager( 390): Unknown permission android.permission.ACCESS_COARSE_UPDATES in package com.handmark.expressweather
W/PackageManager( 390): Unknown permission android.permission.NETWORK in package com.trello
W/PackageManager( 390): Not granting permission android.permission.DEVICE_POWER to package com.google.android.deskclock (protectionLevel=2 flags=0x88be45)
W/PackageManager( 390): Unknown permission android.permission.LOCATION_HARDWARE in package com.google.android.gms
W/PackageManager( 390): Not granting permission android.permission.READ_LOGS to package com.tapmojo.gifboom (protectionLevel=50 flags=0x18be44)
W/PackageManager( 390): Unknown permission android.permission.READ_OWNER_DATA in package com.google.android.setupwizard
W/PackageManager( 390): Unknown permission android.permission.WRITE_OWNER_DATA in package com.google.android.setupwizard
W/PackageManager( 390): Unknown permission org.ale.openwatch.permission.MAPS_RECEIVE in package org.ale.openwatch
W/PackageManager( 390): Unknown permission com.google.android.voicesearch.SHORTCUTS_ACCESS in package com.google.android.googlequicksearchbox
W/PackageManager( 390): Unknown permission com.google.android.apps.maps.permission.PREFETCH in package com.google.android.googlequicksearchbox
W/PackageManager( 390): Unknown permission com.google.android.apps.googlevoice.permission.AUTO_SEND in package com.google.android.googlequicksearchbox
W/PackageManager( 390): Unknown permission com.sec.android.provider.badge.permission.READ in package com.facebook.katana
W/PackageManager( 390): Unknown permission com.sec.android.provider.badge.permission.WRITE in package com.facebook.katana
W/PackageManager( 390): Unknown permission com.htc.launcher.permission.UPDATE_SHORTCUT in package com.facebook.katana
W/PackageManager( 390): Unknown permission com.sonyericsson.home.permission.BROADCAST_BADGE in package com.facebook.katana
W/PackageManager( 390): Unknown permission com.sec.android.app.launcher.READ_SETTINGS in package com.facebook.katana
W/PackageManager( 390): Unknown permission com.sec.android.app.twlauncher.READ_SETTINGS in package com.facebook.katana
W/PackageManager( 390): Unknown permission com.htc.launcher.permission.READ_SETTINGS in package com.facebook.katana
W/PackageManager( 390): Not granting permission android.permission.READ_LOGS to package org.jtb.alogcat (protectionLevel=50 flags=0x88be44)
W/PackageManager( 390): Not granting permission android.permission.ACCOUNT_MANAGER to package com.google.android.music (protectionLevel=2 flags=0x88bee5)
W/PackageManager( 390): Unknown permission android.permission.READ_MEDIA_STORAGE in package info.guardianproject.mrapp
W/PackageManager( 390): Not granting permission android.permission.MOUNT_UNMOUNT_FILESYSTEMS to package info.guardianproject.mrapp (protectionLevel=18 flags=0xd8be46)
W/PackageManager( 390): Not granting permission android.permission.READ_LOGS to package com.anydo (protectionLevel=50 flags=0x89be44)
W/PackageManager( 390): Unknown permission com.todoroo.astrid.READ in package com.anydo
W/PackageManager( 390): Unknown permission android.permission.READ_MEDIA_STORAGE in package org.witness.sscphase1
W/PackageManager( 390): Not granting permission android.permission.WRITE_MEDIA_STORAGE to package org.witness.sscphase1 (protectionLevel=18 flags=0x88be44)
W/PackageManager( 390): Unknown permission android.permission.WRITE_SYNC_STATS in package com.google.android.apps.docs
W/PackageManager( 390): Not granting permission android.permission.READ_LOGS to package com.lookout (protectionLevel=50 flags=0x83e44)
W/PackageManager( 390): Unknown permission android.permission.READ_OWNER_DATA in package com.lookout
W/PackageManager( 390): Not granting permission android.permission.ACCESS_CHECKIN_PROPERTIES to package com.google.android.apps.googlevoice (protectionLevel=18 flags=0x88be44)
W/PackageManager( 390): Unknown permission com.google.android.apps.googlevoice.REMOTE_INTENT in package com.google.android.apps.googlevoice
W/PackageManager( 390): Unknown permission com.google.android.permission.RECEIVE_DATA_MESSAGE in package com.google.android.apps.googlevoice
W/PackageManager( 390): Unknown permission com.google.android.permission.SEND_DATA_MESSAGE in package com.google.android.apps.googlevoice
W/PackageManager( 390): Unknown permission com.android.providers.voicemail.permission.READ_WRITE_ALL_VOICEMAIL in package com.google.android.apps.googlevoice
W/PackageManager( 390): Unknown permission com.android.providers.voicemail.permission.READ_WRITE_OWN_VOICEMAIL in package com.google.android.apps.googlevoice
W/PackageManager( 390): Not granting permission android.permission.SET_ORIENTATION to package com.vimeo.android.videoapp (protectionLevel=2 flags=0x8be44)
W/PackageManager( 390): Not granting permission android.permission.CLEAR_APP_USER_DATA to package com.vimeo.android.videoapp (protectionLevel=2 flags=0x8be44)
W/PackageManager( 390): Unknown permission com.sec.android.permission.PERSONAL_MEDIA in package com.vimeo.android.videoapp
W/PackageManager( 390): Unknown permission android.permission.RUN_INSTRUMENTATION in package com.freshbooks.android
W/PackageManager( 390): Not granting permission android.permission.MODIFY_PHONE_STATE to package org.thoughtcrime.redphone (protectionLevel=18 flags=0x8be44)
W/PackageManager( 390): Not granting permission android.permission.CALL_PRIVILEGED to package org.thoughtcrime.redphone (protectionLevel=18 flags=0x8be44)
W/PackageManager( 390): Unknown permission android.permission.RAISED_THREAD_PRIORITY in package org.thoughtcrime.redphone
W/PackageManager( 390): Unknown permission android.permission.READ_CALL_STATE in package org.thoughtcrime.redphone
W/PackageManager( 390): Not granting permission android.permission.READ_LOGS to package org.thoughtcrime.redphone (protectionLevel=50 flags=0x8be44)
W/PackageManager( 390): Not granting permission android.permission.READ_LOGS to package org.jtb.alogrec (protectionLevel=50 flags=0x8be44)
W/PackageManager( 390): Not granting permission android.permission.BIND_APPWIDGET to package com.teslacoilsw.launcher (protectionLevel=18 flags=0xc8be44)
W/PackageManager( 390): Unknown permission com.htc.launcher.permission.READ_SETTINGS in package com.teslacoilsw.launcher
W/PackageManager( 390): Unknown permission com.cyanogenmod.trebuchet.permission.READ_SETTINGS in package com.teslacoilsw.launcher
W/PackageManager( 390): Unknown permission org.adw.launcher.permission.READ_SETTINGS in package com.teslacoilsw.launcher
W/PackageManager( 390): Unknown permission org.adwfreak.launcher.permission.READ_SETTINGS in package com.teslacoilsw.launcher
W/PackageManager( 390): Unknown permission com.anddoes.launcher.permission.READ_SETTINGS in package com.teslacoilsw.launcher
W/PackageManager( 390): Unknown permission com.amazon.dcp.sso.permission.USE_DEVICE_CREDENTIALS in package com.amazon.mShop.android
W/PackageManager( 390): Unknown permission baydin.boomerang.gcm.permission.C2D_MESSAGE in package com.baydin.boomerang
W/PackageManager( 390): Unknown permission com.facebook.wakizashi.provider.ACCESS in package com.facebook.pages.app
W/PackageManager( 390): Unknown permission com.sec.android.provider.badge.permission.READ in package com.facebook.orca
