D/dalvikvm( 1693): GC_CONCURRENT freed 168K, 3% free 9169K/9364K, paused 13ms+4ms, total 53ms
D/dalvikvm( 1693): WAIT_FOR_CONCURRENT_GC blocked 4ms
I/ActivityManager( 390): No longer want com.google.android.youtube (pid 1150): empty #17
D/dalvikvm( 1626): GC_CONCURRENT freed 282K, 4% free 10063K/10380K, paused 3ms+12ms, total 44ms
D/dalvikvm( 1626): WAIT_FOR_CONCURRENT_GC blocked 2ms
D/dalvikvm( 1677): Trying to load lib /data/app-lib/com.yahoo.mobile.client.android.flickr-2/libyahoo_ymagine.so 0x41675268
D/dalvikvm( 1693): GC_CONCURRENT freed 142K, 2% free 9515K/9696K, paused 1ms+8ms, total 30ms
D/dalvikvm( 1677): Added shared lib /data/app-lib/com.yahoo.mobile.client.android.flickr-2/libyahoo_ymagine.so 0x41675268
D/ymagine::jni( 1677): Register start
D/yosal::jni( 1677): Registered native API for 'com/yahoo/mobile/client/android/ymagine/BitmapFactory'
E/dalvikvm( 1677): ERROR: couldn't find native method
E/dalvikvm( 1677): Requested: Lcom/yahoo/mobile/client/android/ymagine/Detector;.native_load_model:(Ljava/lang/String;)I
E/yosal::jni( 1677): RegisterNatives failed for 'com/yahoo/mobile/client/android/ymagine/Detector'
D/ymagine::jni( 1677): Register completed
D/dalvikvm( 1626): GC_CONCURRENT freed 148K, 2% free 10405K/10604K, paused 3ms+4ms, total 42ms
D/dalvikvm( 1626): WAIT_FOR_CONCURRENT_GC blocked 22ms
D/dalvikvm( 1626): GC_FOR_ALLOC freed 288K, 4% free 10516K/10868K, paused 21ms, total 22ms
D/dalvikvm( 1626): GC_FOR_ALLOC freed 62K, 3% free 10580K/10868K, paused 20ms, total 20ms
I/ActivityThread( 1693): Pub com.joelapenna.foursquared: com.joelapenna.foursquared.providers.GlobalSearchProvider
D/dalvikvm( 1626): GC_FOR_ALLOC freed 126K, 4% free 10708K/11124K, paused 19ms, total 20ms
I/ActivityThread( 1693): Pub com.joelapenna.foursquared.providers.VenueQuerySuggestionsProvider: com.joelapenna.foursquared.providers.VenueQuerySuggestionsProvider
D/dalvikvm( 1677): GC_CONCURRENT freed 225K, 3% free 9592K/9864K, paused 3ms+2ms, total 21ms
I/ActivityThread( 1693): Pub com.joelapenna.foursquared.providers.AppSearchSuggestionProvider: com.joelapenna.foursquared.providers.AppSearchSuggestionProvider
D/dalvikvm( 1677): WAIT_FOR_CONCURRENT_GC blocked 13ms
I/ActivityThread( 1693): Pub com.joelapenna.foursquared.providers.foursquarebridgeprovider: com.joelapenna.foursquared.providers.FoursquareBridgeProvider
I/ActivityThread( 1693): Pub com.joelapenna.foursquared.providers.FriendsSearchSuggestionProvider: com.joelapenna.foursquared.providers.FriendsSearchSuggestionProvider
D/dalvikvm( 1626): GC_FOR_ALLOC freed 373K, 5% free 10791K/11336K, paused 25ms, total 25ms
D/dalvikvm( 1626): GC_FOR_ALLOC freed 126K, 4% free 10919K/11336K, paused 22ms, total 22ms
D/dalvikvm( 1626): GC_FOR_ALLOC freed 369K, 5% free 11001K/11548K, paused 27ms, total 27ms
D/dalvikvm( 1626): GC_FOR_ALLOC freed 126K, 4% free 11129K/11548K, paused 24ms, total 24ms
D/dalvikvm( 1626): GC_CONCURRENT freed 374K, 4% free 11527K/11928K, paused 3ms+2ms, total 35ms
D/dalvikvm( 1626): WAIT_FOR_CONCURRENT_GC blocked 11ms
D/dalvikvm( 1693): GC_CONCURRENT freed 293K, 4% free 9647K/10048K, paused 3ms+1ms, total 19ms
D/dalvikvm( 1693): WAIT_FOR_CONCURRENT_GC blocked 7ms
D/dalvikvm( 1693): GC_CONCURRENT freed 405K, 5% free 9640K/10088K, paused 3ms+2ms, total 25ms
D/TaskDispatcher( 1677): finish com.yahoo.mobile.client.android.flickr.cache.r1097863240 threadID:160 id: null
D/dalvikvm( 1626): GC_CONCURRENT freed 197K, 2% free 12236K/12460K, paused 3ms+3ms, total 33ms
D/dalvikvm( 1626): WAIT_FOR_CONCURRENT_GC blocked 6ms
I/ActivityManager( 390): Start proc com.youneedabudget.ynab.app.market for broadcast com.youneedabudget.ynab.app.market/com.youneedabudget.ynab.core.app.RebootReceiver: pid=1722 uid=10114 gids={50114, 3003, 1015, 1028}
I/ActivityManager( 390): No longer want com.google.android.talk (pid 1281): empty #17
V/GCMRegistrar( 1523): Is registered on server: true
D/dalvikvm( 1677): GC_CONCURRENT freed 212K, 3% free 9890K/10132K, paused 1ms+2ms, total 124ms
D/dalvikvm( 1677): WAIT_FOR_CONCURRENT_GC blocked 22ms
I/YNAB ( 1722): ILog class reloaded
D/dalvikvm( 1722): GC_CONCURRENT freed 231K, 3% free 9003K/9264K, paused 7ms+2ms, total 44ms
I/SyncMode( 1722): Setting sync mode to 1
D/dalvikvm( 1626): GC_CONCURRENT freed 651K, 6% free 12726K/13404K, paused 2ms+4ms, total 86ms
D/dalvikvm( 1626): WAIT_FOR_CONCURRENT_GC blocked 47ms
I/ActivityManager( 390): Start proc com.google.android.maps.mytracks for broadcast com.google.android.maps.mytracks/com.google.android.apps.mytracks.BootReceiver: pid=1738 uid=10068 gids={50068, 3002, 3001, 3003, 1028, 1015}
I/ActivityManager( 390): No longer want com.facebook.katana:providers (pid 1204): empty #17
I/ActivityThread( 1738): Pub com.google.android.maps.mytracks.search: com.google.android.apps.mytracks.content.SearchEngineProvider
D/dalvikvm( 1677): GC_CONCURRENT freed 355K, 4% free 10041K/10428K, paused 5ms+10ms, total 41ms
D/dalvikvm( 1677): WAIT_FOR_CONCURRENT_GC blocked 3ms
I/ActivityThread( 1738): Pub com.google.android.maps.mytracks: com.google.android.apps.mytracks.content.MyTracksProvider
D/MyTracks( 1738): BootReceiver.onReceive: android.intent.action.BOOT_COMPLETED
I/ActivityManager( 390): Start proc ch.teamtasks.tasks.paid for broadcast ch.teamtasks.tasks.paid/ch.teamtasks.tasks.reminder.ReminderBroadcastReceiver: pid=1750 uid=10120 gids={50120, 3003, 1028}
D/dalvikvm( 1738): GC_CONCURRENT freed 179K, 3% free 9041K/9248K, paused 4ms+1ms, total 30ms
D/PeriodicTaskExecutor( 1738): Not recording or paused.
D/PeriodicTaskExecutor( 1738): Not recording or paused.
D/TrackRecordingService( 1738): Not resuming. Track is null.
I/TrackRecordingService( 1738): Stop resume track.
D/dalvikvm( 1677): GC_CONCURRENT freed 436K, 5% free 10104K/10576K, paused 28ms+1ms, total 146ms
D/dalvikvm( 1677): WAIT_FOR_CONCURRENT_GC blocked 15ms
D/TaskDispatcher( 1677): finish com.yahoo.mobile.client.android.flickr.cache.r1097594848 threadID:162 id: null
I/ActivityManager( 390): No longer want com.google.android.gm (pid 1308): empty #17
D/dalvikvm( 1626): GC_CONCURRENT freed 979K, 8% free 13051K/14056K, paused 4ms+2ms, total 128ms
D/dalvikvm( 1626): WAIT_FOR_CONCURRENT_GC blocked 87ms
D/dalvikvm( 1750): GC_CONCURRENT freed 163K, 3% free 9131K/9324K, paused 8ms+3ms, total 31ms
I/ActivityThread( 1750): Pub ch.teamtasks.tasks.paid.provider: ch.teamtasks.tasks.data.impl.ContentProvider
I/ActivityThread( 1750): Pub ch.teamtasks.tasks.paid: ch.teamtasks.tasks.db.DummyTaskProvider
I/ActivityManager( 390): Start proc com.google.android.apps.currents for broadcast com.google.android.apps.currents/com.google.apps.dots.android.dotslib.service.MediaButtonIntentReceiver: pid=1801 uid=10062 gids={50062, 3003, 1015, 1028}
I/ActivityManager( 390): No longer want com.google.android.partnersetup (pid 1060): empty #17
D/dalvikvm( 1626): GC_CONCURRENT freed 1031K, 8% free 13309K/14400K, paused 3ms+3ms, total 48ms
I/ActivityThread( 1801): Pub com.google.android.apps.currents.searchSuggestion: com.google.apps.dots.android.currents.provider.CurrentsSuggestionProvider
I/ActivityThread( 1801): Pub com.google.android.apps.currents: com.google.apps.dots.android.currents.provider.CurrentsContentProvider
D/dalvikvm( 553): GC_CONCURRENT freed 384K, 5% free 9375K/9832K, paused 3ms+3ms, total 29ms
D/dalvikvm( 1801): GC_CONCURRENT freed 164K, 3% free 9094K/9284K, paused 4ms+8ms, total 49ms
D/ActivityThread( 1801): Loading provider com.google.android.apps.currents: com.google.apps.dots.android.currents.provider.CurrentsContentProvider
D/LightsService( 390): Excessive delay setting light: 67ms
W/GAV2 ( 1801): Thread[main,5,main]: Need to call initialize() and be in fallback mode to start dispatch.
D/dalvikvm( 1801): GC_CONCURRENT freed 336K, 4% free 9222K/9588K, paused 2ms+3ms, total 23ms
I/ActivityThread( 1801): Pub com.google.android.apps.currents.exported: com.google.apps.dots.android.currents.provider.CurrentsExportedContentProvider
I/DotsApplication( 1801): Starting up...
I/Recovery( 759): Received: Intent { act=com.google.android.gms.INITIALIZE flg=0x10 pkg=com.google.android.gms cmp=com.google.android.gms/.recovery.AccountRecoveryBackgroundService$Receiver }
D/GCM ( 740): GcmService start Intent { act=com.google.android.gms.INITIALIZE flg=0x10 pkg=com.google.android.gms cmp=com.google.android.gms/.gcm.GcmService } com.google.android.gms.INITIALIZE
I/Recovery( 759): Received: Intent { act=com.google.android.gms.INITIALIZE flg=0x10 pkg=com.google.android.gms cmp=com.google.android.gms/.recovery.AccountRecoveryBackgroundService$Receiver }
D/GCM ( 740): GcmService start Intent { act=com.google.android.gms.INITIALIZE flg=0x10 pkg=com.google.android.gms cmp=com.google.android.gms/.gcm.GcmService } com.google.android.gms.INITIALIZE
I/ActivityManager( 390): Start proc com.google.android.deskclock for broadcast com.google.android.deskclock/com.android.alarmclock.DigitalAppWidgetProvider: pid=1829 uid=10010 gids={50010, 1028}
D/dalvikvm( 759): GC_CONCURRENT freed 400K, 5% free 9220K/9648K, paused 4ms+1ms, total 68ms
I/ActivityThread( 1829): Pub com.android.deskclock: com.android.deskclock.AlarmProvider
I/ActivityManager( 390): No longer want com.google.android.googlequicksearchbox (pid 1343): empty #17
D/BluetoothAdapter( 732): 1097473040: getState() : mService = null. Returning STATE_OFF
I/ActivityManager( 390): Start proc bbc.mobile.news.ww for broadcast bbc.mobile.news.ww/bbc.mobile.news.widget.GridViewWidgetProvider: pid=1844 uid=10069 gids={50069, 3003, 1028}
D/dalvikvm( 130): GC_EXPLICIT freed 39K, 1% free 8825K/8892K, paused 1ms+3ms, total 23ms
D/dalvikvm( 130): GC_EXPLICIT freed <1K, 1% free 8825K/8892K, paused 1ms+2ms, total 20ms
D/dalvikvm( 130): GC_EXPLICIT freed <1K, 1% free 8825K/8892K, paused 1ms+2ms, total 18ms
I/ActivityManager( 390): Start proc com.android.providers.calendar for content provider com.android.providers.calendar/.CalendarProvider2: pid=1856 uid=10005 gids={50005, 3003, 1015, 1028}
I/ActivityThread( 1856): Pub com.android.calendar: com.android.providers.calendar.CalendarProvider2
D/dalvikvm( 553): GC_CONCURRENT freed 389K, 5% free 9375K/9832K, paused 4ms+2ms, total 43ms
D/dalvikvm( 1844): GC_CONCURRENT freed 256K, 4% free 9082K/9364K, paused 6ms+5ms, total 35ms
D/dalvikvm( 1844): WAIT_FOR_CONCURRENT_GC blocked 1ms
D/dalvikvm( 1844): GC_FOR_ALLOC freed 322K, 4% free 9246K/9612K, paused 15ms, total 15ms
D/dalvikvm( 390): GC_EXPLICIT freed 794K, 7% free 22724K/24312K, paused 3ms+9ms, total 113ms
D/dalvikvm( 1844): GC_CONCURRENT freed 75K, 2% free 9434K/9612K, paused 3ms+3ms, total 32ms
D/dalvikvm( 1844): GC_CONCURRENT freed 266K, 3% free 9604K/9900K, paused 2ms+6ms, total 21ms
D/dalvikvm( 1844): GC_CONCURRENT freed 279K, 4% free 9749K/10056K, paused 3ms+1ms, total 23ms
D/BXCF ( 1844): Preparing loop...
D/BXCF ( 1844): Creating handler
D/BXCF ( 1844): Waiting for tasks
V/BXCF ( 1844): Initializing persistent cache
V/BXCF ( 1844): Started read transaction
V/BXCF ( 1844): Obtaining application id
V/BXCF ( 1844): Read-only transaction finished successfully
V/BXCF ( 1844): Started read transaction
V/BXCF ( 1844): Obtaining last alias
V/BXCF ( 1844): Read-only transaction finished successfully
V/BXCF ( 1844): Started read transaction
V/BXCF ( 1844): Obtaining last device name
V/BXCF ( 1844): Read-only transaction finished successfully
D/OpenUDID( 1844): OpenUDID: cb49721da37f70f2
D/BXCF ( 1844): Preparing loop...
D/BXCF ( 1844): Creating handler
D/BXCF ( 1844): Waiting for tasks
V/BXCF ( 1844): Setting up auto-ping alarm
D/dalvikvm( 1750): GC_CONCURRENT freed 320K, 4% free 9246K/9596K, paused 2ms+2ms, total 19ms
D/dalvikvm( 1844): GC_CONCURRENT freed 308K, 4% free 9910K/10248K, paused 3ms+25ms, total 81ms
D/BluetoothAdapter( 732): 1097473040: getState() : mService = null. Returning STATE_OFF
D/dalvikvm( 1829): GC_CONCURRENT freed 213K, 3% free 9008K/9248K, paused 8ms+1ms, total 34ms
D/dalvikvm( 1844): GC_CONCURRENT freed 320K, 4% free 10023K/10440K, paused 5ms+2ms, total 33ms
D/dalvikvm( 1844): WAIT_FOR_CONCURRENT_GC blocked 8ms
I/ActivityManager( 390): Start proc com.facebook.orca for broadcast com.facebook.orca/.chatheads.ChatHeadsServiceBroadcastReceiver: pid=1898 uid=10101 gids={50101, 3003, 1015, 1006, 1028}
I/dalvikvm( 1898): Turning on JNI app bug workarounds for target SDK version 10...
D/dalvikvm( 1844): GC_CONCURRENT freed 353K, 4% free 10171K/10560K, paused 3ms+3ms, total 35ms
D/dalvikvm( 1844): WAIT_FOR_CONCURRENT_GC blocked 4ms
D/dalvikvm( 928): GC_CONCURRENT freed 356K, 7% free 9618K/10260K, paused 6ms+40ms, total 165ms
D/dalvikvm( 1898): GC_CONCURRENT freed 157K, 2% free 9175K/9360K, paused 11ms+3ms, total 32ms
D/dalvikvm( 740): GC_EXPLICIT freed 138K, 3% free 9369K/9628K, paused 1ms+3ms, total 23ms
D/dalvikvm( 1898): GC_CONCURRENT freed 146K, 2% free 9532K/9716K, paused 5ms+1ms, total 28ms
D/dalvikvm( 1898): WAIT_FOR_CONCURRENT_GC blocked 12ms
I/CalendarProvider2( 1856): Sending notification intent: Intent { act=android.intent.action.PROVIDER_CHANGED dat=content://com.android.calendar }
W/ContentResolver( 1856): Failed to get type for: content://com.android.calendar (Unknown URL content://com.android.calendar)
D/ACRA ( 1898): ACRA is enabled for com.facebook.orca, intializing...
D/ACRA ( 1898): Looking for error files in /data/data/com.facebook.orca/app_acra-reports
D/ACRA ( 1898): Looking for error files in /data/data/com.facebook.orca/app_minidumps
D/dalvikvm( 1898): Trying to load lib /data/app-lib/com.facebook.orca-1/libfb_stl_shared.so 0x416763d0
D/dalvikvm( 1898): Added shared lib /data/app-lib/com.facebook.orca-1/libfb_stl_shared.so 0x416763d0
D/dalvikvm( 1898): No JNI_OnLoad found in /data/app-lib/com.facebook.orca-1/libfb_stl_shared.so 0x416763d0, skipping init
D/dalvikvm( 1898): GC_CONCURRENT freed 209K, 3% free 9737K/9992K, paused 3ms+2ms, total 23ms
D/dalvikvm( 1898): Trying to load lib /data/app-lib/com.facebook.orca-1/libfb_breakpad_client.so 0x416763d0
D/dalvikvm( 1898): Added shared lib /data/app-lib/com.facebook.orca-1/libfb_breakpad_client.so 0x416763d0
W/OrcaGuiceModule( 1898): Sig: ijxLJi1yGs1JpL-X1SExmchvork
V/DexLibLoader( 1898): Dex already copied
V/DexLibLoader( 1898): Creating class loader
V/DexLibLoader( 1898): Finished creating class loader
V/DexLibLoader( 1898): Dex already copied
V/DexLibLoader( 1898): Creating class loader
V/DexLibLoader( 1898): Finished creating class loader
V/DexLibLoader( 1898): Dex already copied
V/DexLibLoader( 1898): Creating class loader
V/DexLibLoader( 1898): Finished creating class loader
V/DexLibLoader( 1898): Dex already copied
V/DexLibLoader( 1898): Creating class loader
V/DexLibLoader( 1898): Finished creating class loader
V/DexLibLoader( 1898): Dex already copied
V/DexLibLoader( 1898): Creating class loader
V/DexLibLoader( 1898): Finished creating class loader
V/DexLibLoader( 1898): Dex already copied
V/DexLibLoader( 1898): Creating class loader
V/DexLibLoader( 1898): Finished creating class loader
V/DexLibLoader( 1898): Dex already copied
V/DexLibLoader( 1898): Creating class loader
V/DexLibLoader( 1898): Finished creating class loader
V/DexLibLoader( 1898): Preparing secondary program dexes.
V/DexLibLoader( 1898): No metadata found.
D/DexLibLoader( 1898): DexLibLoader.ensureDexLoaded took 94 ms
I/GCoreUlr( 698): Ensuring that reporting is active
D/dalvikvm( 1898): GC_CONCURRENT freed 190K, 3% free 10046K/10276K, paused 2ms+3ms, total 19ms
D/dalvikvm( 1898): WAIT_FOR_CONCURRENT_GC blocked 6ms
I/GCoreUlr( 698): GMS FLP location updates requested at interval 60000ms
I/ActivityThread( 1898): Pub com.facebook.orca.notify.MessengerForegroundProvider: com.facebook.orca.notify.MessengerForegroundProvider
I/ActivityThread( 1898): Pub com.facebook.orca.properties: com.facebook.messenger.providers.DbPropertiesContentProvider
I/ActivityThread( 1898): Pub com.facebook.orca.cleaner: com.facebook.messenger.providers.DbCleanerContentProvider
I/ActivityThread( 1898): Pub com.facebook.orca.messages: com.facebook.messenger.providers.MessagesDbContentProvider
I/ActivityThread( 1898): Pub com.facebook.orca.notify.MessengerLoggedInUserProvider: com.facebook.orca.notify.MessengerLoggedInUserProvider
I/ActivityThread( 1898): Pub com.facebook.orca.contacts: com.facebook.messenger.providers.FbContactsContentProvider
I/ActivityThread( 1898): Pub com.facebook.orca.prefs: com.facebook.prefs.shared.FbSharedPreferencesContentProvider
I/ActivityThread( 1898): Pub com.facebook.orca.experiments: com.facebook.orca.abtest.QuickExperimentContentProvider
V/com.facebook.base.a.a( 1898): Forcing initialization of AsyncTask
D/b ( 1898): Multiprocess configuration com.facebook.messenger.app.MessengerMultiprocessConfig state retrieved in 0 ms
I/b ( 1898): Multiprocess configuration com.facebook.messenger.app.MessengerMultiprocessConfig state: false
D/b ( 1898): Multiprocess configuration com.facebook.n.a.a state retrieved in 1 ms
I/b ( 1898): Multiprocess configuration com.facebook.n.a.a state: false
D/dalvikvm( 1898): GC_CONCURRENT freed 411K, 5% free 10057K/10496K, paused 3ms+2ms, total 29ms
D/dalvikvm( 1898): GC_CONCURRENT freed 169K, 2% free 10336K/10532K, paused 3ms+3ms, total 29ms
D/dalvikvm( 698): GC_CONCURRENT freed 615K, 6% free 10569K/11216K, paused 2ms+23ms, total 48ms
D/dalvikvm( 1898): GC_CONCURRENT freed 164K, 2% free 10645K/10840K, paused 3ms+10ms, total 48ms
I/GCoreUlr( 698): Ensuring that reporting is active
I/GCoreUlr( 698): GMS FLP location updates requested at interval 60000ms
D/MediaProvider( 553): object removed 4697
D/MediaProvider( 553): object removed 4698
D/MediaProvider( 553): object removed 4699
D/MediaProvider( 553): object removed 4700
D/MediaProvider( 553): object removed 4701
D/MediaProvider( 553): object removed 4702
D/MediaProvider( 553): object removed 4867
D/MediaProvider( 553): object removed 4868
D/MediaProvider( 553): object removed 4869
D/MediaProvider( 553): object removed 4870
D/MediaProvider( 553): object removed 4871
D/MediaProvider( 553): object removed 4872
D/MediaProvider( 553): object removed 4873
D/MediaProvider( 553): object removed 4874
D/MediaProvider( 553): object removed 4875
D/MediaProvider( 553): object removed 4876
D/MediaProvider( 553): object removed 4877
D/MediaProvider( 553): object removed 4878
D/MediaProvider( 553): object removed 4879
D/MediaProvider( 553): object removed 4880
D/MediaProvider( 553): object removed 4881
D/MediaProvider( 553): object removed 4882
D/MediaProvider( 553): object removed 4883
D/MediaProvider( 553): object removed 4884
D/MediaProvider( 553): object removed 4885
D/MediaProvider( 553): object removed 4886
D/MediaProvider( 553): object removed 4887
D/MediaProvider( 553): object removed 4888
D/MediaProvider( 553): object removed 4889
D/MediaProvider( 553): object removed 4890
D/MediaProvider( 553): object removed 4891
D/MediaProvider( 553): object removed 4892
D/MediaProvider( 553): object removed 4893
D/MediaProvider( 553): object removed 4894
D/MediaProvider( 553): object removed 4895
D/MediaProvider( 553): object removed 4896
D/MediaProvider( 553): object removed 4897
D/MediaProvider( 553): object removed 4898
D/MediaProvider( 553): object removed 4899
D/MediaProvider( 553): object removed 4900
D/MediaProvider( 553): object removed 4901
D/MediaProvider( 553): object removed 4902
D/MediaProvider( 553): object removed 4903
D/MediaProvider( 553): object removed 4904
D/MediaProvider( 553): object removed 4905
D/MediaProvider( 553): object removed 4906
D/MediaProvider( 553): object removed 4907
D/MediaProvider( 553): object removed 4908
D/MediaProvider( 553): object removed 4909
D/MediaProvider( 553): object removed 4910
D/MediaProvider( 553): object removed 4911
D/MediaProvider( 553): object removed 4912
D/MediaProvider( 553): object removed 4913
D/MediaProvider( 553): object removed 4914
D/MediaProvider( 553): object removed 4915
D/MediaProvider( 553): object removed 4916
D/MediaProvider( 553): object removed 4917
D/MediaProvider( 553): object removed 4918
D/MediaProvider( 553): object removed 4919
D/MediaProvider( 553): object removed 4920
D/MediaProvider( 553): object removed 4921
D/MediaProvider( 553): object removed 4922
D/MediaProvider( 553): object removed 4923
D/MediaProvider( 553): object removed 4924
D/MediaProvider( 553): object removed 4925
D/MediaProvider( 553): object removed 4926
D/MediaProvider( 553): object removed 4927
D/MediaProvider( 553): object removed 4928
D/MediaProvider( 553): object removed 4929
D/MediaProvider( 553): object removed 4930
D/MediaProvider( 553): object removed 4931
D/MediaProvider( 553): object removed 4932
D/MediaProvider( 553): object removed 4933
D/MediaProvider( 553): object removed 5407
D/MediaProvider( 553): object removed 5844
D/MediaProvider( 553): object removed 8609
D/MediaProvider( 553): object removed 8610
D/MediaProvider( 553): object removed 8611
D/MediaProvider( 553): object removed 8612
D/MediaProvider( 553): object removed 8613
D/MediaProvider( 553): object removed 8705
D/MediaProvider( 553): object removed 8706
D/MediaProvider( 553): object removed 8707
D/MediaProvider( 553): object removed 8908
D/dalvikvm( 1898): GC_CONCURRENT freed 213K, 3% free 10962K/11204K, paused 3ms+3ms, total 36ms I/msgr(:):OrcaInjector( 1898): Created just-in-time provider for class com.facebook.mqtt.ab I/msgr(:):OrcaInjector( 1898): Created just-in-time provider for class com.facebook.orca.abtest.a I/msgr(:):OrcaInjector( 1898): Created just-in-time provider for class com.facebook.push.mqtt.abtest.d I/msgr(:):OrcaInjector( 1898): Created just-in-time provider for class com.facebook.orca.fbwebrtc.a.f
D/dalvikvm( 1898): GC_CONCURRENT freed 335K, 4% free 11245K/11612K, paused 3ms+3ms, total 41ms I/msgr(:):OrcaInjector( 1898): Created just-in-time provider for class com.facebook.push.c2dm.ae I/msgr(:):OrcaInjector( 1898): Created just-in-time provider for class com.facebook.orca.b.ae V/msgr(:):am( 1898): FbAppType: prod V/msgr(:):d( 1898): retroactively recording APP_OBJECT_SETUP in 1284 ms D/msgr(:):a( 1898): Name: INeedInit.HighPriorityInitOnBackgroundThread; Timestamp (ms): 1376692347588 D/msgr(:):a( 1898): Name: MessengerApplicationSetup; Timestamp (ms): 1376692346306 D/msgr(:):a( 1898): Name: MessengerApplicationSetup; Timestamp (ms): 1376692347590; Elapsed (ms): 1284 D/msgr(:):m( 1898): loading device id from shared prefs D/msgr(:):m( 1898): loaded device id from shared prefs: j{id=6f89207b-91c9-4254-98f4-43c2fe099e3b, timestamp=1371703528339} D/msgr(:):a( 1898): Initializing database zero_rating_db I/msgr(:):g( 1898): onPeerConnected to peer: com.facebook.katana, self: com.facebook.orca, Direction: Outgoing I/msgr(:):g( 1898): Receive message MSG_CLONE_PEER_ON_CONNECTED from peer com.facebook.katana, self: com.facebook.orca D/msgr(:):b( 1898): DbPropertiesContentProvider.doQuery took 33 ms D/msgr(:):b( 1898): DbPropertiesContentProvider.doQuery took 0 ms D/msgr(:):b( 1898): DbPropertiesContentProvider.doQuery took 0 ms
D/dalvikvm( 390): GC_EXPLICIT freed 1189K, 7% free 22754K/24312K, paused 3ms+16ms, total 134ms
D/dalvikvm( 1898): GC_CONCURRENT freed 454K, 4% free 11600K/12080K, paused 4ms+3ms, total 59ms
D/dalvikvm( 1898): WAIT_FOR_CONCURRENT_GC blocked 22ms
D/dalvikvm( 1898): WAIT_FOR_CONCURRENT_GC blocked 23ms
D/dalvikvm( 1898): WAIT_FOR_CONCURRENT_GC blocked 23ms
W/Settings( 1898): Setting wifi_sleep_policy has moved from android.provider.Settings.System to android.provider.Settings.Global, returning read-only value.
D/dalvikvm( 1898): WAIT_FOR_CONCURRENT_GC blocked 27ms
D/AlertReceiver( 1256): onReceive: a=android.intent.action.PROVIDER_CHANGED Intent { act=android.intent.action.PROVIDER_CHANGED dat=content://com.android.calendar flg=0x10 cmp=com.google.android.calendar/com.android.calendar.alerts.AlertReceiver }
D/AlertService( 1256): 0 Action = android.intent.action.PROVIDER_CHANGED
I/ActivityManager( 390): Start proc com.google.android.music:main for broadcast com.google.android.music/.store.MediaStoreImportService$Receiver: pid=1929 uid=10033 gids={50033, 3003, 1015, 1028}
D/dalvikvm( 553): GC_EXPLICIT freed 326K, 5% free 9422K/9832K, paused 1ms+2ms, total 25ms
D/dalvikvm( 1929): GC_CONCURRENT freed 161K, 3% free 9176K/9364K, paused 15ms+2ms, total 30ms
D/dalvikvm( 1929): WAIT_FOR_CONCURRENT_GC blocked 11ms
I/ActivityThread( 1929): Pub com.google.android.music.ConfigContent: com.google.android.music.store.ConfigContentProvider
D/dalvikvm( 1929): GC_CONCURRENT freed 156K, 2% free 9453K/9640K, paused 3ms+9ms, total 28ms
I/ActivityThread( 1929): Pub com.google.android.music.MusicContent: com.google.android.music.store.MusicContentProvider
I/MusicStore( 1929): Database version: 70
I/Recovery( 759): Received: Intent { act=com.google.android.gms.INITIALIZE flg=0x10 pkg=com.google.android.gms cmp=com.google.android.gms/.recovery.AccountRecoveryBackgroundService$Receiver }
D/GCM ( 740): GcmService start Intent { act=com.google.android.gms.INITIALIZE flg=0x10 pkg=com.google.android.gms cmp=com.google.android.gms/.gcm.GcmService } com.google.android.gms.INITIALIZE
D/dalvikvm( 1929): GC_CONCURRENT freed 263K, 3% free 9584K/9876K, paused 2ms+23ms, total 57ms
D/dalvikvm( 390): GC_EXPLICIT freed 438K, 7% free 22749K/24312K, paused 3ms+7ms, total 108ms
W/RemoteControlCompat( 1929): Could not get real field: FLAG_KEY_MEDIA_POSITION_UPDATE
I/Recovery( 759): Received: Intent { act=com.google.android.gms.INITIALIZE flg=0x10 pkg=com.google.android.gms cmp=com.google.android.gms/.recovery.AccountRecoveryBackgroundService$Receiver }
D/GCM ( 740): GcmService start Intent { act=com.google.android.gms.INITIALIZE flg=0x10 pkg=com.google.android.gms cmp=com.google.android.gms/.gcm.GcmService } com.google.android.gms.INITIALIZE
D/SyncManager( 390): setSyncAutomatically: provider com.google.android.music.MusicContent, user 0 -> false
D/SyncManager( 390): setSyncAutomatically: already set to false, doing nothing
D/SyncManager( 390): setIsSyncable: Account {name=steve@smallworldnews.tv, type=com.google}, provider com.google.android.music.MusicContent, user 0 -> 0
D/SyncManager( 390): setIsSyncable: already set to 0, doing nothing
D/SyncManager( 390): setSyncAutomatically: provider com.google.android.music.MusicContent, user 0 -> false
D/SyncManager( 390): setSyncAutomatically: already set to false, doing nothing
D/SyncManager( 390): setIsSyncable: Account {name=smallworldnews@gmail.com, type=com.google}, provider com.google.android.music.MusicContent, user 0 -> 0
D/SyncManager( 390): setIsSyncable: already set to 0, doing nothing
D/SyncManager( 390): setSyncAutomatically: provider com.google.android.music.MusicContent, user 0 -> false
D/SyncManager( 390): setSyncAutomatically: already set to false, doing nothing
D/SyncManager( 390): setIsSyncable: Account {name=Apps@smallworldnews.tv, type=com.google}, provider com.google.android.music.MusicContent, user 0 -> 0
D/SyncManager( 390): setIsSyncable: already set to 0, doing nothing
D/SyncManager( 390): setSyncAutomatically: provider com.google.android.music.MusicContent, user 0 -> false
D/SyncManager( 390): setSyncAutomatically: already set to false, doing nothing
D/SyncManager( 390): setIsSyncable: Account {name=gordonbombay99ducks@gmail.com, type=com.google}, provider com.google.android.music.MusicContent, user 0 -> 0
D/SyncManager( 390): setIsSyncable: already set to 0, doing nothing
D/CacheService( 1929): onCreate
D/CacheService( 1929): onBind
D/SystemUtils( 1929): getSystemProperty: lpa.decode=null
I/ActivityManager( 390): Start proc com.piggy.myfiles for broadcast com.piggy.myfiles/.receiver.StorageReceiver: pid=1964 uid=10078 gids={50078, 1015, 1028}
I/LocalDevicePlayback( 1929): Streaming client created.
I/dalvikvm( 1964): Turning on JNI app bug workarounds for target SDK version 7...
D/SyncManager( 390): setIsSyncable: Account {name=steve.wyshywaniuk@gmail.com, type=com.google}, provider com.google.android.music.MusicContent, user 0 -> 1
D/SyncManager( 390): setIsSyncable: already set to 1, doing nothing
D/dalvikvm( 1898): GC_CONCURRENT freed 531K, 5% free 11876K/12436K, paused 2ms+3ms, total 53ms
I/ActivityThread( 1964): Pub com.piggy.myfiles.provider.SuggestionProvider: com.piggy.myfiles.provider.SearchSuggestionProvider
D/dalvikvm( 1964): Trying to load lib /data/app-lib/com.piggy.myfiles-1/libscanner.so 0x41673ea0
D/dalvikvm( 1964): Added shared lib /data/app-lib/com.piggy.myfiles-1/libscanner.so 0x41673ea0
D/jni.cpp ( 1964): JNI: native_setup success
I/ActivityManager( 390): Start proc com.handmark.expressweather for broadcast com.handmark.expressweather/.BootReceiver: pid=1977 uid=10141 gids={50141, 3003, 1015, 1028}
D/dalvikvm( 1977): GC_CONCURRENT freed 167K, 3% free 9163K/9360K, paused 3ms+2ms, total 19ms
D/dalvikvm( 1977): GC_CONCURRENT freed 118K, 2% free 9453K/9612K, paused 2ms+2ms, total 21ms
I/ActivityThread( 1977): Pub com.handmark.expressweather.AdMarvelLocalFileContentProvider: com.admarvel.android.ads.AdMarvelLocalFileContentProvider
I/ErrorAgent( 1977): Registering custom exceptions handler
W/dalvikvm( 1977): VFY: unable to resolve static field 9288 (common_google_play_services_install_title) in Lcom/google/android/gms/R$string;
D/dalvikvm( 1977): VFY: replacing opcode 0x60 at 0x0041
W/dalvikvm( 1977): VFY: unable to resolve static field 9284 (common_google_play_services_enable_title) in Lcom/google/android/gms/R$string;
D/dalvikvm( 1977): VFY: replacing opcode 0x60 at 0x004c
W/dalvikvm( 1977): VFY: unable to resolve static field 9294 (common_google_play_services_update_title) in Lcom/google/android/gms/R$string;
D/dalvikvm( 1977): VFY: replacing opcode 0x60 at 0x0057
W/dalvikvm( 1977): VFY: unable to resolve static field 9291 (common_google_play_services_unsupported_title) in Lcom/google/android/gms/R$string;
D/dalvikvm( 1977): VFY: replacing opcode 0x60 at 0x0069
W/dalvikvm( 1977): VFY: unable to resolve static field 9285 (common_google_play_services_install_button) in Lcom/google/android/gms/R$string;
D/dalvikvm( 1977): VFY: replacing opcode 0x60 at 0x0009
W/dalvikvm( 1977): VFY: unable to resolve static field 9282 (common_google_play_services_enable_button) in Lcom/google/android/gms/R$string;
D/dalvikvm( 1977): VFY: replacing opcode 0x60 at 0x0010
W/dalvikvm( 1977): VFY: unable to resolve static field 9292 (common_google_play_services_update_button) in Lcom/google/android/gms/R$string;
D/dalvikvm( 1977): VFY: replacing opcode 0x60 at 0x0017
W/dalvikvm( 1977): VFY: unable to resolve static field 9289 (common_google_play_services_unknown_issue) in Lcom/google/android/gms/R$string;
D/dalvikvm( 1977): VFY: replacing opcode 0x60 at 0x0004
I/dalvikvm( 1977): DexOpt: unable to optimize static field ref 0x2447 at 0x18 in Lcom/google/android/gms/common/GooglePlayServicesUtil;.b
I/dalvikvm( 1977): DexOpt: unable to optimize static field ref 0x2446 at 0x38 in Lcom/google/android/gms/common/GooglePlayServicesUtil;.b
I/dalvikvm( 1977): DexOpt: unable to optimize static field ref 0x2443 at 0x3f in Lcom/google/android/gms/common/GooglePlayServicesUtil;.b
I/dalvikvm( 1977): DexOpt: unable to optimize static field ref 0x244d at 0x46 in Lcom/google/android/gms/common/GooglePlayServicesUtil;.b
I/dalvikvm( 1977): DexOpt: unable to optimize static field ref 0x244a at 0x66 in Lcom/google/android/gms/common/GooglePlayServicesUtil;.b
D/dalvikvm( 1977): GC_CONCURRENT freed 236K, 3% free 9660K/9932K, paused 2ms+2ms, total 17ms
W/GCoreFlp( 698): No location to return for getLastLocation()
D/dalvikvm( 390): GC_EXPLICIT freed 447K, 7% free 22769K/24312K, paused 8ms+7ms, total 94ms
E/Configuration( 1977): getActivityContext() == null
W/GCoreFlp( 698): No location to return for getLastLocation()
I/ActivityManager( 390): Start proc com.facebook.katana:dash for broadcast com.facebook.katana/com.facebook.dash.service.DashSsoPreloadReceiver: pid=1997 uid=10111 gids={50111, 3003, 1006, 1015, 1028}
I/RegisteredComponentCache( 634): ComponentInfo: ResolveInfo{416a9708 com.android.apps.tag.TagViewer p=0 o=0 m=0x108000}, techs: android.nfc.tech.Ndef,
D/PackageManager( 390): generateServicesMap() for 0
I/InputReader( 390): Reconfiguring input devices. changes=0x00000010
D/dalvikvm( 1997): GC_CONCURRENT freed 172K, 3% free 9165K/9364K, paused 2ms+2ms, total 37ms
D/dalvikvm( 1997): WAIT_FOR_CONCURRENT_GC blocked 5ms
D/DevicePolicyManagerService( 390): Handling package changes for user 0
D/PackageManager( 390): generateServicesMap() for 0
D/dalvikvm( 1801): GC_CONCURRENT freed 234K, 3% free 9373K/9636K, paused 2ms+2ms, total 29ms
D/dalvikvm( 1997): GC_CONCURRENT freed 145K, 2% free 9521K/9704K, paused 3ms+2ms, total 27ms
D/dalvikvm( 1997): WAIT_FOR_CONCURRENT_GC blocked 6ms
D/dalvikvm( 1997): GC_CONCURRENT freed 122K, 2% free 9795K/9972K, paused 7ms+1ms, total 32ms
D/CatchMeIfYouCan( 1997): Process (dash) ca: '/data/data/com.facebook.katana/app_cmiyc/0C66B38F48468E96F8008B6D5A2AE33B4A60265E01'
D/CatchMeIfYouCan( 1997): Process (dash) fc: '/data/data/com.facebook.katana/app_cmiyc/0C66B38F48468E96F8008B6D5A2AE33B4A60265E02'
D/CatchMeIfYouCan( 1997): Process (dash) cp: '('dash', 6, 60000, silent [true], restart [true], logout [true])'
D/ACRA ( 1997): ACRA is enabled for com.facebook.katana, intializing...
I/GAV2 ( 1801): Thread[GAThread,5,main]: No campaign data found.
D/dalvikvm( 553): GC_CONCURRENT freed 293K, 4% free 9519K/9840K, paused 4ms+24ms, total 54ms
E/DbHelper( 1977): Theme's background was not found, defaulting to LiveBackground
D/ACRA ( 1997): Looking for error files in /data/data/com.facebook.katana/app_acra-reports
D/ACRA ( 1997): Looking for error files in /data/data/com.facebook.katana/app_minidumps
D/dalvikvm( 1997): Trying to load lib /data/app-lib/com.facebook.katana-1/libfb_stl_shared.so 0x41676748
D/dalvikvm( 1997): Added shared lib /data/app-lib/com.facebook.katana-1/libfb_stl_shared.so 0x41676748
D/dalvikvm( 1997): No JNI_OnLoad found in /data/app-lib/com.facebook.katana-1/libfb_stl_shared.so 0x41676748, skipping init
D/dalvikvm( 1997): Trying to load lib /data/app-lib/com.facebook.katana-1/libfb_breakpad_client.so 0x41676748
D/dalvikvm( 1997): Added shared lib /data/app-lib/com.facebook.katana-1/libfb_breakpad_client.so 0x41676748
I/ActivityManager( 390): No longer want com.tripit (pid 1492): empty #17
D/DexLibLoader( 1997): Deleting old version: /data/data/com.facebook.katana/app_dex/guava-10.0.1-fork.dex.0.jar
D/DexLibLoader( 1997): Deleting old version: /data/data/com.facebook.katana/app_dex/guava-10.0.1-fork.dex.1.jar
D/DexLibLoader( 1997): Deleting old version: /data/data/com.facebook.katana/app_dex/jackson-core-2.0.5.dex.0.jar
D/DexLibLoader( 1997): Deleting old version: /data/data/com.facebook.katana/app_dex/jackson-core-2.0.5.dex.1.jar
D/DexLibLoader( 1997): Deleting old version: /data/data/com.facebook.katana/app_dex/jackson-core-2.0.5.dex.2.jar
D/DexLibLoader( 1997): Deleting old version: /data/data/com.facebook.katana/app_dex/jackson-databind-2.0.5.dex.0.jar
D/DexLibLoader( 1997): Deleting old version: /data/data/com.facebook.katana/app_dex/jackson-databind-2.0.5.dex.1.jar
D/DexLibLoader( 1997): Deleting old version: /data/data/com.facebook.katana/app_dex/jackson-databind-2.0.5.dex.2.jar
D/DexLibLoader( 1997): Deleting old version: /data/data/com.facebook.katana/app_dex/jackson-databind-2.0.5.dex.3.jar
D/DexLibLoader( 1997): Deleting old version: /data/data/com.facebook.katana/app_dex/jackson-datatype-guava-2.0.4.dex.0.jar
D/DexLibLoader( 1997): Deleting old version: /data/data/com.facebook.katana/app_dex/jackson-datatype-guava-2.0.4.dex.1.jar
D/DexLibLoader( 1997): Deleting old version: /data/data/com.facebook.katana/app_dex/jackson-datatype-guava-2.0.4.dex.2.jar
D/DexLibLoader( 1997): Deleting old version: /data/data/com.facebook.katana/app_dex/diffutils-1.2.1.dex.0.jar
D/DexLibLoader( 1997): Deleting old version: /data/data/com.facebook.katana/app_dex/diffutils-1.2.1.dex.1.jar
D/DexLibLoader( 1997): Deleting old version: /data/data/com.facebook.katana/app_dex/nine_old_androids.dex.0.jar
D/DexLibLoader( 1997): Deleting old version: /data/data/com.facebook.katana/app_dex/nine_old_androids.dex.1.jar
D/DexLibLoader( 1997): Deleting old version: /data/data/com.facebook.katana/app_dex/nine_old_androids.dex.2.jar
D/DexLibLoader( 1997): Deleting old version: /data/data/com.facebook.katana/app_dex/nine_old_androids.dex.3.jar
V/DexLibLoader( 1997): Dex already copied
V/DexLibLoader( 1997): Creating class loader
D/dalvikvm( 1997): GC_CONCURRENT freed 373K, 4% free 9932K/10336K, paused 3ms+4ms, total 39ms
D/dalvikvm( 1997): WAIT_FOR_CONCURRENT_GC blocked 13ms
V/DexLibLoader( 1997): Finished creating class loader
D/dalvikvm( 1997): GC_CONCURRENT freed 14K, 1% free 10416K/10472K, paused 4ms+2ms, total 32ms
D/dalvikvm( 1997): WAIT_FOR_CONCURRENT_GC blocked 20ms
V/DexLibLoader( 1997): Preparing secondary program dexes.
V/DexLibLoader( 1997): Loaded 3 raw lines of metadata.
V/DexLibLoader( 1997): Secondary program dex metadata: secondary-1.dex.jar c0c3ad30529dde71bc67f5c947aa4ac404fc9e42 com.facebook.common.identifiers.SafeUUIDGenerator
V/DexLibLoader( 1997): Secondary program dex metadata: secondary-2.dex.jar 5ab0ea35d3d4bf663008fcd39f94405e41f1b864 com.facebook.auth.autosso.AutoSsoLoginService
V/DexLibLoader( 1997): Secondary program dex metadata: secondary-3.dex.jar fe8e1dd394a0e865e15f35e33617490a742a257a com.facebook.dash.externalintent.DashExternalIntentHandler
W/DexLibLoader( 1997): Unexpected file in program dex directory: /data/data/com.facebook.katana/app_secondary_program_dex/temp_dex_lock
V/DexLibLoader( 1997): Preparing to extract secondary-1.dex.jar to /data/data/com.facebook.katana/app_secondary_program_dex/program-c0c3ad30529dde71bc67f5c947aa4ac404fc9e426b5b4f73.dex.jar
V/DexLibLoader( 1997): Dex already copied
V/DexLibLoader( 1997): Creating class loader
V/DexLibLoader( 1997): Finished creating class loader
V/DexLibLoader( 1997): Preparing to extract secondary-2.dex.jar to /data/data/com.facebook.katana/app_secondary_program_dex/program-5ab0ea35d3d4bf663008fcd39f94405e41f1b8646b5b4f73.dex.jar
V/DexLibLoader( 1997): Dex already copied
V/DexLibLoader( 1997): Creating class loader
V/DexLibLoader( 1997): Finished creating class loader
V/DexLibLoader( 1997): Preparing to extract secondary-3.dex.jar to /data/data/com.facebook.katana/app_secondary_program_dex/program-fe8e1dd394a0e865e15f35e33617490a742a257a6b5b4f73.dex.jar
V/DexLibLoader( 1997): Dex already copied
V/DexLibLoader( 1997): Creating class loader
V/DexLibLoader( 1997): Finished creating class loader
V/DexLibLoader( 1997): Verifying classes from secondary dexes.
D/dalvikvm( 1929): GC_CONCURRENT freed 196K, 3% free 9824K/10048K, paused 3ms+6ms, total 89ms
D/DexLibLoader( 1997): DexLibLoader.ensureDexLoaded took 210 ms
I/ActivityThread( 1997): Pub com.facebook.katana.provider.LaunchablesProvider: com.facebook.dash.launchables.model.LaunchablesProvider V/com.facebook.base.app.AbstractApplicationLike( 1997): Forcing initialization of AsyncTask
I/MediaStoreImporter( 1929): Update: incremental Added music: 0 Updated music: 0 Deleted music: 0 Created playlists: 0 Updated playlists: 1 Deleted playlists: 0 Inserted playlist items: 0 Deleted playlist items: 0 Removed orphaned playlist items: 0
D/MultiprocessConfigImpl( 1997): Multiprocess configuration com.facebook.photos.upload.PhotoUploadMultiprocessConfig state retrieved in 0 ms
I/MultiprocessConfigImpl( 1997): Multiprocess configuration com.facebook.photos.upload.PhotoUploadMultiprocessConfig state: false
D/MultiprocessConfigImpl( 1997): Multiprocess configuration com.facebook.prefs.multiprocess.FbSharedPreferencesMultiprocessConfig state retrieved in 1 ms
I/MultiprocessConfigImpl( 1997): Multiprocess configuration com.facebook.prefs.multiprocess.FbSharedPreferencesMultiprocessConfig state: false
D/MultiprocessConfigImpl( 1997): Multiprocess configuration com.facebook.ssl.gk.EnableSSLSessionTicketConfig state retrieved in 0 ms
I/MultiprocessConfigImpl( 1997): Multiprocess configuration com.facebook.ssl.gk.EnableSSLSessionTicketConfig state: true
D/MultiprocessConfigImpl( 1997): Multiprocess configuration com.facebook.katana.orca.MessengerInFb4aMultiprocessConfig state retrieved in 0 ms
I/MultiprocessConfigImpl( 1997): Multiprocess configuration com.facebook.katana.orca.MessengerInFb4aMultiprocessConfig state: false
D/MultiprocessConfigImpl( 1997): Multiprocess configuration com.facebook.analytics.service.AnalyticsServiceMultiprocessConfig state retrieved in 0 ms
I/MultiprocessConfigImpl( 1997): Multiprocess configuration com.facebook.analytics.service.AnalyticsServiceMultiprocessConfig state: false
D/dalvikvm( 1997): GC_CONCURRENT freed 748K, 7% free 10179K/10920K, paused 3ms+2ms, total 58ms
D/dalvikvm( 1997): GC_FOR_ALLOC freed 207K, 6% free 10308K/10920K, paused 20ms, total 20ms
I/dalvikvm-heap( 1997): Grow heap (frag case) to 10.156MB for 68008-byte allocation
D/dalvikvm( 1997): GC_FOR_ALLOC freed 0K, 6% free 10375K/10988K, paused 21ms, total 21ms
D/dalvikvm( 390): GC_EXPLICIT freed 533K, 6% free 22956K/24312K, paused 5ms+9ms, total 125ms
D/dalvikvm( 1997): GC_CONCURRENT freed 196K, 3% free 10668K/10988K, paused 4ms+4ms, total 40ms
I/ActivityManager( 390): No longer want com.dropbox.android (pid 1523): empty #17
I/ActivityManager( 390): No longer want com.nike.plusgps (pid 1583): empty #17
D/dalvikvm( 1997): GC_CONCURRENT freed 238K, 3% free 10979K/11244K, paused 2ms+2ms, total 28ms
D/dalvikvm( 553): GC_CONCURRENT freed 366K, 4% free 9539K/9936K, paused 3ms+3ms, total 19ms
I/ActivityManager( 390): No longer want com.google.android.apps.googlevoice (pid 1571): empty #17
D/dalvikvm( 1997): GC_CONCURRENT freed 316K, 3% free 11374K/11720K, paused 2ms+10ms, total 57ms
D/dalvikvm( 390): GC_EXPLICIT freed 319K, 7% free 22776K/24312K, paused 2ms+9ms, total 109ms D/fb4a(:dash):BackgroundTaskController( 1997): setTagDisabled(interface com.facebook.contacts.database.ContactsTaskTag, true) D/fb4a(:dash):BackgroundTaskController( 1997): setTagDisabled(interface com.facebook.orca.background.MessagesDataTaskTag, true) D/fb4a(:dash):BackgroundTaskController( 1997): setTagDisabled(interface com.facebook.orca.background.MessagesLocalTaskTag, true) D/fb4a(:dash):HomeIntentHandlerHelper( 1997): Chosen launcher com.android.launcher of priority 2 I/fb4a(:dash):OrcaInjector( 1997): Created just-in-time provider for class com.facebook.mqtt.MqttSsl I/fb4a(:dash):OrcaInjector( 1997): Created just-in-time provider for class com.facebook.orca.abtest.MessagesQuickExperimentSpecificationHolder I/fb4a(:dash):OrcaInjector( 1997): Created just-in-time provider for class com.facebook.push.mqtt.abtest.MqttPushServiceExperimentSpecificationHolder
I/ActivityManager( 390): Start proc com.google.android.gm for broadcast com.google.android.gm/.MailIntentReceiver: pid=2022 uid=10018 gids={50018, 3003, 1015, 1028}
D/dalvikvm( 1997): GC_CONCURRENT freed 360K, 4% free 11864K/12256K, paused 3ms+7ms, total 77ms
D/dalvikvm( 1997): WAIT_FOR_CONCURRENT_GC blocked 3ms
D/dalvikvm( 1997): WAIT_FOR_CONCURRENT_GC blocked 7ms
D/dalvikvm( 390): GC_EXPLICIT freed 106K, 7% free 22787K/24312K, paused 2ms+26ms, total 176ms
I/ActivityThread( 2022): Pub gmail-ls: com.google.android.gm.provider.MailProvider
W/Settings( 1997): Setting wifi_sleep_policy has moved from android.provider.Settings.System to android.provider.Settings.Global, returning read-only value.
D/dalvikvm( 2022): GC_CONCURRENT freed 199K, 3% free 9109K/9336K, paused 3ms+2ms, total 30ms
I/ActivityThread( 2022): Pub com.google.android.gm: com.google.android.gm.provider.PublicContentProvider
I/ActivityThread( 2022): Pub com.google.android.gm2.conversation.provider: com.android.mail.browse.GmailConversationProvider
I/ActivityThread( 2022): Pub com.google.android.gm2.accountcache: com.android.mail.providers.GmailAccountCacheProvider
D/ActivityThread( 2022): Loading provider com.android.gmail.ui: com.google.android.gm.provider.UiProvider
D/dalvikvm( 2022): GC_CONCURRENT freed 403K, 5% free 9216K/9648K, paused 2ms+2ms, total 28ms
D/dalvikvm( 2022): WAIT_FOR_CONCURRENT_GC blocked 13ms
I/ActivityThread( 2022): Pub com.google.android.gmail.SuggestionsProvider: com.google.android.gm.SuggestionsProvider
I/ActivityThread( 2022): Pub com.android.gmail.ui: com.google.android.gm.provider.UiProvider
D/dalvikvm( 1997): GC_CONCURRENT freed 587K, 5% free 12176K/12792K, paused 3ms+3ms, total 56ms
I/ActivityManager( 390): Start proc com.google.android.googlequicksearchbox for broadcast com.google.android.googlequicksearchbox/com.google.android.apps.sidekick.widget.PredictiveCardsWidgetProvider: pid=2044 uid=10057 gids={50057, 3003, 1028, 3002, 1015}
I/ActivityManager( 390): No longer want com.csipsimple:sipStack (pid 1546): empty #17
I/ActivityManager( 390): No longer want com.csipsimple (pid 1558): empty #17
D/dalvikvm( 2044): GC_CONCURRENT freed 172K, 3% free 9165K/9364K, paused 9ms+7ms, total 47ms
D/dalvikvm( 2044): WAIT_FOR_CONCURRENT_GC blocked 8ms
I/ActivityThread( 2044): Pub com.google.android.googlequicksearchbox.AudioProvider: com.google.android.speech.audio.AudioProvider
I/ActivityThread( 2044): Pub com.google.android.googlequicksearchbox.icing: com.google.android.searchcommon.summons.icing.InternalIcingCorporaProvider
I/ActivityThread( 2044): Pub com.google.android.velvet.gallery.ImageProvider: com.google.android.velvet.gallery.ImageProvider
I/ActivityThread( 2044): Pub com.google.android.googlequicksearchbox.google: com.google.android.searchcommon.google.GoogleSuggestionProvider
I/ActivityManager( 390): Start proc com.google.android.partnersetup for content provider com.google.android.partnersetup/.RlzAppProvider: pid=2068 uid=10021 gids={50021, 3003, 1028}
D/dalvikvm( 2022): GC_CONCURRENT freed 302K, 4% free 9405K/9740K, paused 3ms+29ms, total 51ms
I/ActivityThread( 2068): Pub com.google.android.partnersetup.rlzprovider: com.google.android.partnersetup.RlzProvider
I/ActivityThread( 2068): Pub com.google.android.partnersetup.rlzappprovider: com.google.android.partnersetup.RlzAppProvider
D/dalvikvm( 2044): GC_CONCURRENT freed 197K, 3% free 9382K/9608K, paused 1ms+2ms, total 17ms
W/GAV2 ( 2044): Thread[main,5,main]: Need to call initialize() and be in fallback mode to start dispatch.
D/dalvikvm( 1219): GC_CONCURRENT freed 362K, 5% free 9108K/9500K, paused 1ms+2ms, total 17ms
D/dalvikvm( 2022): GC_CONCURRENT freed 376K, 5% free 9515K/9920K, paused 8ms+15ms, total 68ms
I/ActivityManager( 390): No longer want android.process.acore (pid 1599): empty #17
D/dalvikvm( 2044): GC_CONCURRENT freed 185K, 3% free 9591K/9808K, paused 2ms+2ms, total 18ms
D/MtpService( 553): updating state; isCurrentUser=true, mMtpLocked=false
I/ActivityManager( 390): Start proc android.process.acore for broadcast com.android.providers.contacts/.PackageIntentReceiver: pid=2092 uid=10000 gids={50000, 3003, 1015, 1028}
D/MtpService( 553): addStorageLocked 65537 /storage/emulated/0
D/MtpService( 553): updating state; isCurrentUser=true, mMtpLocked=false
D/MtpService( 553): starting MTP server in MTP mode
D/MtpService( 553): addStorageLocked 65537 /storage/emulated/0
I/ActivityThread( 2092): Pub com.android.voicemail: com.android.providers.contacts.VoicemailContentProvider
I/ActivityThread( 2092): Pub com.android.contacts.dumpfile: com.android.providers.contacts.debug.DumpFileProvider
I/ActivityThread( 2092): Pub applications: com.android.providers.applications.ApplicationsProvider
I/ActivityThread( 2092): Pub call_log: com.android.providers.contacts.CallLogProvider
I/ActivityThread( 2092): Pub user_dictionary: com.android.providers.userdictionary.UserDictionaryProvider
I/ActivityThread( 2092): Pub contacts;com.android.contacts: com.android.providers.contacts.ContactsProvider2
I/ActivityManager( 390): Start proc com.google.android.gallery3d for broadcast com.google.android.gallery3d/com.android.gallery3d.app.PackagesMonitor: pid=2111 uid=10016 gids={50016, 1006, 3003, 1015, 1028}
I/ActivityManager( 390): No longer want com.yahoo.mobile.client.android.flickr:com.yahoo.snp.service (pid 1650): empty #17
D/dalvikvm( 2092): GC_CONCURRENT freed 241K, 3% free 9021K/9288K, paused 3ms+15ms, total 49ms
D/dalvikvm( 130): GC_EXPLICIT freed 39K, 1% free 8825K/8892K, paused 2ms+2ms, total 30ms
I/ActivityManager( 390): START u0 {act=android.intent.action.MAIN cat=[android.intent.category.HOME] flg=0x10200000 cmp=com.teslacoilsw.launcher/com.android.launcher2.Launcher} from pid 390
D/dalvikvm( 130): GC_EXPLICIT freed <1K, 1% free 8825K/8892K, paused 2ms+2ms, total 19ms
D/dalvikvm( 130): GC_EXPLICIT freed <1K, 1% free 8825K/8892K, paused 1ms+2ms, total 19ms
D/AlertService( 1256): Beginning updateAlertNotification
D/dalvikvm( 2022): GC_CONCURRENT freed 427K, 5% free 9603K/10056K, paused 9ms+2ms, total 117ms
D/dalvikvm( 2022): WAIT_FOR_CONCURRENT_GC blocked 99ms
D/dalvikvm( 2022): WAIT_FOR_CONCURRENT_GC blocked 103ms
D/dalvikvm( 2111): GC_CONCURRENT freed 170K, 3% free 9133K/9332K, paused 13ms+9ms, total 40ms
I/ActivityThread( 2111): Pub com.google.android.gallery3d.provider: com.android.gallery3d.provider.GalleryProvider
D/dalvikvm( 390): GC_EXPLICIT freed 828K, 8% free 22826K/24684K, paused 10ms+10ms, total 149ms
D/dalvikvm( 2111): GC_CONCURRENT freed 387K, 5% free 9179K/9596K, paused 3ms+2ms, total 34ms
I/ActivityThread( 2111): Pub com.google.android.gallery3d.GooglePhotoProvider: com.google.android.picasasync.PicasaContentProvider0
D/dalvikvm( 1844): GC_FOR_ALLOC freed 449K, 6% free 10069K/10684K, paused 45ms, total 46ms
I/dalvikvm-heap( 1844): Grow heap (frag case) to 10.022MB for 173488-byte allocation
D/dalvikvm( 1844): GC_FOR_ALLOC freed 0K, 6% free 10238K/10856K, paused 30ms, total 30ms
D/dalvikvm( 2111): GC_CONCURRENT freed 493K, 6% free 9197K/9720K, paused 2ms+2ms, total 20ms
D/dalvikvm( 2111): WAIT_FOR_CONCURRENT_GC blocked 9ms
I/ActivityThread( 2111): Pub com.android.gallery3d.filtershow.provider.SharedImageProvider: com.android.gallery3d.filtershow.provider.SharedImageProvider
I/ActivityThread( 2111): Pub com.google.android.gallery3d.PicasaStore: com.google.android.picasastore.PicasaPhotoContentProvider0
D/dalvikvm( 2111): GC_FOR_ALLOC freed 116K, 6% free 9226K/9720K, paused 13ms, total 14ms
