D/dalvikvm( 3063): WAIT_FOR_CONCURRENT_GC blocked 5ms
D/dalvikvm( 2938): GC_CONCURRENT freed 411K, 5% free 9731K/10172K, paused 4ms+4ms, total 144ms
I/GCoreUlr( 698): Ensuring that reporting is active
I/GCoreUlr( 698): GMS FLP location updates requested at interval 60000ms
I/ActivityThread( 3063): Pub com.google.android.apps.plus.content.ApiProvider: com.google.android.apps.plus.content.EsApiProvider
I/ActivityThread( 3063): Pub com.google.android.apps.plus.content.EsGooglePhotoProvider: com.google.android.picasasync.PicasaContentProvider
D/dalvikvm( 3063): GC_CONCURRENT freed 472K, 6% free 9550K/10056K, paused 2ms+1ms, total 29ms
D/dalvikvm( 3063): WAIT_FOR_CONCURRENT_GC blocked 14ms
I/ActivityThread( 3063): Pub com.google.android.apps.plus.iu.EsGoogleIuProvider: com.google.android.apps.plus.iu.InstantUploadProvider
D/StrongHTTPS( 2158): not proxying
D/dalvikvm( 3063): GC_CONCURRENT freed 460K, 6% free 9569K/10088K, paused 2ms+2ms, total 24ms
D/dalvikvm( 3063): WAIT_FOR_CONCURRENT_GC blocked 13ms
I/ActivityThread( 3063): Pub com.google.android.apps.plus.content.EsPicasaStoreProvider: com.google.android.picasastore.PicasaPhotoContentProvider
I/Gmail ( 2938): calculateUnknownSyncRationalesAndPurgeInBackground: queueing
I/ActivityThread( 3063): Pub com.google.plus.platform: com.google.android.apps.plus.content.AdsProvider
I/ActivityThread( 3063): Pub com.google.android.apps.plus.content.EsProvider: com.google.android.apps.plus.content.EsProvider
D/dalvikvm( 3063): GC_FOR_ALLOC freed 276K, 5% free 9667K/10108K, paused 21ms, total 21ms
I/Gmail ( 2938): calculateUnknownSyncRationalesAndPurgeInBackground: queueing
D/dalvikvm( 3063): GC_CONCURRENT freed 103K, 2% free 10009K/10164K, paused 66ms+4ms, total 119ms
I/Gmail ( 2938): calculateUnknownSyncRationalesAndPurgeInBackground: queueing
I/Gmail ( 2938): calculateUnknownSyncRationalesAndPurgeInBackground: queueing
D/dalvikvm( 2938): GC_CONCURRENT freed 246K, 3% free 9927K/10200K, paused 6ms+11ms, total 49ms
D/ONIONKIT( 2158): 0: verifying cert issuer for: CN=ssl3043.cloudflare.com, O="CloudFlare, Inc.", L=San Francisco, ST=CA, C=US; SHA1WithRSA
D/ONIONKIT( 2158): found issuer for current cert in chain: CN=GlobalSign Organization Validation CA - G2, O=GlobalSign nv-sa, C=BE; SHA1WithRSA
D/ONIONKIT( 2158): searching store for issuer: CN=GlobalSign Organization Validation CA - G2, O=GlobalSign nv-sa, C=BE
D/dalvikvm( 3063): GC_CONCURRENT freed 178K, 3% free 10317K/10548K, paused 2ms+2ms, total 34ms
I/Gmail ( 2938): calculateUnknownSyncRationalesAndPurgeInBackground: running
D/dalvikvm( 3063): WAIT_FOR_CONCURRENT_GC blocked 28ms
I/Gmail ( 2938): calculateUnknownSyncRationalesAndPurgeInBackground: running
D/ONIONKIT( 2158): found matching subject cert in chain: verifying it can act as CA: CN=GlobalSign Organization Validation CA - G2, O=GlobalSign nv-sa, C=BE
D/dalvikvm( 3063): GC_CONCURRENT freed 318K, 4% free 10476K/10856K, paused 2ms+1ms, total 23ms
D/dalvikvm( 3063): WAIT_FOR_CONCURRENT_GC blocked 10ms
D/ONIONKIT( 2158): Basic Constraints=CA:true
D/ONIONKIT( 2158): Basic Constraints: pathLen=0
D/ONIONKIT( 2158): KeyUsage=6;#03020106
D/ONIONKIT( 2158): SUCCESS: verified issuer: CN=GlobalSign Organization Validation CA - G2, O=GlobalSign nv-sa, C=BE
D/ONIONKIT( 2158): 1: verifying cert issuer for: CN=GlobalSign Organization Validation CA - G2, O=GlobalSign nv-sa, C=BE; SHA1WithRSA
D/ONIONKIT( 2158): searching store for issuer: CN=GlobalSign Root CA, OU=Root CA, O=GlobalSign nv-sa, C=BE
D/dalvikvm( 3063): GC_FOR_ALLOC freed 114K, 4% free 10603K/10984K, paused 22ms, total 22ms
I/dalvikvm-heap( 3063): Grow heap (frag case) to 10.626MB for 260112-byte allocation
D/dalvikvm( 3063): GC_FOR_ALLOC freed 126K, 5% free 10731K/11240K, paused 20ms, total 20ms
D/ONIONKIT( 2158): found issuer for current cert in chain in ROOT CA store: C=BE,O=GlobalSign nv-sa,OU=Root CA,CN=GlobalSign Root CA
D/ONIONKIT( 2158): SUCCESS: verified issuer: CN=GlobalSign Root CA, OU=Root CA, O=GlobalSign nv-sa, C=BE
I/ActivityManager( 390): No longer want com.vyclone.angles (pid 2599): empty #17
I/Gmail ( 2938): calculateUnknownSyncRationalesAndPurgeInBackground: running
I/Gmail ( 2938): calculateUnknownSyncRationalesAndPurgeInBackground: running
D/dalvikvm( 3063): GC_FOR_ALLOC freed 373K, 5% free 10850K/11368K, paused 21ms, total 21ms
D/dalvikvm( 3063): GC_FOR_ALLOC freed 126K, 4% free 10978K/11368K, paused 18ms, total 18ms
I/Gmail ( 2938): calculateUnknownSyncRationalesAndPurgeInBackground: queueing
I/Gmail ( 2938): calculateUnknownSyncRationalesAndPurgeInBackground: queueing
D/dalvikvm( 3063): GC_FOR_ALLOC freed 369K, 5% free 11096K/11608K, paused 20ms, total 20ms
D/dalvikvm( 2938): GC_CONCURRENT freed 283K, 3% free 10069K/10380K, paused 3ms+12ms, total 56ms
I/Gmail ( 2938): calculateUnknownSyncRationalesAndPurgeInBackground: running
I/Gmail ( 2938): calculateUnknownSyncRationalesAndPurgeInBackground: running
I/Gmail ( 2938): calculateUnknownSyncRationalesAndPurgeInBackground: queueing
D/dalvikvm( 698): GC_CONCURRENT freed 555K, 6% free 10805K/11388K, paused 6ms+4ms, total 125ms
D/dalvikvm( 698): WAIT_FOR_CONCURRENT_GC blocked 14ms
D/dalvikvm( 698): WAIT_FOR_CONCURRENT_GC blocked 17ms
I/Gmail ( 2938): calculateUnknownSyncRationalesAndPurgeInBackground: queueing
D/dalvikvm( 3063): GC_CONCURRENT freed 421K, 5% free 11362K/11856K, paused 3ms+5ms, total 26ms
I/Gmail ( 2938): calculateUnknownSyncRationalesAndPurgeInBackground: running
I/Gmail ( 2938): calculateUnknownSyncRationalesAndPurgeInBackground: running
I/GCoreUlr( 698): Ensuring that reporting is active
I/GCoreUlr( 698): GMS FLP location updates requested at interval 60000ms
D/dalvikvm( 740): GC_EXPLICIT freed 175K, 5% free 9697K/10148K, paused 2ms+4ms, total 29ms
D/dalvikvm( 3063): GC_CONCURRENT freed 156K, 2% free 11938K/12124K, paused 2ms+9ms, total 39ms
D/dalvikvm( 2938): GC_CONCURRENT freed 442K, 4% free 10162K/10584K, paused 3ms+3ms, total 110ms
I/GCoreUlr( 698): Successfully inserted location
D/dalvikvm( 698): GC_CONCURRENT freed 650K, 6% free 10815K/11496K, paused 2ms+2ms, total 33ms
D/dalvikvm( 698): WAIT_FOR_CONCURRENT_GC blocked 12ms
I/GCoreUlr( 698): LocationReportingService sending 3 locations and 60 activities for account account#19#; requests: []
D/dalvikvm( 3063): GC_CONCURRENT freed 206K, 2% free 12697K/12932K, paused 3ms+4ms, total 33ms
D/dalvikvm( 698): GC_CONCURRENT freed 480K, 6% free 10879K/11496K, paused 3ms+2ms, total 32ms
D/XmlRpc ( 2158): metaWeblog.getPost3941iscdeepspinCharleswho
D/dalvikvm( 3063): GC_CONCURRENT freed 726K, 6% free 13136K/13892K, paused 3ms+2ms, total 38ms
D/dalvikvm( 2158): GC_CONCURRENT freed 12157K, 32% free 26052K/38236K, paused 3ms+7ms, total 129ms
D/dalvikvm( 2158): WAIT_FOR_CONCURRENT_GC blocked 106ms
D/dalvikvm( 2158): WAIT_FOR_CONCURRENT_GC blocked 100ms
D/dalvikvm( 759): GC_CONCURRENT freed 378K, 5% free 9306K/9712K, paused 2ms+12ms, total 27ms
W/ActivityManager( 390): Permission denied: checkComponentPermission() owningUid=10057
W/ActivityManager( 390): Permission denied: checkComponentPermission() owningUid=10057
W/ActivityManager( 390): Permission denied: checkComponentPermission() owningUid=10057
W/ActivityManager( 390): Permission denied: checkComponentPermission() owningUid=10057
W/ActivityManager( 390): Permission denied: checkComponentPermission() owningUid=10057
W/ActivityManager( 390): Permission denied: checkComponentPermission() owningUid=10057
W/ActivityManager( 390): Permission denied: checkComponentPermission() owningUid=10057
W/ActivityManager( 390): Permission denied: checkComponentPermission() owningUid=10057
W/ActivityManager( 390): Permission denied: checkComponentPermission() owningUid=10057
W/ActivityManager( 390): Permission denied: checkComponentPermission() owningUid=10057
D/StrongHTTPS( 2158): not proxying
D/gp.PicasaPhotoCP( 3063): set fsid first time:-1
D/dalvikvm( 3063): GC_CONCURRENT freed 335K, 3% free 14243K/14604K, paused 3ms+3ms, total 45ms
D/dalvikvm( 3063): WAIT_FOR_CONCURRENT_GC blocked 18ms
D/dalvikvm( 3063): WAIT_FOR_CONCURRENT_GC blocked 17ms
I/ActivityManager( 390): Start proc com.facebook.katana:dash for broadcast com.facebook.katana/com.facebook.dash.launchables.receiver.LaunchablesReceiver: pid=3098 uid=10111 gids={50111, 3003, 1006, 1015, 1028}
D/dalvikvm( 130): GC_EXPLICIT freed 39K, 1% free 8825K/8892K, paused 1ms+3ms, total 22ms
D/dalvikvm( 130): GC_EXPLICIT freed <1K, 1% free 8825K/8892K, paused 1ms+2ms, total 19ms
D/dalvikvm( 130): GC_EXPLICIT freed <1K, 1% free 8825K/8892K, paused 1ms+2ms, total 18ms
D/SyncManager( 390): setIsSyncable: Account {name=steve.wyshywaniuk@gmail.com, type=com.google}, provider com.google.android.apps.plus.content.EsGooglePhotoProvider, user 0 -> 0
D/SyncManager( 390): setIsSyncable: already set to 0, doing nothing
D/SyncManager( 390): setIsSyncable: Account {name=steve@smallworldnews.tv, type=com.google}, provider com.google.android.apps.plus.content.EsGooglePhotoProvider, user 0 -> 0
D/SyncManager( 390): setIsSyncable: already set to 0, doing nothing
D/SyncManager( 390): setIsSyncable: Account {name=smallworldnews@gmail.com, type=com.google}, provider com.google.android.apps.plus.content.EsGooglePhotoProvider, user 0 -> 0
D/SyncManager( 390): setIsSyncable: already set to 0, doing nothing
D/SyncManager( 390): setIsSyncable: Account {name=Apps@smallworldnews.tv, type=com.google}, provider com.google.android.apps.plus.content.EsGooglePhotoProvider, user 0 -> 0
D/SyncManager( 390): setIsSyncable: already set to 0, doing nothing
D/SyncManager( 390): setIsSyncable: Account {name=gordonbombay99ducks@gmail.com, type=com.google}, provider com.google.android.apps.plus.content.EsGooglePhotoProvider, user 0 -> 0
D/SyncManager( 390): setIsSyncable: already set to 0, doing nothing
D/dalvikvm( 1219): GC_CONCURRENT freed 373K, 5% free 9327K/9728K, paused 2ms+1ms, total 21ms
I/dalvikvm( 698): Jit: resizing JitTable from 4096 to 8192
D/dalvikvm( 3098): GC_CONCURRENT freed 177K, 3% free 9129K/9336K, paused 3ms+2ms, total 37ms
D/dalvikvm( 3098): GC_CONCURRENT freed 138K, 2% free 9511K/9668K, paused 2ms+1ms, total 21ms
D/ONIONKIT( 2158): 0: verifying cert issuer for: CN=ssl3043.cloudflare.com, O="CloudFlare, Inc.", L=San Francisco, ST=CA, C=US; SHA1WithRSA
D/ONIONKIT( 2158): found issuer for current cert in chain: CN=GlobalSign Organization Validation CA - G2, O=GlobalSign nv-sa, C=BE; SHA1WithRSA
D/ONIONKIT( 2158): searching store for issuer: CN=GlobalSign Organization Validation CA - G2, O=GlobalSign nv-sa, C=BE
D/dalvikvm( 3098): GC_CONCURRENT freed 136K, 2% free 9792K/9976K, paused 1ms+2ms, total 18ms
I/ActivityManager( 390): No longer want com.tripit (pid 2619): empty #17
D/CatchMeIfYouCan( 3098): Process (dash) ca: '/data/data/com.facebook.katana/app_cmiyc/0C66B38F48468E96F8008B6D5A2AE33B4A60265E01'
D/CatchMeIfYouCan( 3098): Process (dash) fc: '/data/data/com.facebook.katana/app_cmiyc/0C66B38F48468E96F8008B6D5A2AE33B4A60265E02'
D/CatchMeIfYouCan( 3098): Process (dash) cp: '('dash', 6, 60000, silent [true], restart [true], logout [true])'
D/ACRA ( 3098): ACRA is enabled for com.facebook.katana, intializing...
D/ONIONKIT( 2158): found matching subject cert in chain: verifying it can act as CA: CN=GlobalSign Organization Validation CA - G2, O=GlobalSign nv-sa, C=BE
D/ONIONKIT( 2158): Basic Constraints=CA:true
D/ONIONKIT( 2158): Basic Constraints: pathLen=0
D/ONIONKIT( 2158): KeyUsage=6;#03020106
D/ONIONKIT( 2158): SUCCESS: verified issuer: CN=GlobalSign Organization Validation CA - G2, O=GlobalSign nv-sa, C=BE
D/ONIONKIT( 2158): 1: verifying cert issuer for: CN=GlobalSign Organization Validation CA - G2, O=GlobalSign nv-sa, C=BE; SHA1WithRSA
D/ONIONKIT( 2158): searching store for issuer: CN=GlobalSign Root CA, OU=Root CA, O=GlobalSign nv-sa, C=BE
D/ACRA ( 3098): Looking for error files in /data/data/com.facebook.katana/app_acra-reports
D/ACRA ( 3098): Looking for error files in /data/data/com.facebook.katana/app_minidumps
D/dalvikvm( 3098): Trying to load lib /data/app-lib/com.facebook.katana-1/libfb_stl_shared.so 0x4167af40
D/dalvikvm( 3098): Added shared lib /data/app-lib/com.facebook.katana-1/libfb_stl_shared.so 0x4167af40
D/dalvikvm( 3098): No JNI_OnLoad found in /data/app-lib/com.facebook.katana-1/libfb_stl_shared.so 0x4167af40, skipping init
D/dalvikvm( 3098): Trying to load lib /data/app-lib/com.facebook.katana-1/libfb_breakpad_client.so 0x4167af40
D/dalvikvm( 3098): Added shared lib /data/app-lib/com.facebook.katana-1/libfb_breakpad_client.so 0x4167af40
D/ONIONKIT( 2158): found issuer for current cert in chain in ROOT CA store: C=BE,O=GlobalSign nv-sa,OU=Root CA,CN=GlobalSign Root CA
D/DexLibLoader( 3098): Deleting old version: /data/data/com.facebook.katana/app_dex/guava-10.0.1-fork.dex.0.jar
D/DexLibLoader( 3098): Deleting old version: /data/data/com.facebook.katana/app_dex/guava-10.0.1-fork.dex.1.jar
D/DexLibLoader( 3098): Deleting old version: /data/data/com.facebook.katana/app_dex/jackson-core-2.0.5.dex.0.jar
D/DexLibLoader( 3098): Deleting old version: /data/data/com.facebook.katana/app_dex/jackson-core-2.0.5.dex.1.jar
D/DexLibLoader( 3098): Deleting old version: /data/data/com.facebook.katana/app_dex/jackson-core-2.0.5.dex.2.jar
D/ONIONKIT( 2158): SUCCESS: verified issuer: CN=GlobalSign Root CA, OU=Root CA, O=GlobalSign nv-sa, C=BE
D/DexLibLoader( 3098): Deleting old version: /data/data/com.facebook.katana/app_dex/jackson-databind-2.0.5.dex.0.jar
D/DexLibLoader( 3098): Deleting old version: /data/data/com.facebook.katana/app_dex/jackson-databind-2.0.5.dex.1.jar
D/DexLibLoader( 3098): Deleting old version: /data/data/com.facebook.katana/app_dex/jackson-databind-2.0.5.dex.2.jar
D/DexLibLoader( 3098): Deleting old version: /data/data/com.facebook.katana/app_dex/jackson-databind-2.0.5.dex.3.jar
D/DexLibLoader( 3098): Deleting old version: /data/data/com.facebook.katana/app_dex/jackson-datatype-guava-2.0.4.dex.0.jar
D/DexLibLoader( 3098): Deleting old version: /data/data/com.facebook.katana/app_dex/jackson-datatype-guava-2.0.4.dex.1.jar
D/DexLibLoader( 3098): Deleting old version: /data/data/com.facebook.katana/app_dex/jackson-datatype-guava-2.0.4.dex.2.jar
D/DexLibLoader( 3098): Deleting old version: /data/data/com.facebook.katana/app_dex/diffutils-1.2.1.dex.0.jar
D/DexLibLoader( 3098): Deleting old version: /data/data/com.facebook.katana/app_dex/diffutils-1.2.1.dex.1.jar
D/DexLibLoader( 3098): Deleting old version: /data/data/com.facebook.katana/app_dex/nine_old_androids.dex.0.jar
D/DexLibLoader( 3098): Deleting old version: /data/data/com.facebook.katana/app_dex/nine_old_androids.dex.1.jar
D/DexLibLoader( 3098): Deleting old version: /data/data/com.facebook.katana/app_dex/nine_old_androids.dex.2.jar
D/DexLibLoader( 3098): Deleting old version: /data/data/com.facebook.katana/app_dex/nine_old_androids.dex.3.jar
V/DexLibLoader( 3098): Dex already copied
V/DexLibLoader( 3098): Creating class loader
D/dalvikvm( 3098): GC_CONCURRENT freed 376K, 4% free 9927K/10332K, paused 2ms+2ms, total 36ms
D/dalvikvm( 3098): WAIT_FOR_CONCURRENT_GC blocked 11ms
V/DexLibLoader( 3098): Finished creating class loader
D/dalvikvm( 698): GC_CONCURRENT freed 602K, 6% free 10962K/11596K, paused 5ms+3ms, total 126ms
D/dalvikvm( 698): WAIT_FOR_CONCURRENT_GC blocked 79ms
D/dalvikvm( 698): WAIT_FOR_CONCURRENT_GC blocked 81ms
D/dalvikvm( 2158): GC_CONCURRENT freed 4962K, 30% free 26836K/38236K, paused 6ms+5ms, total 175ms
D/dalvikvm( 2158): WAIT_FOR_CONCURRENT_GC blocked 30ms
D/dalvikvm( 3098): GC_CONCURRENT freed 16K, 1% free 10411K/10468K, paused 4ms+2ms, total 33ms
D/dalvikvm( 3098): WAIT_FOR_CONCURRENT_GC blocked 13ms
V/DexLibLoader( 3098): Preparing secondary program dexes.
V/DexLibLoader( 3098): Loaded 3 raw lines of metadata.
V/DexLibLoader( 3098): Secondary program dex metadata: secondary-1.dex.jar c0c3ad30529dde71bc67f5c947aa4ac404fc9e42 com.facebook.common.identifiers.SafeUUIDGenerator
V/DexLibLoader( 3098): Secondary program dex metadata: secondary-2.dex.jar 5ab0ea35d3d4bf663008fcd39f94405e41f1b864 com.facebook.auth.autosso.AutoSsoLoginService
V/DexLibLoader( 3098): Secondary program dex metadata: secondary-3.dex.jar fe8e1dd394a0e865e15f35e33617490a742a257a com.facebook.dash.externalintent.DashExternalIntentHandler
W/DexLibLoader( 3098): Unexpected file in program dex directory: /data/data/com.facebook.katana/app_secondary_program_dex/temp_dex_lock
V/DexLibLoader( 3098): Preparing to extract secondary-1.dex.jar to /data/data/com.facebook.katana/app_secondary_program_dex/program-c0c3ad30529dde71bc67f5c947aa4ac404fc9e426b5b4f73.dex.jar
V/DexLibLoader( 3098): Dex already copied
V/DexLibLoader( 3098): Creating class loader
V/DexLibLoader( 3098): Finished creating class loader
V/DexLibLoader( 3098): Preparing to extract secondary-2.dex.jar to /data/data/com.facebook.katana/app_secondary_program_dex/program-5ab0ea35d3d4bf663008fcd39f94405e41f1b8646b5b4f73.dex.jar
V/DexLibLoader( 3098): Dex already copied
V/DexLibLoader( 3098): Creating class loader
V/DexLibLoader( 3098): Finished creating class loader
V/DexLibLoader( 3098): Preparing to extract secondary-3.dex.jar to /data/data/com.facebook.katana/app_secondary_program_dex/program-fe8e1dd394a0e865e15f35e33617490a742a257a6b5b4f73.dex.jar
V/DexLibLoader( 3098): Dex already copied
V/DexLibLoader( 3098): Creating class loader
V/DexLibLoader( 3098): Finished creating class loader
V/DexLibLoader( 3098): Verifying classes from secondary dexes.
I/GAV2 ( 2997): Thread[GAThread,5,main]: No campaign data found.
D/DexLibLoader( 3098): DexLibLoader.ensureDexLoaded took 368 ms
I/ActivityThread( 3098): Pub com.facebook.katana.provider.LaunchablesProvider: com.facebook.dash.launchables.model.LaunchablesProvider V/com.facebook.base.app.AbstractApplicationLike( 3098): Forcing initialization of AsyncTask
D/MultiprocessConfigImpl( 3098): Multiprocess configuration com.facebook.photos.upload.PhotoUploadMultiprocessConfig state retrieved in 0 ms
I/MultiprocessConfigImpl( 3098): Multiprocess configuration com.facebook.photos.upload.PhotoUploadMultiprocessConfig state: false
D/MultiprocessConfigImpl( 3098): Multiprocess configuration com.facebook.prefs.multiprocess.FbSharedPreferencesMultiprocessConfig state retrieved in 1 ms
I/MultiprocessConfigImpl( 3098): Multiprocess configuration com.facebook.prefs.multiprocess.FbSharedPreferencesMultiprocessConfig state: false
D/MultiprocessConfigImpl( 3098): Multiprocess configuration com.facebook.ssl.gk.EnableSSLSessionTicketConfig state retrieved in 1 ms
I/MultiprocessConfigImpl( 3098): Multiprocess configuration com.facebook.ssl.gk.EnableSSLSessionTicketConfig state: true
D/MultiprocessConfigImpl( 3098): Multiprocess configuration com.facebook.katana.orca.MessengerInFb4aMultiprocessConfig state retrieved in 1 ms
I/MultiprocessConfigImpl( 3098): Multiprocess configuration com.facebook.katana.orca.MessengerInFb4aMultiprocessConfig state: false
D/MultiprocessConfigImpl( 3098): Multiprocess configuration com.facebook.analytics.service.AnalyticsServiceMultiprocessConfig state retrieved in 0 ms
I/MultiprocessConfigImpl( 3098): Multiprocess configuration com.facebook.analytics.service.AnalyticsServiceMultiprocessConfig state: false
I/GCoreUlr( 698): UserPreferences.update(RealReportingServer(auth), ConfigUpdate{mAccount=account#19#, mDefined=null, mReferenceVersion=null, mUnconditional=true, mPreservesVersion=true, mAmbiguous=null, mReportingEnabled=null, mHistoryEnabled=null, mServerMillis=null, mRestriction=null, mAuthorized=true, mDirty=null}
D/dalvikvm( 3098): GC_CONCURRENT freed 738K, 8% free 10128K/10904K, paused 12ms+5ms, total 45ms
D/dalvikvm( 390): GC_EXPLICIT freed 1367K, 10% free 23872K/26336K, paused 8ms+11ms, total 207ms
W/GCoreUlr( 698): sending intent to update reporting state
I/GCoreUlr( 698): Batch Location Update succeeded for account account#19#
D/dalvikvm( 3098): GC_CONCURRENT freed 216K, 6% free 10309K/10904K, paused 13ms+2ms, total 37ms
D/dalvikvm( 3098): WAIT_FOR_CONCURRENT_GC blocked 23ms
I/dalvikvm-heap( 3098): Grow heap (frag case) to 10.156MB for 68008-byte allocation
D/dalvikvm( 3098): GC_FOR_ALLOC freed <1K, 6% free 10375K/10972K, paused 22ms, total 22ms
I/ActivityManager( 390): No longer want com.google.android.apps.googlevoice (pid 2676): empty #17
I/ActivityManager( 390): No longer want com.twitter.android (pid 2635): empty #18
I/GCoreUlr( 698): Ensuring that reporting is active
I/GCoreUlr( 698): GMS FLP location updates requested at interval 60000ms
D/dalvikvm( 3098): GC_CONCURRENT freed 188K, 3% free 10653K/10972K, paused 3ms+4ms, total 30ms
D/dalvikvm( 3098): GC_CONCURRENT freed 234K, 3% free 10963K/11224K, paused 1ms+3ms, total 28ms
D/dalvikvm( 3098): GC_CONCURRENT freed 296K, 3% free 11305K/11628K, paused 2ms+2ms, total 28ms D/fb4a(:dash):BackgroundTaskController( 3098): setTagDisabled(interface com.facebook.contacts.database.ContactsTaskTag, true) D/fb4a(:dash):BackgroundTaskController( 3098): setTagDisabled(interface com.facebook.orca.background.MessagesDataTaskTag, true) D/fb4a(:dash):BackgroundTaskController( 3098): setTagDisabled(interface com.facebook.orca.background.MessagesLocalTaskTag, true) D/fb4a(:dash):HomeIntentHandlerHelper( 3098): Chosen launcher com.android.launcher of priority 2 I/fb4a(:dash):OrcaInjector( 3098): Created just-in-time provider for class com.facebook.mqtt.MqttSsl I/fb4a(:dash):OrcaInjector( 3098): Created just-in-time provider for class com.facebook.orca.abtest.MessagesQuickExperimentSpecificationHolder I/fb4a(:dash):OrcaInjector( 3098): Created just-in-time provider for class com.facebook.push.mqtt.abtest.MqttPushServiceExperimentSpecificationHolder
D/dalvikvm( 3098): GC_CONCURRENT freed 343K, 4% free 11772K/12152K, paused 3ms+10ms, total 72ms
D/AlertReceiver( 2885): onReceive: a=android.intent.action.PROVIDER_CHANGED Intent { act=android.intent.action.PROVIDER_CHANGED dat=content://com.android.calendar flg=0x10 cmp=com.google.android.calendar/com.android.calendar.alerts.AlertReceiver }
W/InputMethodManagerService( 390): Window already focused, ignoring focus gain of: com.android.internal.view.IInputMethodClient$Stub$Proxy@41f04b78 attribute=null, token = android.os.BinderProxy@416cca38
D/AlertService( 2885): 0 Action = android.intent.action.PROVIDER_CHANGED
I/ActivityManager( 390): Start proc com.android.launcher for broadcast com.android.launcher/com.android.launcher2.PreloadReceiver: pid=3132 uid=10028 gids={50028, 1028}
I/ActivityThread( 3132): Pub com.android.launcher2.settings: com.android.launcher2.LauncherProvider
W/Settings( 3098): Setting wifi_sleep_policy has moved from android.provider.Settings.System to android.provider.Settings.Global, returning read-only value.
D/dalvikvm( 2997): GC_CONCURRENT freed 366K, 4% free 9661K/10060K, paused 3ms+2ms, total 33ms
D/dalvikvm( 3098): GC_CONCURRENT freed 587K, 5% free 12171K/12784K, paused 3ms+3ms, total 52ms
D/dalvikvm( 3098): WAIT_FOR_CONCURRENT_GC blocked 22ms
D/dalvikvm( 698): GC_CONCURRENT freed 698K, 7% free 10982K/11708K, paused 3ms+4ms, total 43ms
D/dalvikvm( 698): WAIT_FOR_CONCURRENT_GC blocked 29ms
I/GCoreUlr( 698): Successfully inserted location
I/GCoreUlr( 698): Not calling LocationReportingService, hasMoved: false, elapsed millis: 4077, request: Phone
D/AlertService( 2885): Beginning updateAlertNotification
D/AlertService( 2885): No fired or scheduled alerts
D/AlertService( 2885): Scheduling next alarm with AlarmScheduler. sEventReminderReceived: null
D/AlarmScheduler( 2885): Query result count for events starting within 1 week: 8
D/AlarmScheduler( 2885): Scheduling alarm for EVENT_REMINDER_APP broadcast for event 511 at 1376778890197 (Sat, Aug 17, 2013 03:34pm)
I/ActivityManager( 390): No longer want com.csipsimple (pid 2663): empty #17
I/ActivityManager( 390): No longer want com.csipsimple:sipStack (pid 2650): empty #18
I/Posix ( 2158): path: /storage/emulated/0/Android/data/info.guardianproject.mrapp/files/stories/1/1376688167035smktmp.jpg 0 0
I/Posix ( 2158): sqlfs_proc_open
I/Posix ( 2158): path: /storage/emulated/0/Android/data/info.guardianproject.mrapp/files/stories/2/1376692404993smktmp.jpg 0 0
I/Posix ( 2158): sqlfs_proc_open
I/Choreographer( 2158): Skipped 88 frames! The application may be doing too much work on its main thread.
I/Posix ( 2158): path: /storage/emulated/0/Android/data/info.guardianproject.mrapp/files/stories/1/1376688167035smktmp.jpg 0 0
I/Posix ( 2158): sqlfs_proc_open
I/Posix ( 2158): path: /storage/emulated/0/Android/data/info.guardianproject.mrapp/files/stories/2/1376692404993smktmp.jpg 0 0
I/Posix ( 2158): sqlfs_proc_open
D/LightsService( 390): Excessive delay setting light: 67ms
D/HockeyApp( 2158): Current handler class = net.hockeyapp.android.internal.ExceptionHandler
I/Posix ( 2158): path: /storage/emulated/0/Android/data/info.guardianproject.mrapp/files/stories/2/1376692404993smktmp.jpg 0 0
I/Posix ( 2158): sqlfs_proc_open
D/dalvikvm( 390): GC_EXPLICIT freed 1855K, 11% free 23985K/26708K, paused 3ms+7ms, total 100ms
I/Posix ( 2158): path: /storage/emulated/0/Android/data/info.guardianproject.mrapp/files/stories/1/1376688167035smktmp.jpg 0 0
I/Posix ( 2158): sqlfs_proc_open
I/Choreographer( 2158): Skipped 68 frames! The application may be doing too much work on its main thread.
I/ActivityManager( 390): START u0 {cmp=info.guardianproject.mrapp/.SceneEditorActivity (has extras)} from pid 2158
I/Posix ( 2158): path: /storage/emulated/0/Android/data/info.guardianproject.mrapp/files/stories/2/1376692404993smktmp.jpg 0 0
I/Posix ( 2158): sqlfs_proc_open
V/CustomViewBehind( 2158): behind INVISIBLE
I/Choreographer( 2158): Skipped 35 frames! The application may be doing too much work on its main thread.
I/ActivityManager( 390): Displayed info.guardianproject.mrapp/.SceneEditorActivity: +966ms
I/ActivityManager( 390): Start proc com.android.systemui:screenshot for service com.android.systemui/.screenshot.TakeScreenshotService: pid=3160 uid=10045 gids={50045, 1028, 1015, 3002, 3001}
D/PermissionCache( 129): checking android.permission.READ_FRAME_BUFFER for uid=10045 => granted (305 us)
D/libEGL ( 3160): loaded /vendor/lib/egl/libEGL_POWERVR_SGX540_120.so
D/libEGL ( 3160): loaded /vendor/lib/egl/libGLESv1_CM_POWERVR_SGX540_120.so
D/libEGL ( 3160): loaded /vendor/lib/egl/libGLESv2_POWERVR_SGX540_120.so
D/OpenGLRenderer( 3160): Enabling debug mode 0
D/dalvikvm( 3160): GC_FOR_ALLOC freed 106K, 2% free 9020K/9156K, paused 25ms, total 26ms
I/dalvikvm-heap( 3160): Grow heap (frag case) to 10.811MB for 2073616-byte allocation
D/dalvikvm( 3160): GC_FOR_ALLOC freed 1K, 2% free 11044K/11184K, paused 19ms, total 19ms
D/dalvikvm( 3160): GC_CONCURRENT freed <1K, 2% free 11044K/11184K, paused 5ms+2ms, total 22ms
D/dalvikvm( 390): GC_FOR_ALLOC freed 617K, 11% free 23889K/26708K, paused 75ms, total 75ms
I/dalvikvm-heap( 390): Grow heap (frag case) to 25.336MB for 2073616-byte allocation
D/dalvikvm( 390): GC_FOR_ALLOC freed 40K, 10% free 25874K/28736K, paused 101ms, total 101ms
D/dalvikvm( 494): GC_FOR_ALLOC freed 634K, 5% free 14367K/15024K, paused 29ms, total 29ms
I/dalvikvm-heap( 494): Grow heap (frag case) to 16.028MB for 2073616-byte allocation
D/dalvikvm( 494): GC_CONCURRENT freed 481K, 7% free 15910K/17052K, paused 5ms+3ms, total 46ms
D/dalvikvm( 494): WAIT_FOR_CONCURRENT_GC blocked 7ms
I/PowerManagerService( 390): Going to sleep by user request...
D/dalvikvm( 3098): GC_CONCURRENT freed 1026K, 8% free 12247K/13304K, paused 3ms+3ms, total 44ms
I/WindowManager( 390): No lock screen!
D/LightsService( 390): Excessive delay setting light: 61ms
D/SurfaceFlinger( 129): Screen released, type=0 flinger=0x40f07318
I/ActivityManager( 390): No longer want com.yahoo.mobile.client.android.flickr:com.yahoo.snp.service (pid 2691): empty #17
V/TransportControlView( 390): Create TCV com.android.internal.policy.impl.keyguard.KeyguardTransportControlView{41ef62f8 V.E..... ......I. 0,0-0,0 #1020308 android:id/keyguard_transport_control}
D/dalvikvm( 2870): GC_CONCURRENT freed 208K, 3% free 9015K/9252K, paused 13ms+2ms, total 44ms
D/PhoneStatusBar( 494): disable: < expand icons alerts ticker system_info back home RECENT* clock search > D/dalvikvm( 390): JIT code cache reset in 10 ms (1048552 bytes 1/0)
D/dalvikvm( 390): GC_FOR_ALLOC freed 737K, 8% free 26673K/28964K, paused 132ms, total 132ms
I/dalvikvm-heap( 390): Grow heap (frag case) to 29.330MB for 3409936-byte allocation
D/dalvikvm( 390): GC_FOR_ALLOC freed 40K, 8% free 29962K/32296K, paused 111ms, total 111ms
D/PhoneStatusBar( 494): disable: < expand icons alerts ticker system_info BACK* HOME* RECENT clock search > W/IdleConnectionHandler( 886): Removing a connection that never existed!