D/dalvikvm( 390): GC_EXPLICIT freed 76K, 8% free 23271K/25056K, paused 3ms+7ms, total 93ms
D/dalvikvm( 553): GC_CONCURRENT freed 398K, 5% free 9960K/10388K, paused 3ms+4ms, total 37ms
D/dalvikvm( 390): GC_EXPLICIT freed 77K, 8% free 23271K/25056K, paused 3ms+6ms, total 89ms
D/dalvikvm( 390): GC_EXPLICIT freed 77K, 8% free 23272K/25056K, paused 4ms+10ms, total 115ms
D/dalvikvm( 553): GC_CONCURRENT freed 398K, 5% free 9951K/10388K, paused 6ms+6ms, total 35ms
D/dalvikvm( 390): GC_EXPLICIT freed 76K, 8% free 23272K/25056K, paused 3ms+11ms, total 116ms
D/dalvikvm( 553): GC_CONCURRENT freed 397K, 5% free 9956K/10388K, paused 3ms+4ms, total 35ms
D/dalvikvm( 390): GC_EXPLICIT freed 76K, 8% free 23273K/25056K, paused 2ms+7ms, total 85ms
D/dalvikvm( 390): GC_EXPLICIT freed 77K, 8% free 23273K/25056K, paused 2ms+6ms, total 89ms
D/dalvikvm( 553): GC_CONCURRENT freed 396K, 5% free 9953K/10388K, paused 3ms+9ms, total 39ms
D/dalvikvm( 553): GC_CONCURRENT freed 583K, 7% free 9763K/10388K, paused 3ms+1ms, total 22ms
D/dalvikvm( 553): GC_CONCURRENT freed 386K, 6% free 9765K/10388K, paused 3ms+2ms, total 25ms
D/dalvikvm( 553): GC_CONCURRENT freed 409K, 6% free 9769K/10388K, paused 2ms+3ms, total 26ms
D/dalvikvm( 553): GC_CONCURRENT freed 419K, 6% free 9772K/10388K, paused 3ms+2ms, total 25ms
D/dalvikvm( 553): GC_CONCURRENT freed 417K, 6% free 9777K/10388K, paused 3ms+2ms, total 24ms
I/ActivityManager( 390): START u0 {cmp=info.guardianproject.mrapp/.SceneEditorActivity (has extras)} from pid 2158
D/dalvikvm( 2158): GC_CONCURRENT freed 461K, 4% free 11945K/12432K, paused 1ms+3ms, total 26ms
D/dalvikvm( 2158): WAIT_FOR_CONCURRENT_GC blocked 21ms
V/CustomViewBehind( 2158): behind INVISIBLE
I/ActivityManager( 390): Displayed info.guardianproject.mrapp/.SceneEditorActivity: +715ms
I/ActivityManager( 390): START u0 {cmp=info.guardianproject.mrapp/.media.OverlayCameraActivity (has extras)} from pid 2158
I/ActivityManager( 390): Config changed: {1.0 ?mcc?mnc en_US ldltr sw360dp w598dp h335dp 320dpi nrml land finger -keyb/v/h -nav/h s.6}
I/InputReader( 390): Reconfiguring input devices. changes=0x00000004
I/InputReader( 390): Device reconfigured: id=6, name='Melfas MMSxxx Touchscreen', size 720x1280, orientation 1, mode 1, display id 0
D/dalvikvm( 390): GC_EXPLICIT freed 1050K, 9% free 23272K/25428K, paused 3ms+7ms, total 104ms
E/ ( 132): num_cameras = 2
I/AwesomePlayer( 132): setDataSource_l(URL suppressed)
I/AwesomePlayer( 132): setDataSource_l(URL suppressed)
I/CameraClient( 132): Opening camera 0
I/CameraHAL( 132): camera_device open
D/dalvikvm( 2158): GC_FOR_ALLOC freed 97K, 4% free 12196K/12632K, paused 31ms, total 32ms
I/dalvikvm-heap( 2158): Grow heap (frag case) to 15.219MB for 3444496-byte allocation
D/dalvikvm( 2158): GC_FOR_ALLOC freed 298K, 5% free 15261K/15996K, paused 28ms, total 28ms
D/dalvikvm( 2158): GC_CONCURRENT freed 1K, 5% free 15260K/15996K, paused 3ms+3ms, total 26ms
D/dalvikvm( 2158): GC_FOR_ALLOC freed <1K, 5% free 15260K/15996K, paused 17ms, total 17ms
I/dalvikvm-heap( 2158): Grow heap (frag case) to 18.211MB for 3444496-byte allocation
D/dalvikvm( 2158): GC_FOR_ALLOC freed 0K, 4% free 18624K/19360K, paused 28ms, total 28ms
D/dalvikvm( 2158): GC_CONCURRENT freed 6K, 4% free 18642K/19360K, paused 5ms+6ms, total 45ms
I/Choreographer( 2158): Skipped 79 frames! The application may be doing too much work on its main thread.
D/ ( 132): PPM: Standby to first shot: Sensor Change completed - :496.612 ms : 1376692400796 ms
I/ActivityManager( 390): Displayed info.guardianproject.mrapp/.media.OverlayCameraActivity: +1s811ms
D/dalvikvm( 390): GC_EXPLICIT freed 62K, 9% free 23241K/25428K, paused 7ms+9ms, total 139ms
W/SocketClient( 126): write error (Broken pipe)
W/ThrottleService( 390): unable to find stats for iface rmnet0
E/ThrottleService( 390): Error reading data file
I/ActivitySwipeDetector( 2158): Swipe was only 16.308716 long, need at least 100
I/ActivitySwipeDetector( 2158): Swipe was only 16.308716 long, need at least 100
E/CameraHAL( 132): Adapter state switch PREVIEW_ACTIVE Invalid Op! event = 0xf
I/CameraClient( 132): Destroying camera 0
W/AudioFlinger( 132): session id 34 not found for pid 132
W/AudioFlinger( 132): session id 35 not found for pid 132
I/ActivityManager( 390): START u0 {cmp=info.guardianproject.mrapp/.ciphercam.CameraActivity (has extras)} from pid 2158
W/InputMethodManagerService( 390): Focus gain on non-focused client com.android.internal.view.IInputMethodClient$Stub$Proxy@41d4ea20 (uid=10128 pid=2158)
D/CameraActivity( 2158): mPath: /storage/emulated/0/Android/data/info.guardianproject.mrapp/files/stories/2/1376692404993smktmp.jpg
I/AwesomePlayer( 132): setDataSource_l(URL suppressed)
I/AwesomePlayer( 132): setDataSource_l(URL suppressed)
I/CameraClient( 132): Opening camera 0
I/CameraHAL( 132): camera_device open
D/DOMX ( 132): ERROR: failed check:(eError == OMX_ErrorNone) || (eError == OMX_ErrorNoMore) - returning error: 0x80001005 - Error returned from OMX API in ducati
E/CameraHAL( 132): Error while configuring rotation 0x80001005
D/DOMX ( 132): ERROR: failed check:(eError == OMX_ErrorNone) || (eError == OMX_ErrorNoMore) - returning error: 0x80001005 - Error returned from OMX API in ducati
E/CameraHAL( 132): Error while configuring rotation 0x80001005
I/Choreographer( 2158): Skipped 38 frames! The application may be doing too much work on its main thread.
D/ ( 132): PPM: Standby to first shot: Sensor Change completed - :491.821 ms : 1376692405946 ms
I/ActivityManager( 390): Displayed info.guardianproject.mrapp/.ciphercam.CameraActivity: +832ms
W/ActivityManager( 390): Duplicate finish request for ActivityRecord{41d46860 u0 info.guardianproject.mrapp/.media.OverlayCameraActivity}
W/ActivityManager( 390): Duplicate finish request for ActivityRecord{41d46860 u0 info.guardianproject.mrapp/.media.OverlayCameraActivity}
D/ ( 132): PPM: Shot to snapshot: :278.46 ms : 1376692413087 ms
D/ ( 132): PPM: Shot to Jpeg: :393.616 ms : 1376692413202 ms
D/foo ( 2158): [B@420a9840
I/Posix ( 2158): path: /storage/emulated/0/Android/data/info.guardianproject.mrapp/files/stories/2/1376692404993smktmp.jpg 241 600
I/Posix ( 2158): sqlfs_proc_create
D/CameraActivity( 2158): onPictureTaken - wrote bytes: 1311303
D/CameraActivity( 2158): onPictureTaken - jpeg
D/MediaProjectManager( 2158): added new media to project: /storage/emulated/0/Android/data/info.guardianproject.mrapp/files/stories/2/1376692404993smktmp.jpg
I/Posix ( 2158): path: /storage/emulated/0/Android/data/info.guardianproject.mrapp/files/stories/2/1376692404993smktmp.jpg 0 0
I/Posix ( 2158): sqlfs_proc_open
I/dalvikvm( 390): Jit: resizing JitTable from 8192 to 16384
E/CameraHAL( 132): Adapter state switch PREVIEW_ACTIVE Invalid Op! event = 0x5
I/CameraClient( 132): Destroying camera 0
W/AudioFlinger( 132): session id 37 not found for pid 132
W/AudioFlinger( 132): session id 38 not found for pid 132
V/CustomViewBehind( 2158): behind INVISIBLE
I/InputReader( 390): Reconfiguring input devices. changes=0x00000004
I/InputReader( 390): Device reconfigured: id=6, name='Melfas MMSxxx Touchscreen', size 720x1280, orientation 0, mode 1, display id 0
I/ActivityManager( 390): Config changed: {1.0 ?mcc?mnc en_US ldltr sw360dp w360dp h567dp 320dpi nrml port finger -keyb/v/h -nav/h s.7}
V/CustomViewBehind( 2158): behind INVISIBLE
I/Posix ( 2158): path: /storage/emulated/0/Android/data/info.guardianproject.mrapp/files/stories/2/1376692404993smktmp.jpg 0 0
I/Posix ( 2158): sqlfs_proc_open
D/dalvikvm( 2158): GC_CONCURRENT freed 5582K, 26% free 16252K/21880K, paused 4ms+3ms, total 64ms
D/dalvikvm( 390): GC_EXPLICIT freed 982K, 9% free 23262K/25428K, paused 11ms+11ms, total 153ms
I/Posix ( 2158): path: /storage/emulated/0/Android/data/info.guardianproject.mrapp/files/stories/2/1376692404993smktmp.jpg 0 0
I/Posix ( 2158): sqlfs_proc_open
I/Choreographer( 2158): Skipped 44 frames! The application may be doing too much work on its main thread.
W/BufferQueue( 129): [info.guardianproject.mrapp/info.guardianproject.mrapp.SceneEditorActivity] cancelBuffer: BufferQueue has been abandoned!
I/Posix ( 2158): path: /storage/emulated/0/Android/data/info.guardianproject.mrapp/files/stories/2/1376692404993smktmp.jpg 0 0
I/Posix ( 2158): sqlfs_proc_open
D/dalvikvm( 886): GC_CONCURRENT freed 1740K, 14% free 14210K/16364K, paused 5ms+5ms, total 83ms
D/dalvikvm( 886): WAIT_FOR_CONCURRENT_GC blocked 28ms W/fb4a(:):BlueServiceQueue( 886): Exception during service W/fb4a(:):BlueServiceQueue( 886): java.net.UnknownHostException: Unable to resolve host "graph.facebook.com": No address associated with hostname W/fb4a(:):BlueServiceQueue( 886): at java.net.InetAddress.lookupHostByName(InetAddress.java:424) W/fb4a(:):BlueServiceQueue( 886): at java.net.InetAddress.getAllByNameImpl(InetAddress.java:236) W/fb4a(:):BlueServiceQueue( 886): at java.net.InetAddress.getAllByName(InetAddress.java:214) W/fb4a(:):BlueServiceQueue( 886): at com.facebook.http.common.FbHttpClientConnectionOperator.openConnection(FbHttpClientConnectionOperator.java:101) W/fb4a(:):BlueServiceQueue( 886): at org.apache.http.impl.conn.AbstractPoolEntry.open(AbstractPoolEntry.java:164) W/fb4a(:):BlueServiceQueue( 886): at org.apache.http.impl.conn.AbstractPooledConnAdapter.open(AbstractPooledConnAdapter.java:119) W/fb4a(:):BlueServiceQueue( 886): at org.apache.http.impl.client.DefaultRequestDirector.execute(DefaultRequestDirector.java:360) W/fb4a(:):BlueServiceQueue( 886): at org.apache.http.impl.client.AbstractHttpClient.execute(AbstractHttpClient.java:555) W/fb4a(:):BlueServiceQueue( 886): at com.facebook.http.common.FbHttpClientImpl.execute(FbHttpClientImpl.java:208) W/fb4a(:):BlueServiceQueue( 886): at com.facebook.http.common.FbHttpClientImpl.execute(FbHttpClientImpl.java:194) W/fb4a(:):BlueServiceQueue( 886): at com.facebook.zero.rewrite.ZeroAwareFbHttpClient.execute(ZeroAwareFbHttpClient.java:80) W/fb4a(:):BlueServiceQueue( 886): at com.facebook.http.common.FbHttpRequestProcessor.a(FbHttpRequestProcessor.java:133) W/fb4a(:):BlueServiceQueue( 886): at com.facebook.http.common.FbHttpRequestProcessor.a(FbHttpRequestProcessor.java:282) W/fb4a(:):BlueServiceQueue( 886): at com.facebook.http.protocol.SingleMethodRunnerImpl.a(SingleMethodRunnerImpl.java:373) W/fb4a(:):BlueServiceQueue( 886): at com.facebook.http.protocol.SingleMethodRunnerImpl.a(SingleMethodRunnerImpl.java:149) W/fb4a(:):BlueServiceQueue( 886): at com.facebook.http.protocol.ApiMethodRunnerImpl.a(ApiMethodRunnerImpl.java:39) W/fb4a(:):BlueServiceQueue( 886): at com.facebook.http.protocol.ApiMethodRunnerImpl.a(ApiMethodRunnerImpl.java:31) W/fb4a(:):BlueServiceQueue( 886): at com.facebook.orca.protocol.WebServiceHandler.b(WebServiceHandler.java:271) W/fb4a(:):BlueServiceQueue( 886): at com.facebook.orca.server.AbstractBlueServiceHandlerFilter.a(AbstractBlueServiceHandlerFilter.java:31) W/fb4a(:):BlueServiceQueue( 886): at com.facebook.fbservice.service.FilterChainLink.a(FilterChainLink.java:20) W/fb4a(:):BlueServiceQueue( 886): at com.facebook.orca.dispatch.DispatchServiceHandler.b(DispatchServiceHandler.java:82) W/fb4a(:):BlueServiceQueue( 886): at com.facebook.orca.server.AbstractBlueServiceHandlerFilter.a(AbstractBlueServiceHandlerFilter.java:31) W/fb4a(:):BlueServiceQueue( 886): at com.facebook.fbservice.service.FilterChainLink.a(FilterChainLink.java:20) W/fb4a(:):BlueServiceQueue( 886): at com.facebook.orca.database.DbServiceHandler.b(DbServiceHandler.java:252) W/fb4a(:):BlueServiceQueue( 886): at com.facebook.orca.server.AbstractBlueServiceHandlerFilter.a(AbstractBlueServiceHandlerFilter.java:31) W/fb4a(:):BlueServiceQueue( 886): at com.facebook.fbservice.service.FilterChainLink.a(FilterChainLink.java:20) W/fb4a(:):BlueServiceQueue( 886): at com.facebook.fbservice.handlers.RemoteStubHandler.a(RemoteStubHandler.java:31) W/fb4a(:):BlueServiceQueue( 886): at com.facebook.fbservice.service.FilterChainLink.a(FilterChainLink.java:20) W/fb4a(:):BlueServiceQueue( 886): at com.facebook.fbservice.handlers.RemoteProxyHandler.a(RemoteProxyHandler.java:60) W/fb4a(:):BlueServiceQueue( 886): at com.facebook.orca.cache.CacheServiceHandler.b(CacheServiceHandler.java:102) W/fb4a(:):BlueServiceQueue( 886): at com.facebook.orca.server.AbstractBlueServiceHandlerFilter.a(AbstractBlueServiceHandlerFilter.java:31) W/fb4a(:):BlueServiceQueue( 886): at com.facebook.fbservice.service.FilterChainLink.a(FilterChainLink.java:20) W/fb4a(:):BlueServiceQueue( 886): at com.facebook.orca.merge.MergeServiceHandler.b(MergeServiceHandler.java:174) W/fb4a(:):BlueServiceQueue( 886): at com.facebook.orca.server.AbstractBlueServiceHandlerFilter.a(AbstractBlueServiceHandlerFilter.java:31) W/fb4a(:):BlueServiceQueue( 886): at com.facebook.fbservice.service.FilterChainLink.a(FilterChainLink.java:20) W/fb4a(:):BlueServiceQueue( 886): at com.facebook.fbservice.service.BlueServiceQueue.d(BlueServiceQueue.java:293) W/fb4a(:):BlueServiceQueue( 886): at com.facebook.fbservice.service.BlueServiceQueue.d(BlueServiceQueue.java:53) W/fb4a(:):BlueServiceQueue( 886): at com.facebook.fbservice.service.BlueServiceQueue$3.run(BlueServiceQueue.java:230) W/fb4a(:):BlueServiceQueue( 886): at java.util.concurrent.Executors$RunnableAdapter.call(Executors.java:390) W/fb4a(:):BlueServiceQueue( 886): at java.util.concurrent.FutureTask.run(FutureTask.java:234) W/fb4a(:):BlueServiceQueue( 886): at com.facebook.common.executors.HandlerExecutorServiceImpl$ListenableScheduledFuture.run(HandlerExecutorServiceImpl.java:268) W/fb4a(:):BlueServiceQueue( 886): at android.os.Handler.handleCallback(Handler.java:725) W/fb4a(:):BlueServiceQueue( 886): at android.os.Handler.dispatchMessage(Handler.java:92) W/fb4a(:):BlueServiceQueue( 886): at android.os.Looper.loop(Looper.java:137) W/fb4a(:):BlueServiceQueue( 886): at android.os.HandlerThread.run(HandlerThread.java:60) W/fb4a(:):BlueServiceQueue( 886): Caused by: libcore.io.GaiException: getaddrinfo failed: EAI_NODATA (No address associated with hostname) W/fb4a(:):BlueServiceQueue( 886): at libcore.io.Posix.getaddrinfo(Native Method) W/fb4a(:):BlueServiceQueue( 886): at libcore.io.Forward
W/InputMethodManagerService( 390): Window already focused, ignoring focus gain of: com.android.internal.view.IInputMethodClient$Stub$Proxy@41d508e0 attribute=null, token = android.os.BinderProxy@416cca38
D/dalvikvm( 2158): GC_CONCURRENT freed 4882K, 37% free 13848K/21868K, paused 2ms+6ms, total 36ms
D/dalvikvm( 2158): WAIT_FOR_CONCURRENT_GC blocked 18ms
D/dalvikvm( 2158): GC_CONCURRENT freed 1165K, 35% free 14359K/21868K, paused 2ms+4ms, total 38ms
D/dalvikvm( 2158): WAIT_FOR_CONCURRENT_GC blocked 22ms
I/dalvikvm( 2158): Jit: resizing JitTable from 4096 to 8192
D/dalvikvm( 2158): GC_CONCURRENT freed 1349K, 33% free 14857K/21868K, paused 1ms+3ms, total 64ms
D/dalvikvm( 2158): WAIT_FOR_CONCURRENT_GC blocked 15ms
I/Posix ( 2158): path: /storage/emulated/0/Pictures/IOCipher+Samsung+Galaxy+test16082013153349.jpg c2 600
I/Posix ( 2158): sqlfs_proc_create
I/Posix ( 2158): path: /storage/emulated/0/Android/data/info.guardianproject.mrapp/files/stories/2/1376692404993smktmp.jpg 0 0
I/Posix ( 2158): sqlfs_proc_open
I/Posix ( 2158): path: /storage/emulated/0/Pictures/IOCipher+Samsung+Galaxy+test16082013153349.jpg 241 600
I/Posix ( 2158): sqlfs_proc_open
D/StoryMaker( 2158): Logging into Wordpress: isc@https://storymaker.cc/xmlrpc.php
D/dalvikvm( 2158): GC_CONCURRENT freed 1116K, 28% free 15745K/21868K, paused 3ms+4ms, total 42ms
D/dalvikvm( 2158): WAIT_FOR_CONCURRENT_GC blocked 37ms
D/dalvikvm( 2158): GC_CONCURRENT freed 1120K, 23% free 16934K/21868K, paused 2ms+5ms, total 45ms
D/dalvikvm( 2158): WAIT_FOR_CONCURRENT_GC blocked 33ms
D/XmlRpc ( 2158): metaWeblog.getRecentPosts0iscdeepspinCharleswho1
D/dalvikvm( 2158): GC_CONCURRENT freed 1687K, 18% free 17952K/21868K, paused 3ms+3ms, total 55ms
D/dalvikvm( 2158): WAIT_FOR_CONCURRENT_GC blocked 12ms
D/dalvikvm( 2158): WAIT_FOR_CONCURRENT_GC blocked 38ms
D/dalvikvm( 2158): GC_CONCURRENT freed 2040K, 14% free 18957K/21868K, paused 2ms+4ms, total 75ms
D/dalvikvm( 2158): WAIT_FOR_CONCURRENT_GC blocked 42ms
D/dalvikvm( 2158): WAIT_FOR_CONCURRENT_GC blocked 59ms
D/StrongHTTPS( 2158): not proxying
E/StoryMaker( 2158): error posting
W/SocketClient( 126): write error (Broken pipe)
W/SocketClient( 126): write error (Broken pipe)
I/ActivityManager( 390): START u0 {act=android.settings.WIFI_SETTINGS flg=0x14000000 cmp=com.android.settings/.Settings$WifiSettingsActivity} from pid 494
W/System.err( 732): Removed 2131231194
W/System.err( 732): Removed 2131231203
I/ActivityManager( 390): Displayed com.android.settings/.Settings$WifiSettingsActivity: +615ms
W/IInputConnectionWrapper( 2158): showStatusIcon on inactive InputConnection
W/System.err( 732): Removed 2131231194
W/System.err( 732): Removed 2131231203
D/dalvikvm( 732): GC_CONCURRENT freed 188K, 3% free 10352K/10568K, paused 4ms+4ms, total 42ms
D/WifiService( 390): setWifiEnabled: true pid=732, uid=1000
D/SoftapController( 126): Softap fwReload - Ok
D/BluetoothAdapter( 732): 1097473040: getState() : mService = null. Returning STATE_OFF
D/CommandListener( 126): Setting iface cfg
D/CommandListener( 126): Trying to bring down wlan0
I/wpa_supplicant( 2347): Successfully initialized wpa_supplicant
I/wpa_supplicant( 2347): rfkill: Cannot open RFKILL control device
D/Tethering( 390): sendTetherStateChangedBroadcast 1, 0, 0
W/SocketClient( 126): write error (Broken pipe)
I/wpa_supplicant( 2347): rfkill: Cannot open RFKILL control device
D/BluetoothAdapter( 732): 1097473040: getState() : mService = null. Returning STATE_OFF
D/CommandListener( 126): Setting iface cfg
D/CommandListener( 126): Trying to bring up p2p0
I/wpa_supplicant( 2347): wlan0: Trying to associate with 00:30:0d:2e:7a:2d (SSID='SmallWorldNews.com' freq=2417 MHz)
D/dalvikvm( 732): GC_CONCURRENT freed 165K, 2% free 10587K/10780K, paused 9ms+7ms, total 43ms
I/wpa_supplicant( 2347): wlan0: Associated with 00:30:0d:2e:7a:2d
D/dalvikvm( 698): GC_FOR_ALLOC freed 409K, 7% free 10577K/11352K, paused 36ms, total 46ms
I/wpa_supplicant( 2347): wlan0: WPA: Key negotiation completed with 00:30:0d:2e:7a:2d [PTK=CCMP GTK=TKIP]
I/wpa_supplicant( 2347): wlan0: CTRL-EVENT-CONNECTED - Connection to 00:30:0d:2e:7a:2d completed (auth) [id=0 id_str=]
I/System.out( 698): [SEVERE:128178]: LogSource: AsyncHttpRequestImpl.run(): exception thrown : Unable to resolve host "www.google.com": No address associated with hostname: java.net.UnknownHostException
E/GlsClient-query( 698): requestFailed
D/dalvikvm( 732): GC_CONCURRENT freed 306K, 3% free 10783K/11116K, paused 3ms+6ms, total 31ms
D/DhcpInfoInternal( 390): makeLinkProperties with empty dns2!
D/DhcpInfoInternal( 390): makeLinkProperties with empty dns2!
D/ConnectivityService( 390): Captive portal check NetworkInfo: type: WIFI[], state: CONNECTING/CAPTIVE_PORTAL_CHECK, reason: (unspecified), extra: "SmallWorldNews.com", roaming: false, failover: false, isAvailable: true
D/ConnectivityService( 390): Captive portal check NetworkInfo: type: WIFI[], state: CONNECTING/CAPTIVE_PORTAL_CHECK, reason: (unspecified), extra: "SmallWorldNews.com", roaming: false, failover: false, isAvailable: true
D/ConnectivityService( 390): ConnectivityChange for WIFI: CONNECTED/CONNECTED
E/WifiStateMachine( 390): Error! unhandled message{ what=131092 when=-24ms }
D/ConnectivityService( 390): ConnectivityChange for WIFI: CONNECTED/CONNECTED
D/ConnectivityService( 390): handleConnectivityChange: address are the same reset per doReset linkProperty[1]: resetMask=0
D/dalvikvm( 732): GC_CONCURRENT freed 659K, 6% free 10727K/11412K, paused 5ms+7ms, total 50ms
D/dalvikvm( 732): GC_FOR_ALLOC freed 167K, 7% free 10675K/11412K, paused 19ms, total 19ms
I/wpa_supplicant( 2347): wlan0: WPA: Group rekeying completed with 00:30:0d:2e:7a:2d [GTK=TKIP]
D/Tethering( 390): MasterInitialState.processMessage what=3
D/SystemClock( 390): Setting time of day to sec=1376692453
D/Tethering( 390): MasterInitialState.processMessage what=3
W/Settings( 886): Setting wifi_sleep_policy has moved from android.provider.Settings.System to android.provider.Settings.Global, returning read-only value.
D/dalvikvm( 928): GC_CONCURRENT freed 307K, 5% free 9773K/10252K, paused 11ms+7ms, total 73ms
I/CheckinService( 740): Preparing to send checkin request
I/ActivityManager( 390): Start proc com.android.chrome for service com.android.chrome/com.google.android.apps.chrome.sync.ChromeBrowserSyncAdapterService: pid=2396 uid=10060 gids={50060, 1006, 3003, 1015, 1028}
I/EventLogService( 740): Accumulating logs since 1376691625347
D/UploadsManager( 2111): wifiOnlyPhoto changed to true
D/UploadsManager( 2111): wifiOnlyVideo changed to true
D/UploadsManager( 2111): syncOnBattery changed to true
D/PicasaSync( 2111): sync account database
D/dalvikvm( 928): GC_CONCURRENT freed 347K, 5% free 9828K/10252K, paused 4ms+2ms, total 75ms
D/dalvikvm( 553): GC_CONCURRENT freed 498K, 6% free 9790K/10384K, paused 15ms+3ms, total 136ms
D/dalvikvm( 553): WAIT_FOR_CONCURRENT_GC blocked 34ms
D/dalvikvm( 2396): GC_CONCURRENT freed 130K, 2% free 9098K/9256K, paused 7ms+34ms, total 56ms
D/GpsLocationProvider( 390): NTP server returned: 1376692450783 (Fri Aug 16 15:34:10 PDT 2013) reference: 171972 certainty: 74 system time offset: -3639
I/ActivityThread( 2396): Pub com.android.chrome.ChromeBrowserProvider;com.android.chrome.browser;com.android.chrome: com.google.android.apps.chrome.ChromeBrowserProvider
I/ActivityThread( 2396): Pub com.android.chrome.snapshot: com.google.android.apps.chrome.snapshot.SnapshotProvider
D/dalvikvm( 740): GC_CONCURRENT freed 239K, 3% free 9596K/9868K, paused 4ms+22ms, total 71ms
D/PicasaSync( 2111): accounts in DB=5
D/PicasaSyncManager( 2111): active network: NetworkInfo: type: WIFI[], state: CONNECTED/CONNECTED, reason: (unspecified), extra: "SmallWorldNews.com", roaming: false, failover: false, isAvailable: true
D/PicasaSyncManager( 2111): background data: true
D/ChromeBrowserSyncAdapter( 2396): delaying sync
D/ChromeBrowserSyncAdapter( 2396): delaying sync
I/ActivityManager( 390): Start proc com.google.android.apps.uploader for broadcast com.google.android.apps.uploader/com.google.android.picasasync.ConnectivityReceiver: pid=2425 uid=10031 gids={50031, 3003, 1015, 1028}
D/dalvikvm( 1219): GC_CONCURRENT freed 367K, 5% free 9136K/9532K, paused 34ms+6ms, total 110ms
D/ChromeBrowserSyncAdapter( 2396): delaying sync
I/ActivityThread( 2425): Pub com.google.android.apps.uploader.PicasaUploadProvider: com.google.android.picasasync.PicasaContentProvider1
I/DownloadManager( 553): Initiating request for download 1672
D/dalvikvm( 2425): GC_CONCURRENT freed 397K, 5% free 8872K/9296K, paused 2ms+3ms, total 30ms
I/ActivityManager( 390): Start proc com.google.android.apps.maps for broadcast com.google.android.apps.maps/com.google.userfeedback.android.api.FeedbackConnectivityReceiver: pid=2441 uid=10015 gids={50015, 3003, 1015, 1028}
I/GTalkService/c( 740): [AndroidEndpoint@1098258992] connect: acct=1000000, state=CONNECTING
D/dalvikvm( 390): GC_EXPLICIT freed 2338K, 9% free 23965K/26336K, paused 7ms+15ms, total 175ms
D/PicasaSyncManager( 2111): reject PrefetchAlbumCover (************************) because auto sync is off
D/PicasaUploader( 2425): wifiOnlyPhoto changed to true
D/PicasaUploader( 2425): wifiOnlyVideo changed to true
D/PicasaUploader( 2425): syncOnBattery changed to true
I/DownloadManager( 553): Initiating request for download 1673
D/ChromeBrowserSyncAdapter( 2396): delaying sync
D/PicasaSyncManager( 2111): reject PrefetchAlbumCover (**********************) because auto sync is off
D/PicasaUploaderSync( 2425): sync account database
D/PicasaSyncManager( 2111): reject PrefetchAlbumCover (*****************************) because auto sync is off
D/PicasaSyncManager( 2111): reject PrefetchAlbumCover (*****************************) because auto sync is off
I/DownloadManager( 553): Initiating request for download 1677
D/dalvikvm( 553): GC_CONCURRENT freed 348K, 6% free 9839K/10384K, paused 3ms+6ms, total 37ms
D/dalvikvm( 2441): GC_CONCURRENT freed 162K, 3% free 9157K/9348K, paused 13ms+3ms, total 38ms
I/DownloadManager( 553): Initiating request for download 1676
I/ActivityManager( 390): No longer want com.piggy.myfiles (pid 1964): empty #17
D/PicasaUploaderSync( 2425): accounts in DB=5
D/PicasaSyncManager( 2111): reject PrefetchScreenNail (************************) because auto sync is off
D/PicasaUploaderSyncManager( 2425): active network: NetworkInfo: type: WIFI[], state: CONNECTED/CONNECTED, reason: (unspecified), extra: "SmallWorldNews.com", roaming: false, failover: false, isAvailable: true
D/PicasaUploaderSyncManager( 2425): background data: true
D/PicasaSyncManager( 2111): reject PrefetchScreenNail (**********************) because auto sync is off
D/PicasaSyncManager( 2111): reject PrefetchScreenNail (*****************************) because auto sync is off
D/PicasaSyncManager( 2111): reject PrefetchScreenNail (*****************************) because auto sync is off
D/PicasaSyncManager( 2111): battery info: true
D/PicasaUploaderSyncManager( 2425): battery info: true
I/ActivityThread( 2441): Pub com.google.android.maps.NavigationAvailabilityProvider: com.google.android.apps.gmm.navigation.util.NavigationAvailabilityProvider
D/PicasaSyncManager( 2111): reject PrefetchAlbumCover (************************) because auto sync is off
D/PicasaSyncManager( 2111): reject PrefetchAlbumCover (**********************) because auto sync is off
D/PicasaSyncManager( 2111): reject PrefetchAlbumCover (*****************************) because auto sync is off
D/PicasaSyncManager( 2111): reject PrefetchAlbumCover (*****************************) because auto sync is off
D/PicasaSyncManager( 2111): reject PrefetchScreenNail (************************) because auto sync is off
D/PicasaSyncManager( 2111): reject PrefetchScreenNail (**********************) because auto sync is off
D/PicasaSyncManager( 2111): reject PrefetchScreenNail (*****************************) because auto sync is off
D/PicasaSyncManager( 2111): reject PrefetchScreenNail (*****************************) because auto sync is off
W/GlConstants( 2441): No current context - attempting to create off-screen context
D/libEGL ( 2441): loaded /vendor/lib/egl/libEGL_POWERVR_SGX540_120.so
D/dalvikvm( 553): GC_FOR_ALLOC freed 290K, 5% free 9920K/10384K, paused 39ms, total 40ms
D/libEGL ( 2441): loaded /vendor/lib/egl/libGLESv1_CM_POWERVR_SGX540_120.so
D/libEGL ( 2441): loaded /vendor/lib/egl/libGLESv2_POWERVR_SGX540_120.so
I/GlConstants( 2441): Vendor Imagination Technologies
I/GlConstants( 2441): Version OpenGL ES 2.0 build 1.8@905891
I/GlConstants( 2441): maxTextureSize 2048
I/GlConstants( 2441): maxCombinedTextureImageUnits 8
I/GlConstants( 2441): maxVertexTextureImageUnits 8
I/GlConstants( 2441): maxSupportedLineWidth 16
I/GlConstants( 2441): stencilBits 8
I/GlConstants( 2441): stencilValueMax 128
I/GlConstants( 2441): GL_EXTENSIONS = [GL_EXT_DEBUG_MARKER, GL_OES_RGB8_RGBA8, GL_OES_DEPTH24, GL_OES_VERTEX_HALF_FLOAT, GL_OES_TEXTURE_FLOAT, GL_OES_TEXTURE_HALF_FLOAT, GL_OES_ELEMENT_INDEX_UINT, GL_OES_MAPBUFFER, GL_OES_FRAGMENT_PRECISION_HIGH, GL_OES_COMPRESSED_ETC1_RGB8_TEXTURE, GL_OES_EGL_IMAGE, GL_OES_EGL_IMAGE_EXTERNAL, GL_OES_REQUIRED_INTERNALFORMAT, GL_OES_DEPTH_TEXTURE, GL_OES_GET_PROGRAM_BINARY, GL_OES_PACKED_DEPTH_STENCIL, GL_OES_STANDARD_DERIVATIVES, GL_OES_VERTEX_ARRAY_OBJECT, GL_OES_EGL_SYNC, GL_EXT_MULTI_DRAW_ARRAYS, GL_EXT_TEXTURE_FORMAT_BGRA8888, GL_EXT_DISCARD_FRAMEBUFFER, GL_EXT_SHADER_TEXTURE_LOD, GL_IMG_SHADER_BINARY, GL_IMG_TEXTURE_COMPRESSION_PVRTC, GL_IMG_TEXTURE_NPOT, GL_IMG_TEXTURE_FORMAT_BGRA8888, GL_IMG_READ_FORMAT, GL_IMG_PROGRAM_BINARY, GL_IMG_MULTISAMPLED_RENDER_TO_TEXTURE]
D/dalvikvm( 740): GC_CONCURRENT freed 495K, 6% free 9615K/10140K, paused 4ms+6ms, total 46ms
D/dalvikvm( 740): WAIT_FOR_CONCURRENT_GC blocked 14ms
D/dalvikvm( 2441): GC_CONCURRENT freed 262K, 4% free 9333K/9624K, paused 3ms+3ms, total 19ms
D/dalvikvm( 740): GC_FOR_ALLOC freed 224K, 6% free 9547K/10152K, paused 16ms, total 16ms
D/dalvikvm( 2441): GC_CONCURRENT freed 269K, 4% free 9483K/9780K, paused 2ms+2ms, total 20ms
D/dalvikvm( 553): GC_FOR_ALLOC freed 208K, 5% free 10014K/10456K, paused 31ms, total 31ms
I/CheckinTask( 740): Sending checkin request (3401 bytes)
I/TextToSpeech( 2441): Sucessfully bound to com.google.android.tts
I/ActivityManager( 390): Start proc com.google.android.tts for service com.google.android.tts/.GoogleTTSService: pid=2486 uid=10023 gids={50023, 3003, 1015, 1028}
D/dalvikvm( 2441): GC_CONCURRENT freed 268K, 3% free 9696K/9992K, paused 5ms+9ms, total 41ms
D/StrictMode( 2441): StrictMode policy violation; ~duration=182 ms: android.os.StrictMode$StrictModeDiskReadViolation: policy=287 violation=2
D/StrictMode( 2441): at android.os.StrictMode$AndroidBlockGuardPolicy.onReadFromDisk(StrictMode.java:1107)
D/StrictMode( 2441): at android.database.sqlite.SQLiteConnection.applyBlockGuardPolicy(SQLiteConnection.java:1034)
D/StrictMode( 2441): at android.database.sqlite.SQLiteConnection.executeForCursorWindow(SQLiteConnection.java:835)
D/StrictMode( 2441): at android.database.sqlite.SQLiteSession.executeForCursorWindow(SQLiteSession.java:836)
D/StrictMode( 2441): at android.database.sqlite.SQLiteQuery.fillWindow(SQLiteQuery.java:62)
D/StrictMode( 2441): at android.database.sqlite.SQLiteCursor.fillWindow(SQLiteCursor.java:143)
D/StrictMode( 2441): at android.database.sqlite.SQLiteCursor.getCount(SQLiteCursor.java:133)
D/StrictMode( 2441): at android.database.CursorToBulkCursorAdaptor.getBulkCursorDescriptor(CursorToBulkCursorAdaptor.java:143)
D/StrictMode( 2441): at android.content.ContentProviderNative.onTransact(ContentProviderNative.java:118)
D/StrictMode( 2441): at android.os.Binder.execTransact(Binder.java:351)
D/StrictMode( 2441): at dalvik.system.NativeStart.run(Native Method)
D/StrictMode( 2441): # via Binder call with stack:
D/StrictMode( 2441): android.os.StrictMode$LogStackTrace
D/StrictMode( 2441): at android.os.StrictMode.readAndHandleBinderCallViolations(StrictMode.java:1656)
D/StrictMode( 2441): at android.os.Parcel.readExceptionCode(Parcel.java:1407)
D/StrictMode( 2441): at android.database.DatabaseUtils.readExceptionFromParcel(DatabaseUtils.java:134)
D/StrictMode( 2441): at android.content.ContentProviderProxy.query(ContentProviderNative.java:366)
D/StrictMode( 2441): at android.content.ContentResolver.query(ContentResolver.java:372)
D/StrictMode( 2441): at android.content.ContentResolver.query(ContentResolver.java:315)
D/StrictMode( 2441): at com.google.googlenav.location.m.b(SourceFile:67)
D/StrictMode( 2441): at com.google.googlenav.location.m.c(SourceFile:100)
D/StrictMode( 2441): at com.google.googlenav.location.e.b(SourceFile:242)
D/StrictMode( 2441): at com.google.googlenav.location.e.(SourceFile:223)
D/StrictMode( 2441): at com.google.android.apps.gmm.location.b.a(SourceFile:87)
D/StrictMode( 2441): at com.google.android.apps.gmm.location.b.a(SourceFile:48)
D/StrictMode( 2441): at com.google.android.apps.gmm.base.app.GoogleMapsApplication.onCreate(SourceFile:101)
D/StrictMode( 2441): at android.app.Instrumentation.callApplicationOnCreate(Instrumentation.java:1000)
D/StrictMode( 2441): at android.app.ActivityThread.handleBindApplication(ActivityThread.java:4391)
D/StrictMode( 2441): at android.app.ActivityThread.access$1300(ActivityThread.java:141)
D/StrictMode( 2441): at android.app.ActivityThread$H.handleMessage(ActivityThread.java:1294)
D/StrictMode( 2441): at android.os.Handler.dispatchMessage(Handler.java:99)
D/StrictMode( 2441): at android.os.Looper.loop(Looper.java:137)
D/StrictMode( 2441): at android.app.ActivityThread.main(ActivityThread.java:5039)
D/StrictMode( 2441): at java.lang.reflect.Method.invokeNative(Native Method)
D/StrictMode( 2441): at java.lang.reflect.Method.invoke(Method.java:511)
D/StrictMode( 2441): at com.android.internal.os.ZygoteInit$MethodAndArgsCaller.run(ZygoteInit.java:793)
D/StrictMode( 2441): at com.android.internal.os.ZygoteInit.main(ZygoteInit.java:560)
D/StrictMode( 2441): at dalvik.system.NativeStart.main(Native Method)
D/StrictMode( 2441): StrictMode policy violation; ~duration=155 ms: android.os.StrictMode$StrictModeDiskReadViolation: policy=287 violation=2
D/StrictMode( 2441): at android.os.StrictMode$AndroidBlockGuardPolicy.onReadFromDisk(StrictMode.java:1107)
D/StrictMode( 2441): at android.database.sqlite.SQLiteConnection.applyBlockGuardPolicy(SQLiteConnection.java:1034)
D/StrictMode( 2441): at android.database.sqlite.SQLiteConnection.executeForCursorWindow(SQLiteConnection.java:835)
D/StrictMode( 2441): at android.database.sqlite.SQLiteSession.executeForCursorWindow(SQLiteSession.java:836)
D/StrictMode( 2441): at android.database.sqlite.SQLiteQuery.fillWindow(SQLiteQuery.java:62)
D/StrictMode( 2441): at android.database.sqlite.SQLiteCursor.fillWindow(SQLiteCursor.java:143)
D/StrictMode( 2441): at android.database.sqlite.SQLiteCursor.getCount(SQLiteCursor.java:133)
D/StrictMode( 2441): at android.database.CursorToBulkCursorAdaptor.getBulkCursorDescriptor(CursorToBulkCursorAdaptor.java:143)
D/StrictMode( 2441): at android.content.ContentProviderNative.onTransact(ContentProviderNative.java:118)
D/StrictMode( 2441): at android.os.Binder.execTransact(Binder.java:351)
D/StrictMode( 2441): at dalvik.system.NativeStart.run(Native Method)
D/StrictMode( 2441): # via Binder call with stack:
D/StrictMode( 2441): android.os.StrictMode$LogStackTrace
D/StrictMode( 2441): at android.os.StrictMode.readAndHandleBinderCallViolations(StrictMode.java:1656)
D/StrictMode( 2441): at android.os.Parcel.readExceptionCode(Parcel.java:1407)
D/StrictMode( 2441): at android.database.DatabaseUtils.readExceptionFromParcel(DatabaseUtils.java:134)
D/StrictMode( 2441): at android.content.ContentProviderProxy.query(ContentProviderNative.java:366)
D/StrictMode( 2441): at android.content.ContentResolver.query(ContentResolver.java:372)
D/StrictMode( 2441): at android.content.ContentResolver.query(ContentResolver.java:315)
D/StrictMode( 2441): at com.google.googlenav.location.m.b(SourceFile:67)
D/StrictMode( 2441): at com.google.googlenav.location.m.c(SourceFile:100)
D/StrictMode( 2441): at com.google.android.apps.gmm.location.a.m.b(SourceFile:204)
D/StrictMode( 2441): at com.google.android.apps.gmm.location.a.m.(SourceFile:185)
D/StrictMode( 2441): at com.google.android.apps.gmm.location.b.a(SourceFile:104)
D/StrictMode( 2441): at com.google.android.apps.gmm.location.b.a(SourceFile:48)
D/StrictMode( 2441): at com.google.android.apps.gmm.base.app.GoogleMapsApplication.onCreate(SourceFile:101)
D/StrictMode( 2441): at android.app.Instrumentation.callApplicationOnCreate(Instrumentation.java:1000)
D/StrictMode( 2441): at android.app.ActivityThread.handleBindApplication(ActivityThread.java:4391)
D/StrictMode( 2441): at android.app.ActivityThread.access$1300(ActivityThread.java:141)
D/StrictMode( 2441): at android.app.ActivityThread$H.handleMessage(ActivityThread.java:1294)
D/StrictMode( 2441): at android.os.Handler.dispatchMessage(Handler.java:99)
D/StrictMode( 2441): at android.os.Looper.loop(Looper.java:137)
D/StrictMode( 2441): at android.app.ActivityThread.main(ActivityThread.java:5039)
D/StrictMode( 2441): at java.lang.reflect.Method.invokeNative(Native Method)
D/StrictMode( 2441): at java.lang.reflect.Method.invoke(Method.java:511)
D/StrictMode( 2441): at com.android.internal.os.ZygoteInit$MethodAndArgsCaller.run(ZygoteInit.java:793)
D/StrictMode( 2441): at com.android.internal.os.ZygoteInit.main(ZygoteInit.java:560)
D/StrictMode( 2441): at dalvik.system.NativeStart.main(Native Method)
D/StrictMode( 2441): StrictMode policy violation; ~duration=45 ms: android.os.StrictMode$StrictModeDiskReadViolation: policy=31 violation=2
D/StrictMode( 2441): at android.os.StrictMode$AndroidBlockGuardPolicy.onReadFromDisk(StrictMode.java:1107)
D/StrictMode( 2441): at android.app.SharedPreferencesImpl.awaitLoadedLocked(SharedPreferencesImpl.java:203)
D/StrictMode( 2441): at android.app.SharedPreferencesImpl.getString(SharedPreferencesImpl.java:223)
D/StrictMode( 2441): at com.google.android.apps.gmm.util.ad.a(SourceFile:120)
D/StrictMode( 2441): at com.google.android.apps.gmm.navigation.alert.P.c(SourceFile:254)
D/StrictMode( 2441): at com.google.android.apps.gmm.navigation.alert.P.(SourceFile:244)
D/StrictMode( 2441): at com.google.android.apps.gmm.navigation.alert.c.(SourceFile:367)
D/StrictMode( 2441): at com.google.android.apps.gmm.base.app.GoogleMapsApplication.onCreate(SourceFile:115)
D/StrictMode( 2441): at android.app.Instrumentation.callApplicationOnCreate(Instrumentation.java:1000)
D/StrictMode( 2441): at android.app.ActivityThread.handleBindApplication(ActivityThread.java:4391)
D/StrictMode( 2441): at android.app.ActivityThread.access$1300(ActivityThread.java:141)
D/StrictMode( 2441): at android.app.ActivityThread$H.handleMessage(ActivityThread.java:1294)
D/StrictMode( 2441): at android.os.Handler.dispatchMessage(Handler.java:99)
D/StrictMode( 2441): at android.os.Looper.loop(Looper.java:137)
D/StrictMode( 2441): at android.app.ActivityThread.main(ActivityThread.java:5039)
D/StrictMode( 2441): at java.lang.reflect.Method.invokeNative(Native Method)
D/StrictMode( 2441): at java.lang.reflect.Method.invoke(Method.java:511)
D/StrictMode( 2441): at com.android.internal.os.ZygoteInit$MethodAndArgsCaller.run(ZygoteInit.java:793)
D/StrictMode( 2441): at com.android.internal.os.ZygoteInit.main(ZygoteInit.java:560)
D/StrictMode( 2441): at dalvik.system.NativeStart.main(Native Method)
I/ActivityManager( 390): Start proc com.google.android.youtube for broadcast com.google.android.youtube/.app.prefetch.PrefetchService$DeviceStateReceiver: pid=2501 uid=10054 gids={50054, 3003, 1015, 1006, 1028}
I/ActivityManager( 390): No longer want com.google.android.partnersetup (pid 2068): empty #17
D/dalvikvm( 740): GC_CONCURRENT freed 284K, 5% free 9647K/10152K, paused 4ms+9ms, total 57ms
D/dalvikvm( 2501): GC_CONCURRENT freed 148K, 2% free 9106K/9280K, paused 2ms+4ms, total 26ms
I/ActivityThread( 2501): Pub com.google.android.youtube.SuggestionProvider: com.google.android.youtube.core.suggest.SuggestionProvider
I/patts ( 2486): [embedded_hmm_synthesizer.cc:27] Embedded HMM synthesizer initialized.
I/patts ( 2486): [jni_loader.cc:77] Patts JNI loaded successfully.
I/patts ( 2486): Loading project file (apk mode is true) ...
I/patts ( 2486): [android_project_file.cc:32] Loading "voices/eng-usa/phonology_en-US.cfg" ...
I/patts ( 2486): [android_project_file.cc:32] Loading "voices/eng-usa/textnorm_swift_en.cfg" ...
I/patts ( 2486): [android_project_file.cc:32] Loading "voices/eng-usa/en-US.blex" ...
D/dalvikvm( 2501): GC_CONCURRENT freed 212K, 3% free 9324K/9532K, paused 13ms+2ms, total 41ms
I/patts ( 2486): [android_project_file.cc:32] Loading "voices/eng-usa/en_number_names.far" ...
I/patts ( 2486): [grm-manager.h:119] Loading FST archive from "voices/eng-usa/en_number_names.far" ...
W/patts ( 2486): [memory_file_resource_impl-inl.h:174] Attempt to read over buffer boundary, truncating read
W/patts ( 2486): [memory_file_resource_impl-inl.h:174] Attempt to read over buffer boundary, truncating read
D/dalvikvm( 2441): GC_CONCURRENT freed 384K, 5% free 9794K/10204K, paused 3ms+2ms, total 41ms
W/patts ( 2486): [memory_file_resource_impl-inl.h:174] Attempt to read over buffer boundary, truncating read
I/patts ( 2486): [grm-manager.h:148] Loaded 15 grammars.
I/patts ( 2486): [android_project_file.cc:32] Loading "voices/eng-usa/g2p_m3_syls0_stress0_en-US.fst" ...
I/patts ( 2486): [decoder_compat_android-inl.h:31] fst_g2p: Loading FST from "voices/eng-usa/g2p_m3_syls0_stress0_en-US.fst" ...
D/dalvikvm( 2501): GC_CONCURRENT freed 246K, 3% free 9483K/9756K, paused 2ms+3ms, total 17ms
W/patts ( 2486): [memory_file_resource_impl-inl.h:174] Attempt to read over buffer boundary, truncating read
I/patts ( 2486): [decoder_impl.cc:64] g2p FST: 30 graphemes, 42 phonemes (with special symbols)
I/patts ( 2486): [android_project_file.cc:32] Loading "voices/eng-usa/engine_hmm_16000_ap-embedded_mlsp.cfg" ...
I/patts ( 2486): [embedded_hmm_synthesizer.cc:27] Embedded HMM synthesizer initialized.
I/patts ( 2486): [android_project_file.cc:32] Loading "voices/eng-usa/phonology_en-US.cfg" ...
I/patts ( 2486): [android_project_file.cc:32] Loading "voices/eng-usa/compile_hmm_16000_0_ph_lsp_swop_ap_msd.cfg" ...
I/patts ( 2486): [android_project_file.cc:32] Loading "voices/eng-usa/engine_hmm_16000_ap-embedded_mlsp.cfg" ...
I/patts ( 2486): [android_project_file.cc:32] Loading "voices/eng-usa/sfg_16000_0_hmm_ph_hmm_en-US_swift_c30300932-d1332161052_OTA.2.1.voice" ...
I/TextToSpeech( 2441): Connected to ComponentInfo{com.google.android.tts/com.google.android.tts.GoogleTTSService}
D/dalvikvm( 2501): GC_CONCURRENT freed 263K, 3% free 9670K/9964K, paused 3ms+15ms, total 48ms
I/ActivityManager( 390): No longer want android.process.acore (pid 2092): empty #17
D/dalvikvm( 2501): DexOpt: --- BEGIN 'ads-302016486.jar' (bootstrap=0) ---
D/dalvikvm( 553): GC_CONCURRENT freed 360K, 4% free 10073K/10480K, paused 3ms+5ms, total 82ms
D/ConnectivityService( 390): handleInetConditionHoldEnd: net=1, condition=0, published condition=0
D/dalvikvm( 2534): DexOpt: load 4ms, verify+opt 7ms, 144348 bytes
D/dalvikvm( 886): GC_CONCURRENT freed 1845K, 15% free 14042K/16364K, paused 47ms+5ms, total 124ms
D/dalvikvm( 2501): DexOpt: --- END 'ads-302016486.jar' (success) ---
D/dalvikvm( 2501): DEX prep '/data/data/com.google.android.youtube/cache/ads-302016486.jar': unzip in 0ms, rewrite 272ms
D/dalvikvm( 2501): GC_CONCURRENT freed 345K, 4% free 9775K/10148K, paused 6ms+10ms, total 42ms
I/ConversionPing( 2501): Sending ping: http://googleads.g.doubleclick.net/pagead/viewthroughconversion/1001680686/?label=8cu4CIrA3gMQrt7R3QM&muid=AppY_Ed-seSHwvpw83KmdA
I/ActivityManager( 390): No longer want com.google.android.apps.plus (pid 2138): empty #17
D/GCM ( 740): GcmService start Intent { act=android.net.conn.CONNECTIVITY_CHANGE flg=0x8000010 cmp=com.google.android.gms/.gcm.GcmService (has extras) } android.net.conn.CONNECTIVITY_CHANGE
D/dalvikvm( 1219): GC_CONCURRENT freed 385K, 5% free 9264K/9676K, paused 7ms+10ms, total 110ms
I/ActivityManager( 390): Start proc com.google.android.apps.plus for broadcast com.google.android.apps.plus/.iu.InstantUploadEnvironment$ConnectivityReceiver: pid=2551 uid=10040 gids={50040, 3003, 3002, 1015, 1006, 1028}
I/CheckinResponseProcessor( 740): From server: 0 gservices updates and 1 deletes
D/dalvikvm( 740): GC_CONCURRENT freed 308K, 5% free 9726K/10152K, paused 6ms+6ms, total 41ms
D/ConnectivityService( 390): handleInetConditionHoldEnd: net=1, condition=100, published condition=0
D/dalvikvm( 2551): GC_CONCURRENT freed 175K, 3% free 9162K/9364K, paused 3ms+3ms, total 37ms
D/dalvikvm( 2551): WAIT_FOR_CONCURRENT_GC blocked 12ms
D/dalvikvm( 2551): GC_CONCURRENT freed 143K, 2% free 9517K/9700K, paused 3ms+2ms, total 29ms
D/dalvikvm( 2551): WAIT_FOR_CONCURRENT_GC blocked 4ms
I/NotificationStore( 1219): file does not exist: /data/data/com.google.android.gms/files/notification_data.dat
I/ActivityThread( 2551): Pub com.google.android.apps.plus.content.ApiProvider: com.google.android.apps.plus.content.EsApiProvider
I/ActivityThread( 2551): Pub com.google.android.apps.plus.content.EsGooglePhotoProvider: com.google.android.picasasync.PicasaContentProvider
D/dalvikvm( 553): GC_CONCURRENT freed 480K, 5% free 9982K/10492K, paused 7ms+7ms, total 56ms
D/dalvikvm( 2158): GC_CONCURRENT freed 2274K, 11% free 20063K/22364K, paused 2ms+20ms, total 103ms
D/dalvikvm( 2158): WAIT_FOR_CONCURRENT_GC blocked 79ms
D/SettingsProvider( 390): User 0 external modification to /data/data/com.android.providers.settings/databases/settings.db; event=2
D/SettingsProvider( 390): User 0 updating our caches for /data/data/com.android.providers.settings/databases/settings.db
D/SettingsProvider( 390): cache for settings table 'global' rows=50; fullycached=true
D/SettingsProvider( 390): cache for settings table 'secure' rows=55; fullycached=true
D/SettingsProvider( 390): cache for settings table 'system' rows=57; fullycached=true
D/SettingsProvider( 390): User 0 external modification to /data/data/com.android.providers.settings/databases/settings.db; event=2
D/SettingsProvider( 390): User 0 updating our caches for /data/data/com.android.providers.settings/databases/settings.db
D/SettingsProvider( 390): cache for settings table 'global' rows=50; fullycached=true
D/dalvikvm( 2551): GC_CONCURRENT freed 472K, 6% free 9551K/10056K, paused 4ms+2ms, total 34ms
D/dalvikvm( 2551): WAIT_FOR_CONCURRENT_GC blocked 13ms
D/SettingsProvider( 390): cache for settings table 'secure' rows=55; fullycached=true
D/SettingsProvider( 390): cache for settings table 'system' rows=57; fullycached=true
I/ActivityThread( 2551): Pub com.google.android.apps.plus.iu.EsGoogleIuProvider: com.google.android.apps.plus.iu.InstantUploadProvider
D/SettingsProvider( 390): User 0 external modification to /data/data/com.android.providers.settings/databases/settings.db; event=2
D/SettingsProvider( 390): User 0 updating our caches for /data/data/com.android.providers.settings/databases/settings.db
D/SettingsProvider( 390): cache for settings table 'global' rows=50; fullycached=true
D/SettingsProvider( 390): cache for settings table 'secure' rows=55; fullycached=true
D/DownloadManager( 553): Download 1672 already finished; skipping
D/SettingsProvider( 390): cache for settings table 'system' rows=57; fullycached=true
D/dalvikvm( 2551): GC_CONCURRENT freed 485K, 6% free 9569K/10092K, paused 3ms+1ms, total 28ms
D/dalvikvm( 2551): WAIT_FOR_CONCURRENT_GC blocked 12ms
I/ActivityThread( 2551): Pub com.google.android.apps.plus.content.EsPicasaStoreProvider: com.google.android.picasastore.PicasaPhotoContentProvider
D/dalvikvm( 2551): GC_FOR_ALLOC freed 182K, 5% free 9595K/10092K, paused 17ms, total 17ms
I/ActivityThread( 2551): Pub com.google.plus.platform: com.google.android.apps.plus.content.AdsProvider
I/ActivityThread( 2551): Pub com.google.android.apps.plus.content.EsProvider: com.google.android.apps.plus.content.EsProvider
D/dalvikvm( 2551): GC_FOR_ALLOC freed 70K, 5% free 9688K/10132K, paused 16ms, total 17ms
I/ActivityManager( 390): No longer want com.facebook.katana:dash (pid 1997): empty #17
D/dalvikvm( 2551): GC_CONCURRENT freed 125K, 2% free 10057K/10228K, paused 2ms+4ms, total 47ms
D/dalvikvm( 2551): WAIT_FOR_CONCURRENT_GC blocked 33ms
D/dalvikvm( 2551): WAIT_FOR_CONCURRENT_GC blocked 32ms
D/dalvikvm( 2551): GC_CONCURRENT freed 174K, 3% free 10366K/10596K, paused 3ms+5ms, total 58ms
D/dalvikvm( 2551): WAIT_FOR_CONCURRENT_GC blocked 25ms
D/dalvikvm( 2551): WAIT_FOR_CONCURRENT_GC blocked 210ms
D/dalvikvm( 2551): GC_CONCURRENT freed 321K, 2% free 10694K/10900K, paused 2ms+2ms, total 32ms
D/dalvikvm( 2551): WAIT_FOR_CONCURRENT_GC blocked 267ms
I/Posix ( 2158): path: /storage/emulated/0/Pictures/IOCipher+Samsung+Galaxy+test16082013153418.jpg c2 600
I/Posix ( 2158): sqlfs_proc_create
I/GservicesProvider( 740): main difference update completed
D/LightsService( 390): Excessive delay setting light: 67ms
D/dalvikvm( 2551): GC_FOR_ALLOC freed 218K, 4% free 10730K/11156K, paused 38ms, total 38ms
I/dalvikvm-heap( 2551): Grow heap (frag case) to 10.742MB for 251506-byte allocation
I/Posix ( 2158): path: /storage/emulated/0/Android/data/info.guardianproject.mrapp/files/stories/2/1376692404993smktmp.jpg 0 0
I/Posix ( 2158): sqlfs_proc_open
I/Posix ( 2158): path: /storage/emulated/0/Pictures/IOCipher+Samsung+Galaxy+test16082013153418.jpg 241 600
I/Posix ( 2158): sqlfs_proc_open
D/dalvikvm( 2551): GC_FOR_ALLOC freed 255K, 6% free 10720K/11404K, paused 24ms, total 24ms
D/dalvikvm( 2551): GC_FOR_ALLOC freed 118K, 5% free 10849K/11404K, paused 18ms, total 18ms
I/dalvikvm-heap( 2551): Grow heap (frag case) to 10.868MB for 260112-byte allocation
D/dalvikvm( 2551): GC_FOR_ALLOC freed 126K, 6% free 10977K/11660K, paused 29ms, total 29ms
D/dalvikvm( 2551): GC_FOR_ALLOC freed 369K, 5% free 11095K/11660K, paused 22ms, total 22ms
D/dalvikvm( 2551): GC_FOR_ALLOC freed 126K, 4% free 11223K/11660K, paused 22ms, total 23ms
D/dalvikvm( 553): GC_CONCURRENT freed 529K, 6% free 9863K/10492K, paused 2ms+3ms, total 36ms
D/DownloadManager( 553): Download 1677 already finished; skipping
D/dalvikvm( 2551): GC_CONCURRENT freed 369K, 4% free 11651K/12048K, paused 3ms+6ms, total 54ms
D/dalvikvm( 390): GC_EXPLICIT freed 1724K, 10% free 23843K/26336K, paused 3ms+14ms, total 155ms
I/dalvikvm( 886): Jit: resizing JitTable from 4096 to 8192
D/dalvikvm( 2551): GC_CONCURRENT freed 210K, 2% free 12387K/12624K, paused 2ms+2ms, total 30ms
D/dalvikvm( 2551): WAIT_FOR_CONCURRENT_GC blocked 5ms
I/CheckinTask( 740): Checkin success: https://android.clients.google.com/checkin (1 requests sent)
D/dalvikvm( 2551): GC_CONCURRENT freed 722K, 6% free 12855K/13604K, paused 2ms+3ms, total 40ms
D/dalvikvm( 2551): WAIT_FOR_CONCURRENT_GC blocked 18ms
D/dalvikvm( 2551): GC_CONCURRENT freed 303K, 3% free 13898K/14228K, paused 3ms+3ms, total 40ms
D/dalvikvm( 2551): WAIT_FOR_CONCURRENT_GC blocked 11ms
I/ActivityManager( 390): Start proc com.texty.sms for broadcast com.texty.sms/.ConnectivityReceiver: pid=2580 uid=10132 gids={50132, 3003, 1028}
I/ActivityManager( 390): No longer want com.google.android.googlequicksearchbox (pid 2044): empty #17
D/gp.PicasaPhotoCP( 2551): set fsid first time:-1
D/dalvikvm( 553): GC_CONCURRENT freed 517K, 7% free 9834K/10492K, paused 4ms+4ms, total 41ms
E/texty ( 2580): incoming message ring buffer=[485,474,476,478,481,483,433,435,437,0]
I/texty ( 2580): ts_last_c2dm=Fri Jun 28 20:13:27 PDT 2013
E/texty ( 2580): image/video observer file path listener=/sdcard/DCIM/Camera/
V/texty ( 2580): Data connection is ON.
D/dalvikvm( 2580): GC_CONCURRENT freed 247K, 3% free 9011K/9288K, paused 3ms+1ms, total 29ms
I/ActivityManager( 390): Start proc com.vyclone.angles for broadcast com.vyclone.angles/.network.NetworkStatusReceiver: pid=2599 uid=10083 gids={50083, 3003, 1006, 1015, 1028}
