I/ActivityThread( 791): Pub com.facebook.orca.experiments: com.facebook.orca.abtest.QuickExperimentContentProvider
V/com.facebook.base.a.a( 791): Forcing initialization of AsyncTask
D/b ( 791): Multiprocess configuration com.facebook.messenger.app.MessengerMultiprocessConfig state retrieved in 0 ms
I/b ( 791): Multiprocess configuration com.facebook.messenger.app.MessengerMultiprocessConfig state: false
D/b ( 791): Multiprocess configuration com.facebook.n.a.a state retrieved in 0 ms
I/b ( 791): Multiprocess configuration com.facebook.n.a.a state: false
D/dalvikvm( 791): GC_CONCURRENT freed 423K, 5% free 10114K/10564K, paused 3ms+9ms, total 47ms
D/dalvikvm( 791): WAIT_FOR_CONCURRENT_GC blocked 5ms
D/dalvikvm( 698): GC_FOR_ALLOC freed <1K, 7% free 9749K/10388K, paused 261ms, total 261ms
I/dalvikvm-heap( 698): Grow heap (frag case) to 9.719MB for 186718-byte allocation
D/dalvikvm( 698): GC_FOR_ALLOC freed 96K, 7% free 9835K/10572K, paused 19ms, total 19ms
D/dalvikvm( 791): GC_CONCURRENT freed 201K, 3% free 10423K/10652K, paused 3ms+6ms, total 50ms
I/dalvikvm( 698): Total arena pages for JIT: 11
I/dalvikvm( 698): Total arena pages for JIT: 12
I/dalvikvm( 698): Total arena pages for JIT: 13
I/dalvikvm( 698): Total arena pages for JIT: 14
I/dalvikvm( 698): Total arena pages for JIT: 15
I/dalvikvm( 698): Total arena pages for JIT: 16
I/dalvikvm( 698): Total arena pages for JIT: 17
D/dalvikvm( 791): GC_CONCURRENT freed 202K, 3% free 10755K/10984K, paused 3ms+6ms, total 52ms
D/dalvikvm( 791): WAIT_FOR_CONCURRENT_GC blocked 2ms
D/PhoneStatusBar( 494): disable: < expand icons alerts ticker system_info BACK HOME recent* clock search > I/AudioMixer( 132): found effect "Multichannel Downmix To Stereo" from The Android Open Source Project
D/PhoneStatusBar( 494): disable: < expand icons alerts ticker system_info back* home* recent clock search > D/dalvikvm( 698): GC_CONCURRENT freed 638K, 9% free 9708K/10572K, paused 27ms+18ms, total 107ms
D/dalvikvm( 698): WAIT_FOR_CONCURRENT_GC blocked 61ms
D/dalvikvm( 698): WAIT_FOR_CONCURRENT_GC blocked 64ms
I/dalvikvm( 698): Total arena pages for JIT: 18
W/Settings( 698): Setting airplane_mode_on has moved from android.provider.Settings.System to android.provider.Settings.Global, returning read-only value.
D/dalvikvm( 698): GC_CONCURRENT freed 337K, 7% free 9883K/10572K, paused 67ms+7ms, total 132ms
D/dalvikvm( 698): WAIT_FOR_CONCURRENT_GC blocked 46ms
D/dalvikvm( 698): WAIT_FOR_CONCURRENT_GC blocked 47ms
D/dalvikvm( 791): GC_CONCURRENT freed 265K, 3% free 11046K/11340K, paused 2ms+8ms, total 44ms
I/dalvikvm( 390): Jit: resizing JitTable from 4096 to 8192
D/dalvikvm( 698): GC_CONCURRENT freed 140K, 3% free 10254K/10572K, paused 3ms+30ms, total 98ms
D/dalvikvm( 698): WAIT_FOR_CONCURRENT_GC blocked 1ms I/msgr(:):OrcaInjector( 791): Created just-in-time provider for class com.facebook.mqtt.ab I/msgr(:):OrcaInjector( 791): Created just-in-time provider for class com.facebook.orca.abtest.a I/msgr(:):OrcaInjector( 791): Created just-in-time provider for class com.facebook.push.mqtt.abtest.d I/msgr(:):OrcaInjector( 791): Created just-in-time provider for class com.facebook.orca.fbwebrtc.a.f I/msgr(:):OrcaInjector( 791): Created just-in-time provider for class com.facebook.push.c2dm.ae I/msgr(:):OrcaInjector( 791): Created just-in-time provider for class com.facebook.orca.b.ae V/msgr(:):am( 791): FbAppType: prod V/msgr(:):d( 791): retroactively recording APP_OBJECT_SETUP in 1867 ms V/msgr(:):ChatHeadsBooter( 791): Received intent: Intent { act=android.intent.action.BOOT_COMPLETED flg=0x10 cmp=com.facebook.orca/.chatheads.ChatHeadsBooter (has extras) } D/msgr(:):a( 791): Name: MessengerApplicationSetup; Timestamp (ms): 1376692318256 D/msgr(:):a( 791): Name: MessengerApplicationSetup; Timestamp (ms): 1376692320123; Elapsed (ms): 1867 V/msgr(:):ChatHeadsBooterService( 791): Received intent: Intent { act=android.intent.action.BOOT_COMPLETED flg=0x10 cmp=com.facebook.orca/.chatheads.ChatHeadsBooterService (has extras) }
I/ActivityManager( 390): Start proc com.facebook.katana:dash_service for broadcast com.facebook.katana/com.facebook.dash.service.DashServiceBooter: pid=857 uid=10111 gids={50111, 3003, 1006, 1015, 1028}
D/dalvikvm( 791): GC_CONCURRENT freed 335K, 4% free 11358K/11724K, paused 6ms+21ms, total 68ms
D/dalvikvm( 698): GC_CONCURRENT freed 821K, 8% free 9943K/10792K, paused 16ms+5ms, total 100ms
D/dalvikvm( 698): WAIT_FOR_CONCURRENT_GC blocked 50ms D/msgr(:):m( 791): loading device id from shared prefs D/msgr(:):m( 791): loaded device id from shared prefs: j{id=6f89207b-91c9-4254-98f4-43c2fe099e3b, timestamp=1371703528339} D/msgr(:):a( 791): onPreferencesChanged(): mSendInterval = 5000 ms D/msgr(:):a( 791): Initializing database zero_rating_db
D/dalvikvm( 698): GC_FOR_ALLOC freed 144K, 9% free 9918K/10792K, paused 88ms, total 88ms
D/dalvikvm( 857): GC_CONCURRENT freed 166K, 2% free 9197K/9356K, paused 2ms+2ms, total 27ms
D/dalvikvm( 698): GC_FOR_ALLOC freed 151K, 8% free 9994K/10792K, paused 19ms, total 19ms D/msgr(:):b( 791): DbPropertiesContentProvider.doQuery took 127 ms D/msgr(:):b( 791): DbPropertiesContentProvider.doQuery took 1 ms
D/dalvikvm( 857): GC_CONCURRENT freed 158K, 3% free 9535K/9732K, paused 3ms+3ms, total 22ms D/msgr(:):b( 791): DbPropertiesContentProvider.doQuery took 1 ms
D/dalvikvm( 645): GC_CONCURRENT freed 274K, 3% free 14440K/14740K, paused 3ms+5ms, total 45ms
D/CatchMeIfYouCan( 857): Process (dash_service) ca: '/data/data/com.facebook.katana/app_cmiyc/FC3D6AF0DCAD751E9720A8A1538A89840AD3817701'
D/CatchMeIfYouCan( 857): Process (dash_service) fc: '/data/data/com.facebook.katana/app_cmiyc/FC3D6AF0DCAD751E9720A8A1538A89840AD3817702'
D/CatchMeIfYouCan( 857): Process (dash_service) cp: '('default', 3, 120000, silent [true], restart [false], logout [false])'
D/ACRA ( 857): ACRA is enabled for com.facebook.katana, intializing...
D/dalvikvm( 857): GC_CONCURRENT freed 172K, 3% free 9816K/10024K, paused 3ms+33ms, total 64ms
D/dalvikvm( 698): GC_CONCURRENT freed 263K, 6% free 10243K/10792K, paused 16ms+8ms, total 115ms
D/dalvikvm( 698): WAIT_FOR_CONCURRENT_GC blocked 14ms
W/Settings( 791): Setting wifi_sleep_policy has moved from android.provider.Settings.System to android.provider.Settings.Global, returning read-only value.
D/ACRA ( 857): Looking for error files in /data/data/com.facebook.katana/app_acra-reports
D/ACRA ( 857): Looking for error files in /data/data/com.facebook.katana/app_minidumps
D/dalvikvm( 857): Trying to load lib /data/app-lib/com.facebook.katana-1/libfb_stl_shared.so 0x41675fa8
D/dalvikvm( 857): Added shared lib /data/app-lib/com.facebook.katana-1/libfb_stl_shared.so 0x41675fa8
D/dalvikvm( 857): No JNI_OnLoad found in /data/app-lib/com.facebook.katana-1/libfb_stl_shared.so 0x41675fa8, skipping init
D/dalvikvm( 857): Trying to load lib /data/app-lib/com.facebook.katana-1/libfb_breakpad_client.so 0x41675fa8
D/dalvikvm( 857): Added shared lib /data/app-lib/com.facebook.katana-1/libfb_breakpad_client.so 0x41675fa8
D/DexLibLoader( 857): Deleting old version: /data/data/com.facebook.katana/app_dex/guava-10.0.1-fork.dex.0.jar
D/DexLibLoader( 857): Deleting old version: /data/data/com.facebook.katana/app_dex/guava-10.0.1-fork.dex.1.jar
D/DexLibLoader( 857): Deleting old version: /data/data/com.facebook.katana/app_dex/jackson-core-2.0.5.dex.0.jar
D/DexLibLoader( 857): Deleting old version: /data/data/com.facebook.katana/app_dex/jackson-core-2.0.5.dex.1.jar
D/DexLibLoader( 857): Deleting old version: /data/data/com.facebook.katana/app_dex/jackson-core-2.0.5.dex.2.jar
D/DexLibLoader( 857): Deleting old version: /data/data/com.facebook.katana/app_dex/jackson-databind-2.0.5.dex.0.jar
D/DexLibLoader( 857): Deleting old version: /data/data/com.facebook.katana/app_dex/jackson-databind-2.0.5.dex.1.jar
D/DexLibLoader( 857): Deleting old version: /data/data/com.facebook.katana/app_dex/jackson-databind-2.0.5.dex.2.jar
D/DexLibLoader( 857): Deleting old version: /data/data/com.facebook.katana/app_dex/jackson-databind-2.0.5.dex.3.jar
D/DexLibLoader( 857): Deleting old version: /data/data/com.facebook.katana/app_dex/jackson-datatype-guava-2.0.4.dex.0.jar
D/DexLibLoader( 857): Deleting old version: /data/data/com.facebook.katana/app_dex/jackson-datatype-guava-2.0.4.dex.1.jar
D/DexLibLoader( 857): Deleting old version: /data/data/com.facebook.katana/app_dex/jackson-datatype-guava-2.0.4.dex.2.jar
D/DexLibLoader( 857): Deleting old version: /data/data/com.facebook.katana/app_dex/diffutils-1.2.1.dex.0.jar
D/DexLibLoader( 857): Deleting old version: /data/data/com.facebook.katana/app_dex/diffutils-1.2.1.dex.1.jar
D/DexLibLoader( 857): Deleting old version: /data/data/com.facebook.katana/app_dex/nine_old_androids.dex.0.jar
D/DexLibLoader( 857): Deleting old version: /data/data/com.facebook.katana/app_dex/nine_old_androids.dex.1.jar
D/DexLibLoader( 857): Deleting old version: /data/data/com.facebook.katana/app_dex/nine_old_androids.dex.2.jar
D/DexLibLoader( 857): Deleting old version: /data/data/com.facebook.katana/app_dex/nine_old_androids.dex.3.jar
V/DexLibLoader( 857): Dex already copied
V/DexLibLoader( 857): Creating class loader
V/DexLibLoader( 857): Finished creating class loader
D/dalvikvm( 857): GC_CONCURRENT freed 307K, 4% free 9938K/10288K, paused 3ms+1ms, total 32ms
D/dalvikvm( 857): GC_CONCURRENT freed 7K, 1% free 10428K/10476K, paused 2ms+3ms, total 22ms
D/dalvikvm( 857): WAIT_FOR_CONCURRENT_GC blocked 13ms
V/DexLibLoader( 857): Preparing secondary program dexes.
V/DexLibLoader( 857): Loaded 3 raw lines of metadata.
V/DexLibLoader( 857): Secondary program dex metadata: secondary-1.dex.jar c0c3ad30529dde71bc67f5c947aa4ac404fc9e42 com.facebook.common.identifiers.SafeUUIDGenerator
V/DexLibLoader( 857): Secondary program dex metadata: secondary-2.dex.jar 5ab0ea35d3d4bf663008fcd39f94405e41f1b864 com.facebook.auth.autosso.AutoSsoLoginService
V/DexLibLoader( 857): Secondary program dex metadata: secondary-3.dex.jar fe8e1dd394a0e865e15f35e33617490a742a257a com.facebook.dash.externalintent.DashExternalIntentHandler
W/DexLibLoader( 857): Unexpected file in program dex directory: /data/data/com.facebook.katana/app_secondary_program_dex/temp_dex_lock
V/DexLibLoader( 857): Preparing to extract secondary-1.dex.jar to /data/data/com.facebook.katana/app_secondary_program_dex/program-c0c3ad30529dde71bc67f5c947aa4ac404fc9e426b5b4f73.dex.jar
V/DexLibLoader( 857): Dex already copied
V/DexLibLoader( 857): Creating class loader
V/DexLibLoader( 857): Finished creating class loader
V/DexLibLoader( 857): Preparing to extract secondary-2.dex.jar to /data/data/com.facebook.katana/app_secondary_program_dex/program-5ab0ea35d3d4bf663008fcd39f94405e41f1b8646b5b4f73.dex.jar
V/DexLibLoader( 857): Dex already copied
V/DexLibLoader( 857): Creating class loader
D/dalvikvm( 791): GC_CONCURRENT freed 502K, 5% free 11704K/12232K, paused 20ms+4ms, total 181ms
D/dalvikvm( 791): WAIT_FOR_CONCURRENT_GC blocked 89ms
D/dalvikvm( 791): WAIT_FOR_CONCURRENT_GC blocked 73ms
V/DexLibLoader( 857): Finished creating class loader
V/DexLibLoader( 857): Preparing to extract secondary-3.dex.jar to /data/data/com.facebook.katana/app_secondary_program_dex/program-fe8e1dd394a0e865e15f35e33617490a742a257a6b5b4f73.dex.jar
V/DexLibLoader( 857): Dex already copied
V/DexLibLoader( 857): Creating class loader
V/DexLibLoader( 857): Finished creating class loader
V/DexLibLoader( 857): Verifying classes from secondary dexes.
D/dalvikvm( 698): GC_CONCURRENT freed 379K, 5% free 10345K/10792K, paused 11ms+5ms, total 72ms
D/DexLibLoader( 857): DexLibLoader.ensureDexLoaded took 446 ms
W/Settings( 698): Setting airplane_mode_on has moved from android.provider.Settings.System to android.provider.Settings.Global, returning read-only value.
W/Settings( 698): Setting airplane_mode_on has moved from android.provider.Settings.System to android.provider.Settings.Global, returning read-only value. V/com.facebook.base.app.AbstractApplicationLike( 857): Forcing initialization of AsyncTask
D/MultiprocessConfigImpl( 857): Multiprocess configuration com.facebook.photos.upload.PhotoUploadMultiprocessConfig state retrieved in 0 ms
I/MultiprocessConfigImpl( 857): Multiprocess configuration com.facebook.photos.upload.PhotoUploadMultiprocessConfig state: false
D/MultiprocessConfigImpl( 857): Multiprocess configuration com.facebook.prefs.multiprocess.FbSharedPreferencesMultiprocessConfig state retrieved in 1 ms
I/MultiprocessConfigImpl( 857): Multiprocess configuration com.facebook.prefs.multiprocess.FbSharedPreferencesMultiprocessConfig state: false
D/MultiprocessConfigImpl( 857): Multiprocess configuration com.facebook.ssl.gk.EnableSSLSessionTicketConfig state retrieved in 1 ms
I/MultiprocessConfigImpl( 857): Multiprocess configuration com.facebook.ssl.gk.EnableSSLSessionTicketConfig state: true
D/MultiprocessConfigImpl( 857): Multiprocess configuration com.facebook.katana.orca.MessengerInFb4aMultiprocessConfig state retrieved in 0 ms
I/MultiprocessConfigImpl( 857): Multiprocess configuration com.facebook.katana.orca.MessengerInFb4aMultiprocessConfig state: false
D/MultiprocessConfigImpl( 857): Multiprocess configuration com.facebook.analytics.service.AnalyticsServiceMultiprocessConfig state retrieved in 0 ms
I/MultiprocessConfigImpl( 857): Multiprocess configuration com.facebook.analytics.service.AnalyticsServiceMultiprocessConfig state: false
D/dalvikvm( 857): GC_CONCURRENT freed 720K, 7% free 10159K/10916K, paused 2ms+18ms, total 52ms
W/CursorWindow( 645): Window is full: requested allocation 20480 bytes, free space 15740 bytes, window size 2097152 bytes
D/dalvikvm( 857): GC_FOR_ALLOC freed 214K, 6% free 10304K/10916K, paused 21ms, total 22ms
D/dalvikvm( 857): GC_CONCURRENT freed 169K, 3% free 10623K/10916K, paused 1ms+2ms, total 29ms
D/dalvikvm( 645): GC_CONCURRENT freed 788K, 6% free 15462K/16292K, paused 3ms+4ms, total 30ms
D/dalvikvm( 645): GC_EXPLICIT freed 608K, 6% free 15894K/16892K, paused 2ms+4ms, total 57ms
D/dalvikvm( 857): GC_CONCURRENT freed 224K, 3% free 10927K/11180K, paused 3ms+3ms, total 34ms D/fb4a(:dash_service):BackgroundTaskController( 857): setTagDisabled(interface com.facebook.contacts.database.ContactsTaskTag, true) D/fb4a(:dash_service):BackgroundTaskController( 857): setTagDisabled(interface com.facebook.orca.background.MessagesDataTaskTag, true) D/fb4a(:dash_service):BackgroundTaskController( 857): setTagDisabled(interface com.facebook.orca.background.MessagesLocalTaskTag, true) I/fb4a(:dash_service):OrcaInjector( 857): Created just-in-time provider for class com.facebook.orca.abtest.MessagesQuickExperimentSpecificationHolder I/fb4a(:dash_service):OrcaInjector( 857): Created just-in-time provider for class com.facebook.push.mqtt.abtest.MqttPushServiceExperimentSpecificationHolder D/fb4a(:dash_service):DefaultPerformanceLogger( 857): Name: INeedInit.HighPriorityInitOnBackgroundThread; Timestamp (ms): 1376692322397
I/ActivityManager( 390): Start proc com.facebook.katana for content provider com.facebook.katana/.provider.orca.FbSharedPreferencesContentProvider: pid=886 uid=10111 gids={50111, 3003, 1006, 1015, 1028}
D/dalvikvm( 857): GC_CONCURRENT freed 332K, 4% free 11209K/11576K, paused 2ms+3ms, total 45ms
D/dalvikvm( 886): GC_CONCURRENT freed 158K, 2% free 9179K/9364K, paused 3ms+3ms, total 31ms
D/dalvikvm( 886): WAIT_FOR_CONCURRENT_GC blocked 9ms
D/dalvikvm( 886): GC_CONCURRENT freed 139K, 2% free 9507K/9684K, paused 3ms+2ms, total 21ms
D/dalvikvm( 886): GC_CONCURRENT freed 139K, 2% free 9840K/10028K, paused 3ms+4ms, total 37ms
D/CatchMeIfYouCan( 886): Process () ca: '/data/user/0/com.facebook.katana/app_cmiyc/A1657CCD543F12E66E587EE52ED9D802E22AAC4701'
D/CatchMeIfYouCan( 886): Process () fc: '/data/user/0/com.facebook.katana/app_cmiyc/A1657CCD543F12E66E587EE52ED9D802E22AAC4702'
D/CatchMeIfYouCan( 886): Process () cp: '('default', 3, 120000, silent [true], restart [false], logout [false])'
D/ACRA ( 886): ACRA is enabled for com.facebook.katana, intializing...
D/ACRA ( 886): Looking for error files in /data/user/0/com.facebook.katana/app_acra-reports
D/ACRA ( 886): Looking for error files in /data/user/0/com.facebook.katana/app_minidumps
D/dalvikvm( 886): Trying to load lib /data/app-lib/com.facebook.katana-1/libfb_stl_shared.so 0x416835b0
D/dalvikvm( 886): Added shared lib /data/app-lib/com.facebook.katana-1/libfb_stl_shared.so 0x416835b0
D/dalvikvm( 886): No JNI_OnLoad found in /data/app-lib/com.facebook.katana-1/libfb_stl_shared.so 0x416835b0, skipping init
D/dalvikvm( 886): Trying to load lib /data/app-lib/com.facebook.katana-1/libfb_breakpad_client.so 0x416835b0
D/dalvikvm( 886): Added shared lib /data/app-lib/com.facebook.katana-1/libfb_breakpad_client.so 0x416835b0
D/DexLibLoader( 886): Deleting old version: /data/user/0/com.facebook.katana/app_dex/guava-10.0.1-fork.dex.0.jar
D/DexLibLoader( 886): Deleting old version: /data/user/0/com.facebook.katana/app_dex/guava-10.0.1-fork.dex.1.jar
D/DexLibLoader( 886): Deleting old version: /data/user/0/com.facebook.katana/app_dex/jackson-core-2.0.5.dex.0.jar
D/DexLibLoader( 886): Deleting old version: /data/user/0/com.facebook.katana/app_dex/jackson-core-2.0.5.dex.1.jar
D/DexLibLoader( 886): Deleting old version: /data/user/0/com.facebook.katana/app_dex/jackson-core-2.0.5.dex.2.jar
D/DexLibLoader( 886): Deleting old version: /data/user/0/com.facebook.katana/app_dex/jackson-databind-2.0.5.dex.0.jar
D/DexLibLoader( 886): Deleting old version: /data/user/0/com.facebook.katana/app_dex/jackson-databind-2.0.5.dex.1.jar
D/DexLibLoader( 886): Deleting old version: /data/user/0/com.facebook.katana/app_dex/jackson-databind-2.0.5.dex.2.jar
D/DexLibLoader( 886): Deleting old version: /data/user/0/com.facebook.katana/app_dex/jackson-databind-2.0.5.dex.3.jar
D/DexLibLoader( 886): Deleting old version: /data/user/0/com.facebook.katana/app_dex/jackson-datatype-guava-2.0.4.dex.0.jar
D/DexLibLoader( 886): Deleting old version: /data/user/0/com.facebook.katana/app_dex/jackson-datatype-guava-2.0.4.dex.1.jar
D/DexLibLoader( 886): Deleting old version: /data/user/0/com.facebook.katana/app_dex/jackson-datatype-guava-2.0.4.dex.2.jar
D/DexLibLoader( 886): Deleting old version: /data/user/0/com.facebook.katana/app_dex/diffutils-1.2.1.dex.0.jar
D/DexLibLoader( 886): Deleting old version: /data/user/0/com.facebook.katana/app_dex/diffutils-1.2.1.dex.1.jar
D/DexLibLoader( 886): Deleting old version: /data/user/0/com.facebook.katana/app_dex/nine_old_androids.dex.0.jar
D/DexLibLoader( 886): Deleting old version: /data/user/0/com.facebook.katana/app_dex/nine_old_androids.dex.1.jar
D/DexLibLoader( 886): Deleting old version: /data/user/0/com.facebook.katana/app_dex/nine_old_androids.dex.2.jar
D/DexLibLoader( 886): Deleting old version: /data/user/0/com.facebook.katana/app_dex/nine_old_androids.dex.3.jar
V/DexLibLoader( 886): Dex already copied
V/DexLibLoader( 886): Creating class loader
D/dalvikvm( 886): GC_CONCURRENT freed 366K, 4% free 9984K/10380K, paused 4ms+2ms, total 26ms
D/dalvikvm( 886): WAIT_FOR_CONCURRENT_GC blocked 5ms
V/DexLibLoader( 886): Finished creating class loader
W/InputMethodManagerService( 390): Window already focused, ignoring focus gain of: com.android.internal.view.IInputMethodClient$Stub$Proxy@41b3d2b0 attribute=null, token = android.os.BinderProxy@41f2ffd0
D/dalvikvm( 886): GC_CONCURRENT freed 13K, 1% free 10471K/10524K, paused 3ms+3ms, total 27ms
D/dalvikvm( 886): WAIT_FOR_CONCURRENT_GC blocked 12ms
V/DexLibLoader( 886): Preparing secondary program dexes.
V/DexLibLoader( 886): Loaded 3 raw lines of metadata.
V/DexLibLoader( 886): Secondary program dex metadata: secondary-1.dex.jar c0c3ad30529dde71bc67f5c947aa4ac404fc9e42 com.facebook.common.identifiers.SafeUUIDGenerator
V/DexLibLoader( 886): Secondary program dex metadata: secondary-2.dex.jar 5ab0ea35d3d4bf663008fcd39f94405e41f1b864 com.facebook.auth.autosso.AutoSsoLoginService
V/DexLibLoader( 886): Secondary program dex metadata: secondary-3.dex.jar fe8e1dd394a0e865e15f35e33617490a742a257a com.facebook.dash.externalintent.DashExternalIntentHandler
W/DexLibLoader( 886): Unexpected file in program dex directory: /data/user/0/com.facebook.katana/app_secondary_program_dex/temp_dex_lock
V/DexLibLoader( 886): Preparing to extract secondary-1.dex.jar to /data/user/0/com.facebook.katana/app_secondary_program_dex/program-c0c3ad30529dde71bc67f5c947aa4ac404fc9e426b5b4f73.dex.jar
V/DexLibLoader( 886): Dex already copied
V/DexLibLoader( 886): Creating class loader
V/DexLibLoader( 886): Finished creating class loader
V/DexLibLoader( 886): Preparing to extract secondary-2.dex.jar to /data/user/0/com.facebook.katana/app_secondary_program_dex/program-5ab0ea35d3d4bf663008fcd39f94405e41f1b8646b5b4f73.dex.jar
V/DexLibLoader( 886): Dex already copied
V/DexLibLoader( 886): Creating class loader
V/DexLibLoader( 886): Finished creating class loader
V/DexLibLoader( 886): Preparing to extract secondary-3.dex.jar to /data/user/0/com.facebook.katana/app_secondary_program_dex/program-fe8e1dd394a0e865e15f35e33617490a742a257a6b5b4f73.dex.jar
V/DexLibLoader( 886): Dex already copied
V/DexLibLoader( 886): Creating class loader
V/DexLibLoader( 886): Finished creating class loader
V/DexLibLoader( 886): Verifying classes from secondary dexes.
D/DexLibLoader( 886): DexLibLoader.ensureDexLoaded took 182 ms
I/ActivityThread( 886): Pub com.facebook.katana.provider.AttributionIdProvider: com.facebook.katana.provider.AttributionIdProvider
I/ActivityThread( 886): Pub com.facebook.katana.provider.DetectedPhotoProvider: com.facebook.katana.provider.DetectedPhotoProvider
I/ActivityThread( 886): Pub com.facebook.katana.properties: com.facebook.katana.app.providers.DbPropertiesContentProvider
I/ActivityThread( 886): Pub com.facebook.katana.provider.UserStatusesProvider: com.facebook.katana.provider.UserStatusesProvider
I/ActivityThread( 886): Pub com.facebook.katana.provider.LocalPhotoTagProvider: com.facebook.katana.provider.LocalPhotoTagProvider
I/ActivityThread( 886): Pub com.facebook.katana.provider.LocalFaceboxProvider: com.facebook.katana.provider.LocalFaceboxProvider
I/ActivityThread( 886): Pub com.facebook.katana.provider.BookmarkProvider: com.facebook.bookmark.provider.BookmarkProvider
I/ActivityThread( 886): Pub com.facebook.katana.provider.MessagesForegroundProvider: com.facebook.katana.provider.orca.MessengerForegroundProvider
I/ActivityThread( 886): Pub com.facebook.katana.provider.LocalCropInfoProvider: com.facebook.katana.provider.LocalCropInfoProvider
I/ActivityThread( 886): Pub com.facebook.katana.provider.ContactsConnectionsProvider: com.facebook.contacts.provider.ContactsConnectionsProvider
I/ActivityThread( 886): Pub com.facebook.katana.provider.PagesProvider: com.facebook.katana.provider.PagesProvider
I/ActivityThread( 886): Pub com.facebook.katana.provider.FbSharedPrefsProvider: com.facebook.katana.provider.orca.FbSharedPreferencesContentProvider
I/ActivityThread( 886): Pub com.facebook.katana.provider.PhotosProvider: com.facebook.katana.provider.PhotosProvider
I/ActivityThread( 886): Pub com.facebook.katana.provider.ConnectionsProvider: com.facebook.katana.provider.ConnectionsProvider
I/ActivityThread( 886): Pub com.facebook.katana.provider.LoggingProvider: com.facebook.katana.provider.LoggingProvider
I/ActivityThread( 886): Pub com.facebook.katana.provider.KeyValueProvider: com.facebook.katana.provider.KeyValueProvider
I/ActivityThread( 886): Pub com.facebook.katana.provider.CacheProvider: com.facebook.katana.provider.CacheProvider
I/ActivityThread( 886): Pub com.facebook.katana.provider.VaultImageProvider: com.facebook.katana.provider.VaultImageProvider
I/ActivityThread( 886): Pub com.facebook.katana.provider.PlatformProvider: com.facebook.katana.provider.PlatformProvider
I/ActivityThread( 886): Pub com.facebook.katana.provider.VideosProvider: com.facebook.katana.provider.VideosProvider
I/ActivityThread( 886): Pub com.facebook.katana.cleaner: com.facebook.katana.app.providers.DbCleanerContentProvider
I/ActivityThread( 886): Pub com.facebook.katana.messages: com.facebook.katana.app.providers.MessagesDbContentProvider
I/ActivityThread( 886): Pub com.facebook.katana.experiments: com.facebook.katana.provider.QuickExperimentContentProvider
I/ActivityThread( 886): Pub com.facebook.katana.contacts: com.facebook.katana.app.providers.FbContactsContentProvider
I/ActivityThread( 886): Pub com.facebook.katana.provider.UserValuesProvider: com.facebook.katana.provider.UserValuesProvider
I/ActivityThread( 886): Pub com.facebook.katana.provider.MobileEventLogProvider: com.facebook.katana.provider.MobileEventLogProvider V/com.facebook.base.app.AbstractApplicationLike( 886): Forcing initialization of AsyncTask
D/MultiprocessConfigImpl( 886): Multiprocess configuration com.facebook.photos.upload.PhotoUploadMultiprocessConfig state retrieved in 0 ms
I/MultiprocessConfigImpl( 886): Multiprocess configuration com.facebook.photos.upload.PhotoUploadMultiprocessConfig state: false
D/MultiprocessConfigImpl( 886): Multiprocess configuration com.facebook.prefs.multiprocess.FbSharedPreferencesMultiprocessConfig state retrieved in 0 ms
I/MultiprocessConfigImpl( 886): Multiprocess configuration com.facebook.prefs.multiprocess.FbSharedPreferencesMultiprocessConfig state: false
D/MultiprocessConfigImpl( 886): Multiprocess configuration com.facebook.ssl.gk.EnableSSLSessionTicketConfig state retrieved in 1 ms
I/MultiprocessConfigImpl( 886): Multiprocess configuration com.facebook.ssl.gk.EnableSSLSessionTicketConfig state: true
D/MultiprocessConfigImpl( 886): Multiprocess configuration com.facebook.katana.orca.MessengerInFb4aMultiprocessConfig state retrieved in 0 ms
I/MultiprocessConfigImpl( 886): Multiprocess configuration com.facebook.katana.orca.MessengerInFb4aMultiprocessConfig state: false
D/MultiprocessConfigImpl( 886): Multiprocess configuration com.facebook.analytics.service.AnalyticsServiceMultiprocessConfig state retrieved in 1 ms
I/MultiprocessConfigImpl( 886): Multiprocess configuration com.facebook.analytics.service.AnalyticsServiceMultiprocessConfig state: false
D/dalvikvm( 886): GC_CONCURRENT freed 746K, 8% free 10219K/11004K, paused 3ms+5ms, total 33ms
D/dalvikvm( 886): GC_CONCURRENT freed 253K, 5% free 10463K/11004K, paused 4ms+14ms, total 55ms
D/dalvikvm( 886): GC_FOR_ALLOC freed 169K, 4% free 10648K/11004K, paused 21ms, total 21ms
D/dalvikvm( 886): GC_CONCURRENT freed 212K, 3% free 11017K/11256K, paused 2ms+4ms, total 29ms
D/dalvikvm( 886): GC_CONCURRENT freed 274K, 3% free 11393K/11696K, paused 8ms+4ms, total 44ms
D/dalvikvm( 886): GC_CONCURRENT freed 304K, 3% free 11839K/12172K, paused 4ms+6ms, total 55ms D/fb4a(:dash_service):UniqueIdForDeviceHolder( 857): loading device id from shared prefs D/fb4a(:dash_service):UniqueIdForDeviceHolder( 857): loaded device id from shared prefs: UniqueDeviceId{id=6f89207b-91c9-4254-98f4-43c2fe099e3b, timestamp=1371703528339} D/fb4a(:):AbstractDatabaseSupplier( 886): Initializing database zero_rating_db
D/dalvikvm( 886): GC_CONCURRENT freed 515K, 5% free 12291K/12836K, paused 4ms+5ms, total 73ms D/fb4a(:):DbPropertiesContentProvider( 886): DbPropertiesContentProvider.doQuery took 51 ms
I/ActivityManager( 390): Start proc com.android.contacts for broadcast com.android.contacts/.calllog.CallLogReceiver: pid=907 uid=10000 gids={50000, 3003, 1015, 1028} D/fb4a(:):DbPropertiesContentProvider( 886): DbPropertiesContentProvider.doQuery took 1 ms I/fb4a(:):OrcaInjector( 886): Created just-in-time provider for class com.facebook.orca.abtest.MessagesQuickExperimentSpecificationHolder D/fb4a(:):DbPropertiesContentProvider( 886): DbPropertiesContentProvider.doQuery took 0 ms I/fb4a(:):OrcaInjector( 886): Created just-in-time provider for class com.facebook.push.mqtt.abtest.MqttPushServiceExperimentSpecificationHolder I/fb4a(:):OrcaInjector( 886): Created just-in-time provider for class com.facebook.orca.fbwebrtc.abtest.WebrtcExperimentSpecificationHolder I/fb4a(:):OrcaInjector( 886): Created just-in-time provider for class com.facebook.timeline.abtest.TimelineQuickExperimentSpecificationHolder
I/ActivityManager( 390): START u0 {act=android.settings.SETTINGS flg=0x14000000 cmp=com.android.settings/.Settings} from pid 494
D/PermissionCache( 129): checking android.permission.READ_FRAME_BUFFER for uid=1000 => granted (152 us) I/fb4a(:):OrcaInjector( 886): Created just-in-time provider for class com.facebook.mqtt.MqttSsl
I/ActivityManager( 390): Start proc com.anydo for broadcast com.anydo/.service.PeriodicServiceStartupReceiver: pid=928 uid=10143 gids={50143, 3003, 1015, 1028}
D/dalvikvm( 732): GC_CONCURRENT freed 183K, 3% free 9109K/9320K, paused 13ms+3ms, total 73ms
W/System.err( 732): Removed 2131231194
W/System.err( 732): Removed 2131231203
D/dalvikvm( 928): GC_CONCURRENT freed 177K, 3% free 9161K/9364K, paused 8ms+2ms, total 37ms
D/dalvikvm( 928): WAIT_FOR_CONCURRENT_GC blocked 5ms D/fb4a(:):AbstractDatabaseSupplier( 886): Initializing database qe_db
D/AccountTypeManager( 907): Registering external account type=edu.stanford.mobisocial, packageName=mobisocial.dispatch
D/AccountTypeManager( 907): Registering external account type=com.facebook.auth.login, packageName=com.facebook.katana D/fb4a(:):ExperimentsProviderTable( 886): QuickExperimentContentProvider.doQuery took 129 ms
I/ActivityThread( 928): Pub com.anydo.provider: com.anydo.providers.TasksContentProvider
D/BluetoothAdapter( 732): 1097473040: getState() : mService = null. Returning STATE_OFF
W/System.err( 732): Removed 2131231194
W/System.err( 732): Removed 2131231203
W/ResourceType( 907): getEntry failing because entryIndex 1170 is beyond type entryCount 132
W/ResourceType( 907): Failure getting entry for 0x7f020492 (t=1 e=1170) in package 0 (error -2147483647)
W/ResourceType( 907): getEntry failing because entryIndex 1197 is beyond type entryCount 132
W/ResourceType( 907): Failure getting entry for 0x7f0204ad (t=1 e=1197) in package 0 (error -2147483647)
D/AccountTypeManager( 907): Registering external account type=com.skype.contacts.sync, packageName=com.skype.raider
W/Settings( 857): Setting wifi_sleep_policy has moved from android.provider.Settings.System to android.provider.Settings.Global, returning read-only value.
W/ResourceType( 907): getEntry failing because entryIndex 523 is beyond type entryCount 132
W/ResourceType( 907): Failure getting entry for 0x7f02020b (t=1 e=523) in package 0 (error -2147483647)
W/ResourceType( 907): getEntry failing because entryIndex 524 is beyond type entryCount 132
W/ResourceType( 907): Failure getting entry for 0x7f02020c (t=1 e=524) in package 0 (error -2147483647)
W/ResourceType( 907): getEntry failing because entryIndex 525 is beyond type entryCount 132
W/ResourceType( 907): Failure getting entry for 0x7f02020d (t=1 e=525) in package 0 (error -2147483647)
D/AccountTypeManager( 907): Registering 1 extension packages D/fb4a(:):ExperimentsProviderTable( 886): QuickExperimentContentProvider.doQuery took 12 ms
D/dalvikvm( 928): GC_CONCURRENT freed 117K, 2% free 9441K/9596K, paused 2ms+25ms, total 55ms
D/dalvikvm( 907): GC_CONCURRENT freed 212K, 3% free 9132K/9360K, paused 17ms+110ms, total 288ms
D/libEGL ( 732): loaded /vendor/lib/egl/libEGL_POWERVR_SGX540_120.so
E/ExternalAccountType( 907): Unsupported attribute readOnly
D/libEGL ( 732): loaded /vendor/lib/egl/libGLESv1_CM_POWERVR_SGX540_120.so
D/libEGL ( 732): loaded /vendor/lib/egl/libGLESv2_POWERVR_SGX540_120.so
D/AccountTypeManager( 907): Registering extension package account type=com.google, dataSet=plus, packageName=com.google.android.apps.plus
W/GAV2 ( 928): Thread[main,5,main]: Need to call initialize() and be in fallback mode to start dispatch.
I/AccountTypeManager( 907): Loaded meta-data for 6 account types, 11 accounts in 390ms(wall) 150ms(cpu)
D/OpenGLRenderer( 732): Enabling debug mode 0
D/ACRA ( 928): ACRA is enabled for com.anydo, intializing...
D/ACRA ( 928): Using custom Report Fields
D/ACRA ( 928): Looking for error files in /data/data/com.anydo/files
D/BluetoothAdapter( 732): 1097473040: getState() : mService = null. Returning STATE_OFF
I/RecoverySystem( 390): No recovery log file
I/ActivityManager( 390): Start proc com.android.providers.calendar for broadcast com.android.providers.calendar/.CalendarReceiver: pid=954 uid=10005 gids={50005, 3003, 1015, 1028}
D/dalvikvm( 732): GC_CONCURRENT freed 100K, 2% free 9444K/9576K, paused 9ms+3ms, total 37ms
I/ActivityThread( 954): Pub com.android.calendar: com.android.providers.calendar.CalendarProvider2
D/dalvikvm( 857): GC_CONCURRENT freed 460K, 5% free 11545K/12032K, paused 16ms+6ms, total 250ms
D/dalvikvm( 857): WAIT_FOR_CONCURRENT_GC blocked 67ms
D/dalvikvm( 857): WAIT_FOR_CONCURRENT_GC blocked 7ms
D/gps_sirf( 390): GSD4t Firmware Upload Done
I/ActivityManager( 390): Displayed com.android.settings/.Settings: +1s107ms
I/ActivityManager( 390): Start proc com.google.android.deskclock for broadcast com.google.android.deskclock/com.android.deskclock.AlarmInitReceiver: pid=976 uid=10010 gids={50010, 1028}
D/dalvikvm( 130): GC_EXPLICIT freed 39K, 1% free 8825K/8892K, paused 2ms+3ms, total 32ms
D/dalvikvm( 130): GC_EXPLICIT freed <1K, 1% free 8825K/8892K, paused 1ms+2ms, total 22ms
D/dalvikvm( 130): GC_EXPLICIT freed <1K, 1% free 8825K/8892K, paused 1ms+2ms, total 26ms
I/ActivityThread( 976): Pub com.android.deskclock: com.android.deskclock.AlarmProvider
D/dalvikvm( 390): GC_EXPLICIT freed 1177K, 8% free 22129K/23940K, paused 3ms+8ms, total 103ms
V/AlarmClock( 976): AlarmInitReceiver - Cleaning old timer and stopwatch data
V/AlarmClock( 976): AlarmInitReceiver finished
D/dalvikvm( 976): GC_CONCURRENT freed 214K, 3% free 9061K/9308K, paused 3ms+6ms, total 37ms
I/ActivityManager( 390): Start proc com.google.android.email for broadcast com.google.android.email/com.android.email.service.EmailBroadcastReceiver: pid=992 uid=10012 gids={50012, 3003, 1015, 1028}
D/dalvikvm( 732): GC_CONCURRENT freed 90K, 2% free 9756K/9876K, paused 9ms+2ms, total 41ms I/fb4a(:):OrcaInjector( 886): Created just-in-time provider for class com.facebook.zero.intent.LaunchableIntentChecker I/fb4a(:):OrcaInjector( 886): Created just-in-time provider for class com.facebook.timeline.TimelineZeroInternalIntentBlacklistItem I/fb4a(:):OrcaInjector( 886): Created just-in-time provider for class com.facebook.katana.activity.nearby.NearbyZeroInternalIntentBlacklistItem I/fb4a(:):OrcaInjector( 886): Created just-in-time provider for class com.facebook.katana.activity.places.PlacesZeroInternalIntentBlacklistItem I/fb4a(:):OrcaInjector( 886): Created just-in-time provider for class com.facebook.push.c2dm.UnregisterPushTokenMethod
I/ActivityThread( 992): Pub com.android.email.attachmentprovider: com.android.email.provider.AttachmentProvider
I/ActivityThread( 992): Pub com.android.email.provider;com.android.email.notifier: com.android.email.provider.EmailProvider
D/dalvikvm( 553): GC_CONCURRENT freed 388K, 5% free 9310K/9724K, paused 30ms+7ms, total 91ms
D/dalvikvm( 992): GC_CONCURRENT freed 181K, 3% free 9033K/9244K, paused 3ms+3ms, total 22ms
I/ActivityManager( 390): Start proc com.google.android.exchange for service com.google.android.exchange/com.android.exchange.ExchangeService: pid=1010 uid=10013 gids={50013, 3003, 1015, 1028}
I/ActivityThread( 1010): Pub com.android.exchange.directory.provider: com.android.exchange.provider.ExchangeDirectoryProvider
D/ExchangeService( 1010): !!! EAS ExchangeService, onCreate
D/ExchangeService( 1010): !!! EAS ExchangeService, onStartCommand, startingUp = false, running = false
D/Eas Debug( 1010): Logging:
D/EmailProvider( 992): fromDatabase accounts: 0
D/EmailProvider( 992): ending toDatabase transaction; copyCount = 0
I/ActivityManager( 390): Start proc com.google.android.apps.genie.geniewidget for broadcast com.google.android.apps.genie.geniewidget/.miniwidget.MiniWidgetProvider: pid=1030 uid=10017 gids={50017, 3003, 1015, 1028}
D/ExchangeService( 1010): !!! EAS ExchangeService, onStartCommand, startingUp = true, running = false
D/ExchangeService( 1010): Received deviceId from Email app: androidc1376952601
D/ExchangeService( 1010): Reconciling accounts...
D/ExchangeService( 1010): !!! EAS ExchangeService, onStartCommand, startingUp = true, running = false
D/Eas Debug( 1010): Logging:
I/ActivityThread( 1030): Pub com.google.android.apps.genie.geniewidget.newsimage: com.google.android.apps.genie.geniewidget.providers.NewsImageProvider
I/ActivityThread( 1030): Pub com.google.android.apps.genie.geniewidget.weather: com.google.android.apps.genie.geniewidget.providers.WeatherProvider
D/EmailProvider( 992): ending fromDatabase transaction; copyCount = 0
I/System.out( 1030): [INFO:8]: LogSource: Logging disabled
W/Genie ( 1030): Cache file not found: java.io.FileNotFoundException: /data/data/com.google.android.apps.genie.geniewidget/cache/genie_masfcache: open failed: ENOENT (No such file or directory)
W/Genie ( 1030): Cache file not found: java.io.FileNotFoundException: /data/data/com.google.android.apps.genie.geniewidget/cache/genie_iconcache: open failed: ENOENT (No such file or directory)
I/Genie ( 1030): ignoring BOOT_COMPLETE since app has never been started
D/dalvikvm( 1030): GC_CONCURRENT freed 200K, 3% free 9070K/9300K, paused 8ms+2ms, total 34ms
I/ActivityManager( 390): Start proc com.google.android.partnersetup for broadcast com.google.android.partnersetup/.GooglePartnerSetup: pid=1060 uid=10021 gids={50021, 3003, 1028}
I/CalendarProvider2( 954): Sending notification intent: Intent { act=android.intent.action.PROVIDER_CHANGED dat=content://com.android.calendar }
W/ContentResolver( 954): Failed to get type for: content://com.android.calendar (Unknown URL content://com.android.calendar)
I/ActivityThread( 1060): Pub com.google.android.partnersetup.rlzprovider: com.google.android.partnersetup.RlzProvider
I/ActivityThread( 1060): Pub com.google.android.partnersetup.rlzappprovider: com.google.android.partnersetup.RlzAppProvider
D/dalvikvm( 553): GC_CONCURRENT freed 421K, 5% free 9277K/9724K, paused 9ms+2ms, total 28ms
I/ActivityManager( 390): START u0 {act=android.intent.action.MAIN cmp=com.android.settings/.SubSettings (has extras)} from pid 732
W/ActivityManager( 390): Unable to start service Intent { cmp=com.google.android.email/com.android.email.service.AttachmentDownloadService } U=0: not found
I/SystemUpdateService( 740): cancelUpdate (empty URL)
I/RlzPingService( 1060): Setting next ping for 1377297127365
D/dalvikvm( 740): GC_CONCURRENT freed 304K, 4% free 9134K/9468K, paused 4ms+2ms, total 22ms
D/dalvikvm( 732): GC_CONCURRENT freed 243K, 3% free 9951K/10224K, paused 1ms+4ms, total 21ms
D/VoldCmdListener( 122): cryptfs cryptocomplete
E/Cryptfs ( 122): not running with encryption, aborting
D/PermissionCache( 129): checking android.permission.HARDWARE_TEST for uid=1000 => granted (183 us)
D/dalvikvm( 886): GC_CONCURRENT freed 539K, 5% free 12908K/13476K, paused 9ms+25ms, total 194ms
I/ActivityManager( 390): Start proc com.android.mms for broadcast com.android.mms/.transaction.MmsSystemEventReceiver: pid=1099 uid=10032 gids={50032, 3003, 1015, 1028}
D/dalvikvm( 1060): GC_CONCURRENT freed 294K, 4% free 8923K/9244K, paused 6ms+4ms, total 108ms
W/System.err( 732): Removed 2131231194
W/System.err( 732): Removed 2131231203
D/ExchangeService( 1010): !!! EAS ExchangeService, onStartCommand, startingUp = false, running = false
W/ActivityManager( 390): Unable to start service Intent { cmp=com.google.android.email/com.android.email.service.AttachmentDownloadService } U=0: not found
D/ExchangeService( 1010): Reconciling accounts...
I/ActivityThread( 1099): Pub mms_temp_file: com.android.mms.TempFileProvider
I/ActivityThread( 1099): Pub com.android.mms.SuggestionsProvider: com.android.mms.SuggestionsProvider
W/ActivityManager( 390): Unable to start service Intent { cmp=com.google.android.email/com.android.email.service.AttachmentDownloadService } U=0: not found
D/CountryDetector( 390): The first listener is added
V/MmsConfig( 1099): mnc/mcc:
V/MmsConfig( 1099): tag: bool value: enabledMMS - true
V/MmsConfig( 1099): tag: int value: maxMessageSize - 307200
V/MmsConfig( 1099): tag: int value: maxImageHeight - 480
V/MmsConfig( 1099): tag: int value: maxImageWidth - 640
V/MmsConfig( 1099): tag: int value: defaultSMSMessagesPerThread - 500
V/MmsConfig( 1099): tag: int value: defaultMMSMessagesPerThread - 50
V/MmsConfig( 1099): tag: int value: minMessageCountPerThread - 10
V/MmsConfig( 1099): tag: int value: maxMessageCountPerThread - 5000
V/MmsConfig( 1099): tag: string value: uaProfUrl - http://wap.samsungmobile.com/uaprof/galaxynexus.xml
V/MmsConfig( 1099): tag: int value: recipientLimit - -1
V/MmsConfig( 1099): tag: bool value: enableSlideDuration - true
V/MmsConfig( 1099): tag: int value: maxMessageTextSize - -1
V/MmsConfig( 1099): tag: string value: userAgent - GalaxyNexus
D/dalvikvm( 1099): GC_CONCURRENT freed 170K, 3% free 9070K/9268K, paused 4ms+2ms, total 28ms
I/ActivityManager( 390): Start proc com.google.android.onetimeinitializer for broadcast com.google.android.onetimeinitializer/.OneTimeInitializerReceiver: pid=1133 uid=10036 gids={50036, 1028}
I/ActivityManager( 390): Displayed com.android.settings/.SubSettings: +733ms
I/SystemUpdateService( 740): cancelUpdate (empty URL)
D/MmsSmsDatabaseHelper( 621): [MmsSmsDb] tableName: threads hasAutoIncrement: CREATE TABLE threads (_id INTEGER PRIMARY KEY AUTOINCREMENT,date INTEGER DEFAULT 0,message_count INTEGER DEFAULT 0,recipient_ids TEXT,snippet TEXT,snippet_cs INTEGER DEFAULT 0,read INTEGER DEFAULT 1,type INTEGER DEFAULT 0,error INTEGER DEFAULT 0,has_attachment INTEGER DEFAULT 0) result: true
D/MmsSmsDatabaseHelper( 621): [MmsSmsDb] tableName: canonical_addresses hasAutoIncrement: CREATE TABLE canonical_addresses (_id INTEGER PRIMARY KEY AUTOINCREMENT,address TEXT) result: true
D/MmsSmsDatabaseHelper( 621): [MmsSmsDb] tableName: part hasAutoIncrement: CREATE TABLE part (_id INTEGER PRIMARY KEY AUTOINCREMENT,mid INTEGER,seq INTEGER DEFAULT 0,ct TEXT,name TEXT,chset INTEGER,cd TEXT,fn TEXT,cid TEXT,cl TEXT,ctt_s INTEGER,ctt_t TEXT,_data TEXT,text TEXT) result: true
V/OneTimeInitializerReceiver( 1133): OneTimeInitializerReceiver.onReceive
V/OneTimeService( 1133): OneTimeService.onHandleIntent
I/ActivityManager( 390): Start proc com.google.android.youtube for broadcast com.google.android.youtube/.core.transfer.DownloadService$BootReceiver: pid=1150 uid=10054 gids={50054, 3003, 1015, 1006, 1028}
D/MmsSmsDatabaseHelper( 621): [MmsSmsDb] tableName: pdu hasAutoIncrement: CREATE TABLE pdu (_id INTEGER PRIMARY KEY AUTOINCREMENT,thread_id INTEGER,date INTEGER,date_sent INTEGER DEFAULT 0,msg_box INTEGER,read INTEGER DEFAULT 0,m_id TEXT,sub TEXT,sub_cs INTEGER,ct_t TEXT,ct_l TEXT,exp INTEGER,m_cls TEXT,m_type INTEGER,v INTEGER,m_size INTEGER,pri INTEGER,rr INTEGER,rpt_a INTEGER,resp_st INTEGER,st INTEGER,tr_id TEXT,retr_st INTEGER,retr_txt TEXT,retr_txt_cs INTEGER,read_status INTEGER,ct_cls INTEGER,resp_txt TEXT,d_tm INTEGER,d_rpt INTEGER,locked INTEGER DEFAULT 0,seen INTEGER DEFAULT 0,text_only INTEGER DEFAULT 0) result: true
D/MmsSmsDatabaseHelper( 621): [getWritableDatabase] hasAutoIncrementThreads: true hasAutoIncrementAddresses: true hasAutoIncrementPart: true hasAutoIncrementPdu: true
D/CAT ( 621): StkAppService$ServiceHandler: OP_BOOT_COMPLETED
W/System.err( 732): Removed 2131231194
W/System.err( 732): Removed 2131231203
D/dalvikvm( 390): GC_EXPLICIT freed 781K, 9% free 22357K/24312K, paused 3ms+14ms, total 205ms
D/dalvikvm( 1150): GC_CONCURRENT freed 168K, 2% free 9188K/9356K, paused 8ms+3ms, total 48ms
D/Mms:app ( 1099): cancelNotification
I/ActivityThread( 1150): Pub com.google.android.youtube.SuggestionProvider: com.google.android.youtube.core.suggest.SuggestionProvider
D/Mms:app ( 1099): cancelNotification
D/dalvikvm( 1150): GC_CONCURRENT freed 287K, 4% free 9324K/9640K, paused 2ms+2ms, total 25ms W/fb4a(:):MqttPushService( 886): Attempt to start service that is already started
W/Settings( 886): Setting wifi_sleep_policy has moved from android.provider.Settings.System to android.provider.Settings.Global, returning read-only value.
D/dalvikvm( 1099): GC_CONCURRENT freed 157K, 2% free 9314K/9500K, paused 2ms+24ms, total 103ms
D/dalvikvm( 1150): GC_CONCURRENT freed 255K, 3% free 9563K/9848K, paused 3ms+3ms, total 37ms
D/dalvikvm( 1150): DexOpt: --- BEGIN 'ads-302016486.jar' (bootstrap=0) ---
D/dalvikvm( 1185): DexOpt: load 3ms, verify+opt 5ms, 144348 bytes
D/dalvikvm( 1150): DexOpt: --- END 'ads-302016486.jar' (success) ---
D/dalvikvm( 1150): DEX prep '/data/data/com.google.android.youtube/cache/ads-302016486.jar': unzip in 0ms, rewrite 197ms
D/dalvikvm( 886): GC_CONCURRENT freed 1014K, 8% free 13259K/14300K, paused 13ms+8ms, total 137ms
D/dalvikvm( 886): WAIT_FOR_CONCURRENT_GC blocked 78ms
D/dalvikvm( 886): WAIT_FOR_CONCURRENT_GC blocked 84ms
D/dalvikvm( 1150): GC_CONCURRENT freed 339K, 4% free 9668K/10036K, paused 2ms+3ms, total 28ms
D/dalvikvm( 886): WAIT_FOR_CONCURRENT_GC blocked 57ms
I/ConversionPing( 1150): Sending ping: http://googleads.g.doubleclick.net/pagead/viewthroughconversion/1001680686/?label=8cu4CIrA3gMQrt7R3QM&muid=AppY_Ed-seSHwvpw83KmdA
E/ConversionPing( 1150): ConversionPing could not reach the url, no conversion sent.
I/ActivityManager( 390): Start proc com.facebook.katana:providers for content provider com.facebook.katana/.provider.GraphQLNotificationsContentProvider: pid=1204 uid=10111 gids={50111, 3003, 1006, 1015, 1028}
D/dalvikvm( 1150): GC_CONCURRENT freed 290K, 4% free 9890K/10208K, paused 35ms+20ms, total 78ms
E/dalvikvm( 759): Could not find class 'android.content.RestrictionEntry', referenced from method com.google.android.gms.common.account.GetRestrictionsReceiver.onReceive
W/dalvikvm( 759): VFY: unable to resolve new-instance 432 (Landroid/content/RestrictionEntry;) in Lcom/google/android/gms/common/account/GetRestrictionsReceiver;
D/dalvikvm( 759): VFY: replacing opcode 0x22 at 0x0033
D/dalvikvm( 759): DexOpt: unable to opt direct call 0x0ad9 at 0x39 in Lcom/google/android/gms/common/account/GetRestrictionsReceiver;.onReceive
I/dalvikvm( 759): Could not find method android.os.UserManager.getApplicationRestrictions, referenced from method vq.b
W/dalvikvm( 759): VFY: unable to resolve virtual method 3650: Landroid/os/UserManager;.getApplicationRestrictions (Ljava/lang/String;)Landroid/os/Bundle;
D/dalvikvm( 759): VFY: replacing opcode 0x6e at 0x0012
I/dalvikvm( 759): Could not find method android.accounts.AccountManager.getAccountsByTypeForPackage, referenced from method vq.c
W/dalvikvm( 759): VFY: unable to resolve virtual method 2336: Landroid/accounts/AccountManager;.getAccountsByTypeForPackage (Ljava/lang/String;Ljava/lang/String;)[Landroid/accounts/Account;
D/dalvikvm( 759): VFY: replacing opcode 0x6e at 0x000c
D/dalvikvm( 928): GC_CONCURRENT freed 402K, 5% free 9425K/9856K, paused 7ms+6ms, total 32ms
D/dalvikvm( 390): GC_EXPLICIT freed 218K, 8% free 22392K/24312K, paused 2ms+7ms, total 137ms
I/Recovery( 759): Received: Intent { act=android.intent.action.BOOT_COMPLETED flg=0x10 cmp=com.google.android.gms/.recovery.AccountRecoveryBackgroundService$Receiver (has extras) }
I/ActivityManager( 390): Start proc com.google.android.gsf.login for service com.google.android.gms/.recovery.AccountRecoveryBackgroundService: pid=1219 uid=10008 gids={50008, 3003, 1007, 1028, 1015, 1006, 2001, 3006}
D/dalvikvm( 740): GC_CONCURRENT freed 214K, 3% free 9321K/9564K, paused 15ms+15ms, total 53ms
D/dalvikvm( 1204): GC_CONCURRENT freed 175K, 3% free 9162K/9364K, paused 6ms+2ms, total 37ms
D/dalvikvm( 1204): WAIT_FOR_CONCURRENT_GC blocked 4ms
D/dalvikvm( 1204): GC_CONCURRENT freed 144K, 2% free 9518K/9700K, paused 3ms+1ms, total 31ms
D/dalvikvm( 1204): WAIT_FOR_CONCURRENT_GC blocked 6ms
I/ActivityManager( 390): Start proc com.google.android.calendar for broadcast com.google.android.calendar/com.android.calendar.alerts.AlertReceiver: pid=1256 uid=10004 gids={50004, 3003, 1028}
W/GCM ( 740): DIR: /data/data/com.google.android.gms/app_APP /data/data/com.google.android.gsf
D/GCM ( 740): GcmService start Intent { act=android.intent.action.BOOT_COMPLETED flg=0x10 cmp=com.google.android.gms/.gcm.GcmService (has extras) } android.intent.action.BOOT_COMPLETED
D/dalvikvm( 1204): GC_CONCURRENT freed 122K, 2% free 9803K/9980K, paused 2ms+4ms, total 31ms
I/dalvikvm( 1219): Could not find method android.os.UserManager.getApplicationRestrictions, referenced from method vq.b
W/dalvikvm( 1219): VFY: unable to resolve virtual method 3650: Landroid/os/UserManager;.getApplicationRestrictions (Ljava/lang/String;)Landroid/os/Bundle;
D/dalvikvm( 1219): VFY: replacing opcode 0x6e at 0x0012
I/dalvikvm( 1219): Could not find method android.accounts.AccountManager.getAccountsByTypeForPackage, referenced from method vq.c
W/dalvikvm( 1219): VFY: unable to resolve virtual method 2336: Landroid/accounts/AccountManager;.getAccountsByTypeForPackage (Ljava/lang/String;Ljava/lang/String;)[Landroid/accounts/Account;
D/dalvikvm( 1219): VFY: replacing opcode 0x6e at 0x000c
D/CatchMeIfYouCan( 1204): Process (providers) ca: '/data/user/0/com.facebook.katana/app_cmiyc/69AD98E9426D8B4FCD1648AF8345610C885D4AC501'
D/CatchMeIfYouCan( 1204): Process (providers) fc: '/data/user/0/com.facebook.katana/app_cmiyc/69AD98E9426D8B4FCD1648AF8345610C885D4AC502'
D/CatchMeIfYouCan( 1204): Process (providers) cp: '('default', 3, 120000, silent [true], restart [false], logout [false])'
D/ACRA ( 1204): ACRA is enabled for com.facebook.katana, intializing...
D/dalvikvm( 1219): GC_CONCURRENT freed 170K, 3% free 9066K/9268K, paused 30ms+2ms, total 56ms
I/ActivityThread( 1256): Pub com.google.android.calendar.CalendarRecentSuggestionsProvider: com.android.calendar.CalendarRecentSuggestionsProvider
D/AlertReceiver( 1256): onReceive: a=android.intent.action.BOOT_COMPLETED Intent { act=android.intent.action.BOOT_COMPLETED flg=0x10 cmp=com.google.android.calendar/com.android.calendar.alerts.AlertReceiver (has extras) }
D/dalvikvm( 1256): GC_CONCURRENT freed 224K, 3% free 9036K/9288K, paused 12ms+2ms, total 43ms
