W/PackageManager( 390): Unknown permission com.sec.android.provider.badge.permission.WRITE in package com.facebook.orca
W/PackageManager( 390): Unknown permission com.htc.launcher.permission.UPDATE_SHORTCUT in package com.facebook.orca
W/PackageManager( 390): Unknown permission com.htc.launcher.permission.READ_SETTINGS in package com.facebook.orca
W/PackageManager( 390): Unknown permission com.sonyericsson.home.permission.BROADCAST_BADGE in package com.facebook.orca
W/PackageManager( 390): Unknown permission android.permission.REQUEST_SUPERUSER in package org.bbqdroid.bbqscreen
W/PackageManager( 390): Unknown permission android.permission.ACCESS_SUPERUSER in package org.bbqdroid.bbqscreen
W/PackageManager( 390): Not granting permission android.permission.SEND_DOWNLOAD_COMPLETED_INTENTS to package com.android.vending (protectionLevel=2 flags=0x8abec5)
D/dalvikvm( 390): GC_CONCURRENT freed 924K, 6% free 15069K/16024K, paused 3ms+5ms, total 72ms
D/dalvikvm( 390): WAIT_FOR_CONCURRENT_GC blocked 31ms
D/dalvikvm( 390): WAIT_FOR_CONCURRENT_GC blocked 52ms
W/PackageManager( 390): Not granting permission android.permission.WRITE_SECURE_SETTINGS to package com.android.vending (protectionLevel=50 flags=0x8abec5)
W/PackageManager( 390): Not granting permission android.permission.READ_DREAM_STATE to package com.google.android.gsf (protectionLevel=2 flags=0x883e45)
D/dalvikvm( 390): GC_EXPLICIT freed 685K, 7% free 15154K/16168K, paused 3ms+5ms, total 80ms
I/SystemServer( 390): Notification Manager
I/SystemServer( 390): Device Storage Monitor
I/SystemServer( 390): Location Manager
I/SystemServer( 390): Country Detector
I/SystemServer( 390): Search Service
I/SystemServer( 390): DropBox Service
I/SystemServer( 390): Wallpaper Service
I/SystemServer( 390): Audio Service
I/AudioService( 390): Remote Control registerMediaButtonIntent() for PendingIntent{41b97c78: PendingIntentRecord{418c80a8 android broadcastIntent}}
I/SystemServer( 390): Dock Observer
I/SystemServer( 390): Wired Accessory Manager
I/SystemServer( 390): USB Service
I/SystemServer( 390): Serial Service
I/SystemServer( 390): Twilight Service
I/SystemServer( 390): UI Mode Manager Service
I/SystemServer( 390): Backup Service
I/BackupManagerService( 390): Found stale backup journal, scheduling
I/BackupManagerService( 390): android
I/BackupManagerService( 390): com.android.providers.settings
I/BackupManagerService( 390): Backup enabled => true
I/SystemServer( 390): AppWidget Service
I/SystemServer( 390): Recognition Service
I/SystemServer( 390): DiskStats Service
I/SystemServer( 390): SamplingProfiler Service
I/SystemServer( 390): NetworkTimeUpdateService
I/SystemServer( 390): CommonTimeManagementService
I/WindowManager( 390): SAFE MODE not enabled
D/dalvikvm( 390): JIT started for system_server
I/SystemServer( 390): CertBlacklister
I/SystemServer( 390): Dreams Service
I/ActivityManager( 390): System now ready
I/SystemServer( 390): Making services ready
D/SystemServer( 390): Starting service: Intent { cmp=com.android.systemui/.SystemUIService }
I/Zygote ( 390): Process: zygote socket opened
I/ActivityManager( 390): Start proc com.android.systemui for service com.android.systemui/.SystemUIService: pid=494 uid=10045 gids={50045, 1028, 1015, 3002, 3001}
W/MountService( 390): Duplicate state transition (mounted -> mounted) for /storage/emulated/0
D/NetworkManagementService( 390): enabling bandwidth control
V/TransportControlView( 390): Create TCV com.android.internal.policy.impl.keyguard.KeyguardTransportControlView{41dee800 V.E..... ......I. 0,0-0,0 #1020308 android:id/keyguard_transport_control}
D/LightsService( 390): Excessive delay setting light: 57ms
D/dalvikvm( 390): GC_FOR_ALLOC freed 952K, 6% free 15662K/16660K, paused 96ms, total 97ms
I/keystore( 135): uid: 1000 action: e -> 7 state: 3 -> 3 retry: 4
D/SystemUIService( 494): loading: class com.android.systemui.statusbar.phone.PhoneStatusBar
D/SystemUIService( 494): running: com.android.systemui.statusbar.phone.PhoneStatusBar@416a0770
I/StatusBarManagerService( 390): registerStatusBar bar=com.android.internal.statusbar.IStatusBar$Stub$Proxy@41bbd030
D/LightsService( 390): Excessive delay setting light: 55ms
D/dalvikvm( 494): GC_CONCURRENT freed 132K, 2% free 9090K/9248K, paused 4ms+13ms, total 46ms
D/dalvikvm( 494): GC_FOR_ALLOC freed 27K, 2% free 9432K/9532K, paused 21ms, total 21ms
D/dalvikvm( 494): GC_CONCURRENT freed 6K, 2% free 9828K/9932K, paused 3ms+12ms, total 26ms
D/dalvikvm( 390): GC_CONCURRENT freed 675K, 5% free 16682K/17408K, paused 5ms+4ms, total 79ms
D/dalvikvm( 390): WAIT_FOR_CONCURRENT_GC blocked 54ms
D/dalvikvm( 390): WAIT_FOR_CONCURRENT_GC blocked 61ms
D/dalvikvm( 390): WAIT_FOR_CONCURRENT_GC blocked 42ms
D/dalvikvm( 390): WAIT_FOR_CONCURRENT_GC blocked 39ms
D/BluetoothManagerService( 390): Message: 20
D/BluetoothManagerService( 390): Added callback: android.bluetooth.IBluetoothManagerCallback$Stub$Proxy@41bbf570:true
D/BluetoothAdapter( 494): 1098628616: getState() : mService = null. Returning STATE_OFF
D/BluetoothAdapter( 494): 1098628616: getState() : mService = null. Returning STATE_OFF
D/BluetoothAdapter( 494): 1098628616: getState() : mService = null. Returning STATE_OFF
D/dalvikvm( 494): GC_CONCURRENT freed 59K, 1% free 10170K/10256K, paused 3ms+2ms, total 28ms
I/keystore( 135): uid: 1000 action: e -> 7 state: 3 -> 3 retry: 4
D/dalvikvm( 494): GC_CONCURRENT freed 18K, 1% free 10658K/10708K, paused 2ms+2ms, total 18ms
D/dalvikvm( 494): WAIT_FOR_CONCURRENT_GC blocked 4ms
D/BluetoothAdapter( 494): 1098628616: getState() : mService = null. Returning STATE_OFF
I/ActivityManager( 390): Start proc android.process.media for broadcast com.android.providers.media/.MtpReceiver: pid=553 uid=10011 gids={50011, 1015, 1023, 1024, 1028, 2001, 3003, 3007}
I/ActivityManager( 390): Config changed: {1.0 ?mcc?mnc en_US ldltr sw360dp w360dp h567dp 320dpi nrml port finger -keyb/v/h -nav/h s.4}
D/dalvikvm( 390): GC_FOR_ALLOC freed 235K, 5% free 16688K/17408K, paused 63ms, total 63ms
I/dalvikvm-heap( 390): Grow heap (frag case) to 18.303MB for 2073616-byte allocation
D/dalvikvm( 390): GC_FOR_ALLOC freed 14K, 4% free 18699K/19436K, paused 70ms, total 70ms
D/dalvikvm( 390): GC_CONCURRENT freed 10K, 4% free 18689K/19436K, paused 3ms+4ms, total 71ms
D/PhoneStatusBar( 494): disable: < expand icons alerts ticker system_info back home recent clock search > W/ResourceType( 390): Failure getting entry for 0x7f050005 (t=4 e=5) in package 0 (error -75)
W/PackageManager( 390): Failure retrieving xml 0x7f050005 in package com.handmark.expressweather
W/PackageManager( 390): android.content.res.Resources$NotFoundException: Resource ID #0x7f050005
W/PackageManager( 390): at android.content.res.Resources.getValue(Resources.java:1014)
W/PackageManager( 390): at android.content.res.Resources.loadXmlResourceParser(Resources.java:2139)
W/PackageManager( 390): at android.content.res.Resources.getXml(Resources.java:902)
W/PackageManager( 390): at android.app.ApplicationPackageManager.getXml(ApplicationPackageManager.java:999)
W/PackageManager( 390): at android.content.pm.PackageItemInfo.loadXmlMetaData(PackageItemInfo.java:216)
W/PackageManager( 390): at com.android.server.AppWidgetServiceImpl.parseProviderInfoXml(AppWidgetServiceImpl.java:1343)
W/PackageManager( 390): at com.android.server.AppWidgetServiceImpl.addProviderLocked(AppWidgetServiceImpl.java:1241)
W/PackageManager( 390): at com.android.server.AppWidgetServiceImpl.loadAppWidgetList(AppWidgetServiceImpl.java:1227)
W/PackageManager( 390): at com.android.server.AppWidgetServiceImpl.ensureStateLoadedLocked(AppWidgetServiceImpl.java:413)
W/PackageManager( 390): at com.android.server.AppWidgetServiceImpl.getAppWidgetInfo(AppWidgetServiceImpl.java:829)
W/PackageManager( 390): at com.android.server.AppWidgetService.getAppWidgetInfo(AppWidgetService.java:252)
W/PackageManager( 390): at android.appwidget.AppWidgetManager.getAppWidgetInfo(AppWidgetManager.java:575)
W/PackageManager( 390): at com.android.internal.policy.impl.keyguard.KeyguardHostView.addWidget(KeyguardHostView.java:939)
W/PackageManager( 390): at com.android.internal.policy.impl.keyguard.KeyguardHostView.addWidgetsFromSettings(KeyguardHostView.java:1150)
W/PackageManager( 390): at com.android.internal.policy.impl.keyguard.KeyguardHostView.onFinishInflate(KeyguardHostView.java:233)
W/PackageManager( 390): at android.view.LayoutInflater.rInflate(LayoutInflater.java:754)
W/PackageManager( 390): at android.view.LayoutInflater.inflate(LayoutInflater.java:489)
W/PackageManager( 390): at android.view.LayoutInflater.inflate(LayoutInflater.java:396)
W/PackageManager( 390): at com.android.internal.policy.impl.keyguard.KeyguardViewManager.inflateKeyguardView(KeyguardViewManager.java:221)
W/PackageManager( 390): at com.android.internal.policy.impl.keyguard.KeyguardViewManager.maybeCreateKeyguardLocked(KeyguardViewManager.java:204)
W/PackageManager( 390): at com.android.internal.policy.impl.keyguard.KeyguardViewManager.show(KeyguardViewManager.java:100)
W/PackageManager( 390): at com.android.internal.policy.impl.keyguard.KeyguardViewMediator.handleShow(KeyguardViewMediator.java:1229)
W/PackageManager( 390): at com.android.internal.policy.impl.keyguard.KeyguardViewMediator.access$1400(KeyguardViewMediator.java:96)
W/PackageManager( 390): at com.android.internal.policy.impl.keyguard.KeyguardViewMediator$4.handleMessage(KeyguardViewMediator.java:1099)
W/PackageManager( 390): at android.os.Handler.dispatchMessage(Handler.java:99)
W/PackageManager( 390): at android.os.Looper.loop(Looper.java:137)
W/PackageManager( 390): at android.os.HandlerThread.run(HandlerThread.java:60)
W/AppWidgetServiceImpl( 390): No android.appwidget.provider meta-data for AppWidget provider 'ComponentInfo{com.handmark.expressweather/com.handmark.expressweather.widgets.Widget6x3}'
I/ActivityThread( 553): Pub downloads: com.android.providers.downloads.DownloadProvider
D/dalvikvm( 494): GC_CONCURRENT freed 303K, 3% free 10872K/11200K, paused 2ms+5ms, total 27ms
D/dalvikvm( 494): WAIT_FOR_CONCURRENT_GC blocked 23ms
D/dalvikvm( 494): WAIT_FOR_CONCURRENT_GC blocked 7ms
I/dalvikvm-heap( 494): Grow heap (frag case) to 12.793MB for 2073616-byte allocation
I/ActivityThread( 553): Pub drm: com.android.providers.drm.DrmProvider
I/DownloadManager( 553): in removeSpuriousFiles
I/ActivityThread( 553): Pub media: com.android.providers.media.MediaProvider
D/dalvikvm( 494): GC_FOR_ALLOC freed 9K, 2% free 13069K/13228K, paused 35ms, total 35ms
D/StorageNotification( 494): Startup with UMS connection false (media state mounted)
D/BluetoothAdapter( 494): 1098628616: getState() : mService = null. Returning STATE_OFF
D/BluetoothAdapter( 494): 1098628616: getState() : mService = null. Returning STATE_OFF
I/StorageNotification( 494): UMS connection changed to false (media state mounted)
I/ActivityManager( 390): Start proc android.process.acore for content provider com.android.providers.contacts/.ContactsProvider2: pid=571 uid=10000 gids={50000, 3003, 1015, 1028}
D/SystemUIService( 494): loading: class com.android.systemui.power.PowerUI
D/SystemUIService( 494): running: com.android.systemui.power.PowerUI@41834738
D/SystemUIService( 494): loading: class com.android.systemui.media.RingtonePlayer
D/SystemUIService( 494): running: com.android.systemui.media.RingtonePlayer@418700c8
I/Choreographer( 494): Skipped 44 frames! The application may be doing too much work on its main thread.
I/ActivityThread( 571): Pub com.android.voicemail: com.android.providers.contacts.VoicemailContentProvider
I/ActivityThread( 571): Pub com.android.contacts.dumpfile: com.android.providers.contacts.debug.DumpFileProvider
I/ActivityThread( 571): Pub applications: com.android.providers.applications.ApplicationsProvider
I/Choreographer( 390): Skipped 81 frames! The application may be doing too much work on its main thread.
I/ActivityThread( 571): Pub call_log: com.android.providers.contacts.CallLogProvider
I/ActivityThread( 571): Pub user_dictionary: com.android.providers.userdictionary.UserDictionaryProvider
I/ActivityThread( 571): Pub contacts;com.android.contacts: com.android.providers.contacts.ContactsProvider2
D/libEGL ( 390): loaded /vendor/lib/egl/libEGL_POWERVR_SGX540_120.so
D/dalvikvm( 571): GC_CONCURRENT freed 182K, 3% free 9044K/9252K, paused 2ms+3ms, total 26ms
D/libEGL ( 494): loaded /vendor/lib/egl/libEGL_POWERVR_SGX540_120.so
D/libEGL ( 390): loaded /vendor/lib/egl/libGLESv1_CM_POWERVR_SGX540_120.so
D/libEGL ( 494): loaded /vendor/lib/egl/libGLESv1_CM_POWERVR_SGX540_120.so
D/libEGL ( 390): loaded /vendor/lib/egl/libGLESv2_POWERVR_SGX540_120.so
D/libEGL ( 494): loaded /vendor/lib/egl/libGLESv2_POWERVR_SGX540_120.so
D/dalvikvm( 553): GC_CONCURRENT freed 261K, 4% free 8953K/9240K, paused 24ms+3ms, total 130ms
D/OpenGLRenderer( 390): Enabling debug mode 0
D/OpenGLRenderer( 494): Enabling debug mode 0
D/dalvikvm( 390): GC_FOR_ALLOC freed 2286K, 13% free 17651K/20252K, paused 69ms, total 73ms
I/dalvikvm-heap( 390): Grow heap (frag case) to 20.518MB for 3409936-byte allocation
D/dalvikvm( 390): GC_FOR_ALLOC freed 1K, 12% free 20979K/23584K, paused 66ms, total 66ms
I/ActivityManager( 390): Start proc com.android.phasebeam for service com.android.phasebeam/.PhaseBeamWallpaper: pid=590 uid=10038 gids={50038, 1028}
W/InputMethodManagerService( 390): Ignoring setImeWindowStatus of uid 1000 token: null
I/ActivityManager( 390): Start proc com.google.android.inputmethod.latin for service com.google.android.inputmethod.latin/com.android.inputmethod.latin.LatinIME: pid=600 uid=10027 gids={50027, 3003, 1015, 1028}
D/dalvikvm( 390): GC_CONCURRENT freed 86K, 11% free 21023K/23584K, paused 9ms+23ms, total 156ms
I/CommonTimeManagementService( 390): No common time service detected on this platform. Common time services will be unavailable.
I/InputReader( 390): Reconfiguring input devices. changes=0x00000020
W/ThrottleService( 390): unable to find stats for iface rmnet0
I/ActivityManager( 390): Start proc com.android.phone for added application com.android.phone: pid=621 uid=1001 gids={41001, 3002, 3001, 3003, 1015, 1028}
I/InputReader( 390): Reconfiguring input devices. changes=0x00000010
I/LocationBlacklist( 390): whitelist: []
I/LocationBlacklist( 390): blacklist: []
I/ActivityManager( 390): Start proc com.android.nfc for added application com.android.nfc: pid=634 uid=1027 gids={41027, 3002, 3001, 1015, 1028}
W/ActivityManager( 390): Broadcast Intent { act=android.intent.action.USER_STARTING flg=0x40000010 (has extras) } not ordered but result callback requested!
I/ActivityManager( 390): START u0 {act=android.intent.action.MAIN cat=[android.intent.category.HOME] flg=0x10000000 cmp=com.teslacoilsw.launcher/com.android.launcher2.Launcher} from pid 0
I/ActivityManager( 390): Start proc com.teslacoilsw.launcher for activity com.teslacoilsw.launcher/com.android.launcher2.Launcher: pid=645 uid=10081 gids={50081, 3003, 1015, 1028}
I/ActivityThread( 600): Pub com.google.android.inputmethod.dictionarypack: com.android.inputmethod.dictionarypack.DictionaryProvider
D/PackageManager( 390): generateServicesMap() for 0
I/LatinIME( 600): Hardware accelerated drawing: true
I/ActivityThread( 621): Pub telephony: com.android.providers.telephony.TelephonyProvider
I/NfcService( 634): Starting NFC service
D/NFCJNI ( 634): NFC Service : loading JNI
W/TelephonyProvider( 621): onCreate: confFile=/system/etc/apns-conf.xml oldCheckSum=-1
D/TelephonyManager( 621): getLteOnCdmaMode=0 curVal=0 product_type='' lteOnCdmaProductType=''
I/ActivityThread( 621): Pub sms: com.android.providers.telephony.SmsProvider
I/ActivityThread( 621): Pub mms-sms: com.android.providers.telephony.MmsSmsProvider
I/ActivityThread( 621): Pub icc: com.android.phone.IccProvider
D/BluetoothManagerService( 390): Message: 20
D/BluetoothManagerService( 390): Added callback: android.bluetooth.IBluetoothManagerCallback$Stub$Proxy@41d527a8:true
D/dalvikvm( 600): GC_CONCURRENT freed 246K, 3% free 9083K/9352K, paused 3ms+1ms, total 79ms
D/dalvikvm( 600): WAIT_FOR_CONCURRENT_GC blocked 53ms
I/Choreographer( 494): Skipped 52 frames! The application may be doing too much work on its main thread.
I/RegisteredComponentCache( 634): ComponentInfo: ResolveInfo{41685918 com.android.apps.tag.TagViewer p=0 o=0 m=0x108000}, techs: android.nfc.tech.Ndef,
I/ActivityThread( 621): Pub mms: com.android.providers.telephony.MmsProvider
D/TelephonyManager( 621): getLteOnCdmaMode=0 curVal=0 product_type='' lteOnCdmaProductType=''
D/TelephonyManager( 621): getLteOnCdmaMode=0 curVal=0 product_type='' lteOnCdmaProductType=''
I/ActivityThread( 645): Pub com.teslacoilsw.launcher.settings: com.android.launcher2.LauncherProvider
W/Settings( 621): Setting airplane_mode_on has moved from android.provider.Settings.System to android.provider.Settings.Global, returning read-only value.
W/Settings( 621): Setting auto_time has moved from android.provider.Settings.System to android.provider.Settings.Global, returning read-only global URI.
W/Settings( 621): Setting auto_time_zone has moved from android.provider.Settings.System to android.provider.Settings.Global, returning read-only global URI.
W/ActivityManager( 390): Unable to start service Intent { act=com.android.internal.telephony.IWapPushManager } U=0: not found
D/dalvikvm( 621): GC_CONCURRENT freed 231K, 3% free 9017K/9272K, paused 2ms+2ms, total 54ms
D/ ( 621): [ApnContext:default] set reason as dataEnabled,current state IDLE
D/ ( 621): [ApnContext:default] setRetryCount: 0
D/ ( 621): [ApnContext:mms] set reason as dataEnabled,current state IDLE
D/ ( 621): [ApnContext:mms] setRetryCount: 0
D/ ( 621): [ApnContext:supl] set reason as dataEnabled,current state IDLE
D/ ( 621): [ApnContext:supl] setRetryCount: 0
D/ ( 621): [ApnContext:dun] set reason as dataEnabled,current state IDLE
D/ ( 621): [ApnContext:dun] setRetryCount: 0
D/ ( 621): [ApnContext:hipri] set reason as dataEnabled,current state IDLE
D/ ( 621): [ApnContext:hipri] setRetryCount: 0
D/TelephonyManager( 621): getLteOnCdmaMode=0 curVal=0 product_type='' lteOnCdmaProductType=''
D/PhoneStatusBar( 494): disable: < expand icons alerts ticker system_info back home RECENT* clock search > D/ACRA ( 645): Set OnSharedPreferenceChangeListener.
I/NfceeAccess( 634): read 1 signature(s) for NFCEE access
D/dalvikvm( 645): GC_CONCURRENT freed 144K, 2% free 9060K/9228K, paused 6ms+4ms, total 40ms
D/CallManager( 621): registerPhone(GSM Handler (com.android.internal.telephony.PhoneProxy) {416b2580})
W/Settings( 634): Setting airplane_mode_radios has moved from android.provider.Settings.System to android.provider.Settings.Global, returning read-only value.
W/Settings( 634): Setting airplane_mode_toggleable_radios has moved from android.provider.Settings.System to android.provider.Settings.Global, returning read-only value.
D/BluetoothManagerService( 390): Message: 20
D/BluetoothManagerService( 390): Added callback: android.bluetooth.IBluetoothManagerCallback$Stub$Proxy@41baedf8:true
D/dalvikvm( 634): GC_CONCURRENT freed 276K, 4% free 8943K/9244K, paused 4ms+5ms, total 35ms
D/dalvikvm( 553): GC_CONCURRENT freed 178K, 3% free 9172K/9376K, paused 2ms+2ms, total 22ms
I/Choreographer( 390): Skipped 52 frames! The application may be doing too much work on its main thread.
V/StatusBar( 494): userId 0 is in the house
D/NfcService( 634): checking on firmware download
W/Settings( 634): Setting airplane_mode_on has moved from android.provider.Settings.System to android.provider.Settings.Global, returning read-only value.
D/NfcService( 634): NFC is off. Checking firmware version
D/NativeNfcManager( 634): prev modtime: 1364604797000
D/NativeNfcManager( 634): new modtime: 1364604797000
D/PackageManager( 390): generateServicesMap() for 0
D/PhoneStatusBar( 494): disable: < expand icons alerts ticker system_info BACK* HOME* RECENT clock search > D/BluetoothManagerService( 390): Message: 30
D/dalvikvm( 571): GC_CONCURRENT freed 140K, 2% free 9291K/9456K, paused 2ms+3ms, total 17ms
D/dalvikvm( 390): GC_FOR_ALLOC freed 698K, 11% free 21172K/23584K, paused 78ms, total 78ms
W/InputAttributes( 600): No editor info for this field. Bug?
I/dalvikvm-heap( 390): Grow heap (frag case) to 22.683MB for 2073616-byte allocation
D/dalvikvm( 390): GC_FOR_ALLOC freed 1K, 10% free 23195K/25612K, paused 73ms, total 73ms
I/ResourceUtils( 600): Found default value: resource=keypress_vibration_durations build=[HARDWARE=tuna MODEL=Galaxy Nexus BRAND=samsung MANUFACTURER=samsung] default=20
I/ResourceUtils( 600): Find override value: resource=keypress_volumes build=[HARDWARE=tuna MODEL=Galaxy Nexus BRAND=samsung MANUFACTURER=samsung] override=0.5f
D/dalvikvm( 600): Trying to load lib /data/app-lib/com.google.android.inputmethod.latin-1/libjni_unbundled_latinimegoogle.so 0x416757f0
D/dalvikvm( 600): Added shared lib /data/app-lib/com.google.android.inputmethod.latin-1/libjni_unbundled_latinimegoogle.so 0x416757f0
W/ActivityManager( 390): Unable to start service Intent { act=com.android.ussd.IExtendedNetworkService } U=0: not found
D/dalvikvm( 600): GC_CONCURRENT freed 221K, 3% free 9343K/9572K, paused 3ms+40ms, total 83ms
D/dalvikvm( 494): GC_FOR_ALLOC freed 2109K, 16% free 11242K/13376K, paused 90ms, total 105ms
D/dalvikvm( 645): GC_CONCURRENT freed 243K, 3% free 9290K/9560K, paused 26ms+2ms, total 58ms
I/dalvikvm-heap( 494): Grow heap (frag case) to 12.977MB for 2073616-byte allocation
D/dalvikvm( 494): GC_FOR_ALLOC freed 7K, 1% free 13260K/13376K, paused 35ms, total 35ms
D/dalvikvm( 130): GC_EXPLICIT freed 36K, 1% free 8825K/8888K, paused 2ms+6ms, total 32ms
D/dalvikvm( 130): GC_EXPLICIT freed <1K, 1% free 8825K/8888K, paused 1ms+2ms, total 25ms
D/dalvikvm( 645): GC_CONCURRENT freed 126K, 2% free 9661K/9812K, paused 4ms+2ms, total 53ms
D/dalvikvm( 645): WAIT_FOR_CONCURRENT_GC blocked 42ms
D/dalvikvm( 645): WAIT_FOR_CONCURRENT_GC blocked 37ms
D/dalvikvm( 130): GC_EXPLICIT freed <1K, 1% free 8825K/8888K, paused 1ms+3ms, total 24ms
D/dalvikvm( 600): GC_CONCURRENT freed 169K, 2% free 9688K/9880K, paused 4ms+30ms, total 116ms
D/dalvikvm( 600): WAIT_FOR_CONCURRENT_GC blocked 4ms
D/dalvikvm( 645): GC_CONCURRENT freed 380K, 4% free 9792K/10196K, paused 7ms+2ms, total 32ms
D/dalvikvm( 645): WAIT_FOR_CONCURRENT_GC blocked 9ms
D/dalvikvm( 645): WAIT_FOR_CONCURRENT_GC blocked 9ms
D/dalvikvm( 645): GC_CONCURRENT freed 261K, 3% free 10044K/10328K, paused 13ms+2ms, total 39ms
D/dalvikvm( 645): WAIT_FOR_CONCURRENT_GC blocked 18ms
D/dalvikvm( 645): WAIT_FOR_CONCURRENT_GC blocked 17ms
D/dalvikvm( 645): GC_CONCURRENT freed 308K, 4% free 10220K/10572K, paused 10ms+3ms, total 31ms
D/dalvikvm( 645): WAIT_FOR_CONCURRENT_GC blocked 21ms
D/dalvikvm( 553): GC_CONCURRENT freed 261K, 3% free 9306K/9592K, paused 120ms+81ms, total 616ms
D/dalvikvm( 600): GC_CONCURRENT freed 82K, 2% free 10077K/10184K, paused 3ms+16ms, total 63ms
D/dalvikvm( 494): GC_CONCURRENT freed <1K, 1% free 13262K/13376K, paused 337ms+6ms, total 377ms
D/dalvikvm( 645): GC_FOR_ALLOC freed 178K, 3% free 10410K/10732K, paused 26ms, total 26ms
I/ActivityManager( 390): Start proc com.google.process.location for service com.google.android.location/.NetworkLocationService: pid=698 uid=10008 gids={50008, 3003, 1007, 1028, 1015, 1006, 2001, 3006}
D/dalvikvm( 645): GC_CONCURRENT freed 231K, 3% free 10708K/10964K, paused 6ms+3ms, total 56ms
D/dalvikvm( 645): WAIT_FOR_CONCURRENT_GC blocked 26ms
D/dalvikvm( 645): WAIT_FOR_CONCURRENT_GC blocked 21ms
I/ActivityThread( 698): Pub com.google.android.location.reporting: com.google.android.location.reporting.service.ReportingContentProvider
D/dalvikvm( 600): GC_CONCURRENT freed 73K, 1% free 10508K/10608K, paused 12ms+8ms, total 73ms
D/libEGL ( 645): loaded /vendor/lib/egl/libEGL_POWERVR_SGX540_120.so
D/libEGL ( 645): loaded /vendor/lib/egl/libGLESv1_CM_POWERVR_SGX540_120.so
D/libEGL ( 645): loaded /vendor/lib/egl/libGLESv2_POWERVR_SGX540_120.so
I/ActivityManager( 390): Start proc com.android.location.fused for service com.android.location.fused/.FusedLocationService: pid=711 uid=10061 gids={50061, 1028}
D/dalvikvm( 645): GC_CONCURRENT freed 481K, 5% free 10852K/11360K, paused 3ms+2ms, total 67ms
D/dalvikvm( 645): WAIT_FOR_CONCURRENT_GC blocked 42ms
D/DebugService( 621): DebugService DebugService:
D/TelephonyDebugService( 621): TelephonyDebugService()
D/dalvikvm( 621): GC_CONCURRENT freed 308K, 4% free 9124K/9456K, paused 2ms+4ms, total 41ms
I/ActivityThread( 698): Pub com.google.android.location.internal: com.google.android.location.internal.LocationContentProvider
D/BluetoothManagerService( 390): Message: 30
E/BluetoothPhoneService( 621): Could not get a handle on Connection object for the call
D/dalvikvm( 645): GC_CONCURRENT freed 416K, 4% free 11111K/11552K, paused 2ms+2ms, total 60ms
D/dalvikvm( 645): WAIT_FOR_CONCURRENT_GC blocked 52ms
D/dalvikvm( 645): WAIT_FOR_CONCURRENT_GC blocked 54ms
D/OpenGLRenderer( 645): Enabling debug mode 0
V/SipBroadcastReceiver( 621): start auto registration
I/PhoneApp( 621): Headset phone created, binding local service.
I/ActivityManager( 390): Start proc com.android.settings for broadcast com.android.settings/.widget.SettingsAppWidgetProvider: pid=732 uid=1000 gids={41000, 1015, 1028, 3002, 3001, 3003, 3007}
I/ActivityManager( 390): Start proc com.google.process.gapps for content provider com.google.android.gsf/.settings.GoogleSettingsProvider: pid=740 uid=10008 gids={50008, 3003, 1007, 1028, 1015, 1006, 2001, 3006}
D/dalvikvm( 645): GC_CONCURRENT freed 535K, 5% free 11310K/11872K, paused 3ms+5ms, total 53ms
D/dalvikvm( 645): WAIT_FOR_CONCURRENT_GC blocked 36ms
I/ActivityThread( 740): Pub com.google.settings: com.google.android.gsf.settings.GoogleSettingsProvider
I/ActivityManager( 390): Displayed com.teslacoilsw.launcher/com.android.launcher2.Launcher: +2s605ms
I/ActivityThread( 740): Pub subscribedfeeds: com.google.android.gsf.subscribedfeeds.SubscribedFeedsProvider
I/ActivityThread( 740): Pub com.google.contacts.gal.provider: com.google.android.syncadapters.contacts.GalProvider
I/ActivityThread( 740): Pub com.google.android.gsf.gservices: com.google.android.gsf.gservices.GservicesProvider
I/GservicesProvider( 740): Gservices pushing to system: true; secure/global: true
D/BluetoothManagerService( 390): Message: 20
D/BluetoothManagerService( 390): Added callback: android.bluetooth.IBluetoothManagerCallback$Stub$Proxy@4185fda8:true
D/BluetoothAdapter( 732): 1097473040: getState() : mService = null. Returning STATE_OFF
D/dalvikvm( 645): GC_CONCURRENT freed 675K, 6% free 11427K/12132K, paused 9ms+3ms, total 32ms
D/dalvikvm( 645): WAIT_FOR_CONCURRENT_GC blocked 19ms
D/BluetoothManagerService( 390): Message: 30
W/ApplicationContext( 732): Calling a method in the system process without a qualified user: android.app.ContextImpl.bindService:1406 android.content.ContextWrapper.bindService:473 android.bluetooth.BluetoothInputDevice.:240
D/BluetoothPan( 732): BluetoothPan() call bindService
W/ApplicationContext( 732): Calling a method in the system process without a qualified user: android.app.ContextImpl.bindService:1406 android.content.ContextWrapper.bindService:473 android.bluetooth.BluetoothPan.:141
D/BluetoothManagerService( 390): Message: 30
D/BluetoothPan( 732): BluetoothPan(), bindService called
D/BluetoothManagerService( 390): Message: 30
D/LocalBluetoothProfileManager( 732): LocalBluetoothProfileManager construction complete
D/BluetoothAdapter( 732): 1097473040: getState() : mService = null. Returning STATE_OFF
D/BluetoothAdapter( 732): 1097473040: getState() : mService = null. Returning STATE_OFF
W/ApplicationContext( 732): Calling a method in the system process without a qualified user: android.app.ContextImpl.bindService:1406 android.content.ContextWrapper.bindService:473 android.bluetooth.BluetoothPbap.:161
D/DevicePolicyManagerService( 390): Handling package changes for user 0
I/ActivityThread( 740): Pub com.google.android.providers.talk: com.google.android.gsf.talk.TalkProvider
D/BluetoothManagerService( 390): Message: 300
D/BluetoothManagerService( 390): MESSAGE_USER_SWITCHED
I/ActivityManager( 390): Start proc com.google.android.gms for broadcast com.google.android.gms/com.google.android.location.internal.NlpNetworkProviderSettingsUpdateReceiver: pid=759 uid=10008 gids={50008, 3003, 1007, 1028, 1015, 1006, 2001, 3006}
I/AudioService( 390): Remote Control registerMediaButtonIntent() for PendingIntent{418327b8: PendingIntentRecord{418c80a8 android broadcastIntent}}
V/RenderScript( 590): rsContextCreateGL dev=0x5db0f468
D/NetworkLocationClient( 698): binding to Intent { act=com.google.android.location.internal.ANDROID_NLP pkg=com.google.android.location }
D/dalvikvm( 698): GC_CONCURRENT freed 171K, 3% free 9047K/9244K, paused 3ms+5ms, total 56ms
V/RenderScript( 590): 0x5e350008 Launching thread(s), CPUs 2
V/RenderScript( 590): 0x5e350008 initEGL start
D/libEGL ( 590): loaded /vendor/lib/egl/libEGL_POWERVR_SGX540_120.so
D/libEGL ( 590): loaded /vendor/lib/egl/libGLESv1_CM_POWERVR_SGX540_120.so
D/SyncManager( 390): setSyncAutomatically: provider subscribedfeeds, user 0 -> true
D/SyncManager( 390): setSyncAutomatically: already set to true, doing nothing
D/SyncManager( 390): setSyncAutomatically: provider subscribedfeeds, user 0 -> true
D/SyncManager( 390): setSyncAutomatically: already set to true, doing nothing
D/SyncManager( 390): setSyncAutomatically: provider subscribedfeeds, user 0 -> true
D/SyncManager( 390): setSyncAutomatically: already set to true, doing nothing
D/SyncManager( 390): setSyncAutomatically: provider subscribedfeeds, user 0 -> true
D/SyncManager( 390): setSyncAutomatically: already set to true, doing nothing
D/SyncManager( 390): setSyncAutomatically: provider subscribedfeeds, user 0 -> true
D/SyncManager( 390): setSyncAutomatically: already set to true, doing nothing
D/libEGL ( 590): loaded /vendor/lib/egl/libGLESv2_POWERVR_SGX540_120.so
D/PackageManager( 390): generateServicesMap() for 0
D/dalvikvm( 740): GC_CONCURRENT freed 169K, 3% free 9048K/9244K, paused 2ms+5ms, total 87ms
D/dalvikvm( 645): GC_CONCURRENT freed 361K, 4% free 11935K/12320K, paused 6ms+2ms, total 123ms
D/dalvikvm( 645): WAIT_FOR_CONCURRENT_GC blocked 98ms
V/RenderScript( 590): 0x5e350008 initGLThread end
V/RenderScript( 590): 0x5e350008 rsContextCreateGL ret
V/RenderScript( 590): normal pri
V/ScriptC ( 590): Create script for resource = phasebeam
I/gmmInternalNlpService( 698): internal NLP onStart(com.google.android.location.internal.ANDROID_NLP) com.google.android.location
D/NetworkLocationClient( 698): onServiceConnected to ComponentInfo{com.google.android.location/com.google.android.location.internal.server.NetworkLocationService}
W/bcc ( 590): RS export var at entry #6 named vpConstants cannot be found in the result object!
W/bcc ( 590): RS export var at entry #13 named densityDPI cannot be found in the result object!
W/bcc ( 590): Expanded RS foreach at entry #0 named root.expand cannot be found in the result object!
D/StopWatch( 590): StopWatch bcc: RSCompilerDriver::loadScriptCache time (us): 3906
D/StopWatch( 590): StopWatch bcc: RSCompilerDriver::build time (us): 9185
I/ActivityThread( 759): Pub com.google.android.gms.plus;com.google.android.gms.plus.action: com.google.android.gms.plus.provider.PlusProvider
I/ActivityThread( 759): Pub com.google.android.gms.games.background: com.google.android.gms.games.provider.GamesContentProvider
I/ActivityThread( 759): Pub com.google.android.gms.people: com.google.android.gms.people.service.PeopleContentProvider
I/ActivityThread( 759): Pub com.google.android.gms.appstate: com.google.android.gms.appstate.provider.AppStateContentProvider
D/dalvikvm( 759): GC_CONCURRENT freed 157K, 2% free 9059K/9244K, paused 3ms+21ms, total 52ms
D/PackageManager( 390): generateServicesMap() for 0
I/ActivityThread( 759): Pub com.google.android.gms.games: com.google.android.gms.games.provider.NotificationStubContentProvider
I/ActivityThread( 759): Pub com.google.android.gms.people.export: com.google.android.gms.people.debug.PeopleExportProvider
D/dalvikvm( 645): GC_CONCURRENT freed 925K, 8% free 12047K/12996K, paused 9ms+2ms, total 49ms
D/dalvikvm( 645): WAIT_FOR_CONCURRENT_GC blocked 30ms
D/dalvikvm( 590): GC_CONCURRENT freed 345K, 5% free 8925K/9304K, paused 2ms+7ms, total 25ms
I/SurfaceFlinger( 129): Boot is finished (32272 ms)
I/ActivityManager( 390): Config changed: {1.0 ?mcc?mnc en_US ldltr sw360dp w360dp h567dp 320dpi nrml port finger -keyb/v/h -nav/h s.5}
I/ActivityManager( 390): Start proc com.facebook.orca for broadcast com.facebook.orca/.chatheads.ChatHeadsBooter: pid=791 uid=10101 gids={50101, 3003, 1015, 1006, 1028}
I/dalvikvm( 791): Turning on JNI app bug workarounds for target SDK version 10...
D/dalvikvm( 645): GC_CONCURRENT freed 543K, 6% free 12467K/13140K, paused 2ms+2ms, total 38ms
D/dalvikvm( 645): WAIT_FOR_CONCURRENT_GC blocked 33ms
D/dalvikvm( 698): GC_CONCURRENT freed 179K, 3% free 9301K/9504K, paused 3ms+5ms, total 49ms
V/DevicePolicyManagerService( 390): Sending password expiration notifications for action android.intent.action.BOOT_COMPLETED for user 0
I/FusedLocation( 711): engine started (com.android.location.fused)
D/BluetoothManagerService( 390): Message: 30
D/dalvikvm( 698): GC_CONCURRENT freed 168K, 2% free 9643K/9836K, paused 2ms+2ms, total 43ms
D/dalvikvm( 698): WAIT_FOR_CONCURRENT_GC blocked 8ms
D/dalvikvm( 698): WAIT_FOR_CONCURRENT_GC blocked 16ms
W/ApplicationContext( 390): Calling a method in the system process without a qualified user: android.app.ContextImpl.bindService:1406 android.bluetooth.BluetoothHeadset.:273 android.bluetooth.BluetoothAdapter.getProfileProxy:1155
D/BluetoothManagerService( 390): Message: 30
W/ApplicationContext( 390): Calling a method in the system process without a qualified user: android.app.ContextImpl.bindService:1406 android.bluetooth.BluetoothA2dp.:160 android.bluetooth.BluetoothAdapter.getProfileProxy:1158
V/WiredAccessoryManager( 390): init()
D/TelephonyRegistry( 390): MSG_USER_SWITCHED userId=0
D/dalvikvm( 791): GC_CONCURRENT freed 167K, 3% free 9171K/9364K, paused 4ms+2ms, total 78ms
D/dalvikvm( 791): WAIT_FOR_CONCURRENT_GC blocked 5ms
W/ResourceType( 390): Failure getting entry for 0x7f050005 (t=4 e=5) in package 0 (error -75)
W/PackageManager( 390): Failure retrieving xml 0x7f050005 in package com.handmark.expressweather
W/PackageManager( 390): android.content.res.Resources$NotFoundException: Resource ID #0x7f050005
W/PackageManager( 390): at android.content.res.Resources.getValue(Resources.java:1014)
W/PackageManager( 390): at android.content.res.Resources.loadXmlResourceParser(Resources.java:2139)
W/PackageManager( 390): at android.content.res.Resources.getXml(Resources.java:902)
W/PackageManager( 390): at android.app.ApplicationPackageManager.getXml(ApplicationPackageManager.java:999)
W/PackageManager( 390): at android.content.pm.PackageItemInfo.loadXmlMetaData(PackageItemInfo.java:216)
W/PackageManager( 390): at com.android.server.AppWidgetServiceImpl.parseProviderInfoXml(AppWidgetServiceImpl.java:1343)
W/PackageManager( 390): at com.android.server.AppWidgetServiceImpl.addProviderLocked(AppWidgetServiceImpl.java:1241)
W/PackageManager( 390): at com.android.server.AppWidgetServiceImpl.updateProvidersForPackageLocked(AppWidgetServiceImpl.java:1852)
W/PackageManager( 390): at com.android.server.AppWidgetServiceImpl.onConfigurationChanged(AppWidgetServiceImpl.java:236)
W/PackageManager( 390): at com.android.server.AppWidgetService$2.onReceive(AppWidgetService.java:342)
W/PackageManager( 390): at android.app.LoadedApk$ReceiverDispatcher$Args.run(LoadedApk.java:758)
W/PackageManager( 390): at android.os.Handler.handleCallback(Handler.java:725)
W/PackageManager( 390): at android.os.Handler.dispatchMessage(Handler.java:92)
W/PackageManager( 390): at android.os.Looper.loop(Looper.java:137)
W/PackageManager( 390): at com.android.server.ServerThread.run(SystemServer.java:1000)
W/AppWidgetServiceImpl( 390): No android.appwidget.provider meta-data for AppWidget provider 'ComponentInfo{com.handmark.expressweather/com.handmark.expressweather.widgets.Widget6x3}'
W/ResourceType( 390): Failure getting entry for 0x7f050005 (t=4 e=5) in package 0 (error -75)
W/PackageManager( 390): Failure retrieving xml 0x7f050005 in package com.handmark.expressweather
W/PackageManager( 390): android.content.res.Resources$NotFoundException: Resource ID #0x7f050005
W/PackageManager( 390): at android.content.res.Resources.getValue(Resources.java:1014)
W/PackageManager( 390): at android.content.res.Resources.loadXmlResourceParser(Resources.java:2139)
W/PackageManager( 390): at android.content.res.Resources.getXml(Resources.java:902)
W/PackageManager( 390): at android.app.ApplicationPackageManager.getXml(ApplicationPackageManager.java:999)
W/PackageManager( 390): at android.content.pm.PackageItemInfo.loadXmlMetaData(PackageItemInfo.java:216)
W/PackageManager( 390): at com.android.server.AppWidgetServiceImpl.parseProviderInfoXml(AppWidgetServiceImpl.java:1343)
W/PackageManager( 390): at com.android.server.AppWidgetServiceImpl.addProviderLocked(AppWidgetServiceImpl.java:1241)
W/PackageManager( 390): at com.android.server.AppWidgetServiceImpl.updateProvidersForPackageLocked(AppWidgetServiceImpl.java:1852)
W/PackageManager( 390): at com.android.server.AppWidgetServiceImpl.onConfigurationChanged(AppWidgetServiceImpl.java:236)
W/PackageManager( 390): at com.android.server.AppWidgetService$2.onReceive(AppWidgetService.java:342)
W/PackageManager( 390): at android.app.LoadedApk$ReceiverDispatcher$Args.run(LoadedApk.java:758)
W/PackageManager( 390): at android.os.Handler.handleCallback(Handler.java:725)
W/PackageManager( 390): at android.os.Handler.dispatchMessage(Handler.java:92)
W/PackageManager( 390): at android.os.Looper.loop(Looper.java:137)
W/PackageManager( 390): at com.android.server.ServerThread.run(SystemServer.java:1000)
W/AppWidgetServiceImpl( 390): No android.appwidget.provider meta-data for AppWidget provider 'ComponentInfo{com.handmark.expressweather/com.handmark.expressweather.widgets.Widget6x3}'
W/ResourceType( 390): Failure getting entry for 0x7f050005 (t=4 e=5) in package 0 (error -75)
W/PackageManager( 390): Failure retrieving xml 0x7f050005 in package com.handmark.expressweather
W/PackageManager( 390): android.content.res.Resources$NotFoundException: Resource ID #0x7f050005
W/PackageManager( 390): at android.content.res.Resources.getValue(Resources.java:1014)
W/PackageManager( 390): at android.content.res.Resources.loadXmlResourceParser(Resources.java:2139)
W/PackageManager( 390): at android.content.res.Resources.getXml(Resources.java:902)
W/PackageManager( 390): at android.app.ApplicationPackageManager.getXml(ApplicationPackageManager.java:999)
W/PackageManager( 390): at android.content.pm.PackageItemInfo.loadXmlMetaData(PackageItemInfo.java:216)
W/PackageManager( 390): at com.android.server.AppWidgetServiceImpl.parseProviderInfoXml(AppWidgetServiceImpl.java:1343)
W/PackageManager( 390): at com.android.server.AppWidgetServiceImpl.addProviderLocked(AppWidgetServiceImpl.java:1241)
W/PackageManager( 390): at com.android.server.AppWidgetServiceImpl.updateProvidersForPackageLocked(AppWidgetServiceImpl.java:1852)
W/PackageManager( 390): at com.android.server.AppWidgetServiceImpl.onConfigurationChanged(AppWidgetServiceImpl.java:236)
W/PackageManager( 390): at com.android.server.AppWidgetService$2.onReceive(AppWidgetService.java:342)
W/PackageManager( 390): at android.app.LoadedApk$ReceiverDispatcher$Args.run(LoadedApk.java:758)
W/PackageManager( 390): at android.os.Handler.handleCallback(Handler.java:725)
W/PackageManager( 390): at android.os.Handler.dispatchMessage(Handler.java:92)
W/PackageManager( 390): at android.os.Looper.loop(Looper.java:137)
W/PackageManager( 390): at com.android.server.ServerThread.run(SystemServer.java:1000)
W/ResourceType( 390): Failure getting entry for 0x7f050005 (t=4 e=5) in package 0 (error -75)
W/AppWidgetServiceImpl( 390): No android.appwidget.provider meta-data for AppWidget provider 'ComponentInfo{com.handmark.expressweather/com.handmark.expressweather.widgets.Widget6x3}'
W/PackageManager( 390): Failure retrieving xml 0x7f050005 in package com.handmark.expressweather
W/PackageManager( 390): android.content.res.Resources$NotFoundException: Resource ID #0x7f050005
W/PackageManager( 390): at android.content.res.Resources.getValue(Resources.java:1014)
W/PackageManager( 390): at android.content.res.Resources.loadXmlResourceParser(Resources.java:2139)
W/PackageManager( 390): at android.content.res.Resources.getXml(Resources.java:902)
W/PackageManager( 390): at android.app.ApplicationPackageManager.getXml(ApplicationPackageManager.java:999)
W/PackageManager( 390): at android.content.pm.PackageItemInfo.loadXmlMetaData(PackageItemInfo.java:216)
W/PackageManager( 390): at com.android.server.AppWidgetServiceImpl.parseProviderInfoXml(AppWidgetServiceImpl.java:1343)
W/PackageManager( 390): at com.android.server.AppWidgetServiceImpl.addProviderLocked(AppWidgetServiceImpl.java:1241)
W/PackageManager( 390): at com.android.server.AppWidgetServiceImpl.updateProvidersForPackageLocked(AppWidgetServiceImpl.java:1852)
W/PackageManager( 390): at com.android.server.AppWidgetServiceImpl.onConfigurationChanged(AppWidgetServiceImpl.java:236)
W/PackageManager( 390): at com.android.server.AppWidgetService$2.onReceive(AppWidgetService.java:342)
W/PackageManager( 390): at android.app.LoadedApk$ReceiverDispatcher$Args.run(LoadedApk.java:758)
W/PackageManager( 390): at android.os.Handler.handleCallback(Handler.java:725)
W/PackageManager( 390): at android.os.Handler.dispatchMessage(Handler.java:92)
W/PackageManager( 390): at android.os.Looper.loop(Looper.java:137)
W/PackageManager( 390): at com.android.server.ServerThread.run(SystemServer.java:1000)
W/AppWidgetServiceImpl( 390): No android.appwidget.provider meta-data for AppWidget provider 'ComponentInfo{com.handmark.expressweather/com.handmark.expressweather.widgets.Widget6x3}'
W/ResourceType( 390): Failure getting entry for 0x7f050005 (t=4 e=5) in package 0 (error -75)
W/PackageManager( 390): Failure retrieving xml 0x7f050005 in package com.handmark.expressweather
W/PackageManager( 390): android.content.res.Resources$NotFoundException: Resource ID #0x7f050005
W/PackageManager( 390): at android.content.res.Resources.getValue(Resources.java:1014)
W/PackageManager( 390): at android.content.res.Resources.loadXmlResourceParser(Resources.java:2139)
W/PackageManager( 390): at android.content.res.Resources.getXml(Resources.java:902)
W/PackageManager( 390): at android.app.ApplicationPackageManager.getXml(ApplicationPackageManager.java:999)
W/PackageManager( 390): at android.content.pm.PackageItemInfo.loadXmlMetaData(PackageItemInfo.java:216)
W/PackageManager( 390): at com.android.server.AppWidgetServiceImpl.parseProviderInfoXml(AppWidgetServiceImpl.java:1343)
W/PackageManager( 390): at com.android.server.AppWidgetServiceImpl.addProviderLocked(AppWidgetServiceImpl.java:1241)
W/PackageManager( 390): at com.android.server.AppWidgetServiceImpl.updateProvidersForPackageLocked(AppWidgetServiceImpl.java:1852)
W/PackageManager( 390): at com.android.server.AppWidgetServiceImpl.onConfigurationChanged(AppWidgetServiceImpl.java:236)
W/PackageManager( 390): at com.android.server.AppWidgetService$2.onReceive(AppWidgetService.java:342)
W/PackageManager( 390): at android.app.LoadedApk$ReceiverDispatcher$Args.run(LoadedApk.java:758)
W/PackageManager( 390): at android.os.Handler.handleCallback(Handler.java:725)
W/PackageManager( 390): at android.os.Handler.dispatchMessage(Handler.java:92)
W/PackageManager( 390): at android.os.Looper.loop(Looper.java:137)
W/PackageManager( 390): at com.android.server.ServerThread.run(SystemServer.java:1000)
D/dalvikvm( 791): GC_CONCURRENT freed 124K, 2% free 9518K/9680K, paused 3ms+33ms, total 80ms
W/AppWidgetServiceImpl( 390): No android.appwidget.provider meta-data for AppWidget provider 'ComponentInfo{com.handmark.expressweather/com.handmark.expressweather.widgets.Widget6x3}'
I/SearchManagerService( 390): Building list of searchable activities for userId=0
D/dalvikvm( 571): GC_CONCURRENT freed 188K, 3% free 9490K/9704K, paused 7ms+7ms, total 91ms
D/ACRA ( 791): ACRA is enabled for com.facebook.orca, intializing...
I/PowerManagerService( 390): Boot animation finished.
D/dalvikvm( 791): GC_CONCURRENT freed 203K, 3% free 9727K/9976K, paused 3ms+6ms, total 35ms
D/ACRA ( 791): Looking for error files in /data/data/com.facebook.orca/app_acra-reports
D/ACRA ( 791): Looking for error files in /data/data/com.facebook.orca/app_minidumps
D/dalvikvm( 791): Trying to load lib /data/app-lib/com.facebook.orca-1/libfb_stl_shared.so 0x41678f78
D/dalvikvm( 791): Added shared lib /data/app-lib/com.facebook.orca-1/libfb_stl_shared.so 0x41678f78
D/dalvikvm( 791): No JNI_OnLoad found in /data/app-lib/com.facebook.orca-1/libfb_stl_shared.so 0x41678f78, skipping init
D/dalvikvm( 791): Trying to load lib /data/app-lib/com.facebook.orca-1/libfb_breakpad_client.so 0x41678f78
D/dalvikvm( 791): Added shared lib /data/app-lib/com.facebook.orca-1/libfb_breakpad_client.so 0x41678f78
W/System.err( 645): java.lang.NoSuchMethodException: bindRemoteViewsService [int, class android.content.Intent, interface android.os.IBinder, class android.os.UserHandle]
W/System.err( 645): at java.lang.Class.getConstructorOrMethod(Class.java:460)
W/System.err( 645): at java.lang.Class.getMethod(Class.java:915)
W/System.err( 645): at o.E7.襗(:228)
W/System.err( 645): at o.lg$dm.(:836)
W/System.err( 645): at o.Hk.(:20)
W/System.err( 645): at o.Ob.onCreateView(:63)
W/System.err( 645): at android.appwidget.AppWidgetHost.createView(AppWidgetHost.java:310)
W/System.err( 645): at com.android.launcher2.Launcher.襗(:6170)
W/System.err( 645): at com.android.launcher2.Launcher.ȕ(:6060)
W/System.err( 645): at com.android.launcher2.Launcher.D(:5956)
W/System.err( 645): at o.dc.run(:2741)
W/System.err( 645): at o.EC$bN.handleMessage(:72)
W/System.err( 645): at android.os.Handler.dispatchMessage(Handler.java:99)
W/System.err( 645): at android.os.Looper.loop(Looper.java:137)
W/System.err( 645): at android.app.ActivityThread.main(ActivityThread.java:5039)
W/System.err( 645): at java.lang.reflect.Method.invokeNative(Native Method)
W/System.err( 645): at java.lang.reflect.Method.invoke(Method.java:511)
W/System.err( 645): at com.android.internal.os.ZygoteInit$MethodAndArgsCaller.run(ZygoteInit.java:793)
W/System.err( 645): at com.android.internal.os.ZygoteInit.main(ZygoteInit.java:560)
W/System.err( 645): at dalvik.system.NativeStart.main(Native Method)
W/OrcaGuiceModule( 791): Sig: ijxLJi1yGs1JpL-X1SExmchvork
V/DexLibLoader( 791): Dex already copied
V/DexLibLoader( 791): Creating class loader
V/DexLibLoader( 791): Finished creating class loader
I/Choreographer( 645): Skipped 45 frames! The application may be doing too much work on its main thread.
V/DexLibLoader( 791): Dex already copied
V/DexLibLoader( 791): Creating class loader
V/DexLibLoader( 791): Finished creating class loader
V/DexLibLoader( 791): Dex already copied
V/DexLibLoader( 791): Creating class loader
V/DexLibLoader( 791): Finished creating class loader
D/dalvikvm( 698): GC_CONCURRENT freed 706K, 8% free 9437K/10164K, paused 11ms+80ms, total 265ms
V/DexLibLoader( 791): Dex already copied
V/DexLibLoader( 791): Creating class loader
V/DexLibLoader( 791): Finished creating class loader
V/DexLibLoader( 791): Dex already copied
V/DexLibLoader( 791): Creating class loader
V/DexLibLoader( 791): Finished creating class loader
V/DexLibLoader( 791): Dex already copied
V/DexLibLoader( 791): Creating class loader
V/DexLibLoader( 791): Finished creating class loader
V/DexLibLoader( 791): Dex already copied
V/DexLibLoader( 791): Creating class loader
D/dalvikvm( 698): GC_FOR_ALLOC freed 80K, 6% free 9654K/10164K, paused 16ms, total 17ms
V/DexLibLoader( 791): Finished creating class loader
D/dalvikvm( 698): GC_FOR_ALLOC freed 50K, 6% free 9669K/10184K, paused 43ms, total 43ms
I/dalvikvm-heap( 698): Grow heap (frag case) to 9.494MB for 32784-byte allocation
D/dalvikvm( 698): GC_FOR_ALLOC freed 16K, 6% free 9685K/10220K, paused 22ms, total 22ms
D/dalvikvm( 698): GC_FOR_ALLOC freed 0K, 6% free 9685K/10220K, paused 14ms, total 14ms
I/dalvikvm-heap( 698): Grow heap (frag case) to 9.541MB for 65552-byte allocation
D/dalvikvm( 791): GC_CONCURRENT freed 210K, 3% free 10023K/10268K, paused 3ms+5ms, total 45ms
D/dalvikvm( 791): WAIT_FOR_CONCURRENT_GC blocked 32ms
V/DexLibLoader( 791): Preparing secondary program dexes.
V/DexLibLoader( 791): No metadata found.
D/dalvikvm( 698): GC_FOR_ALLOC freed 32K, 6% free 9717K/10288K, paused 17ms, total 17ms
D/DexLibLoader( 791): DexLibLoader.ensureDexLoaded took 296 ms
D/dalvikvm( 390): GC_EXPLICIT freed 3450K, 16% free 21543K/25612K, paused 6ms+14ms, total 197ms
D/dalvikvm( 698): GC_FOR_ALLOC freed 0K, 6% free 9717K/10288K, paused 36ms, total 36ms
I/dalvikvm-heap( 698): Grow heap (frag case) to 9.603MB for 98320-byte allocation
I/ActivityThread( 791): Pub com.facebook.orca.notify.MessengerForegroundProvider: com.facebook.orca.notify.MessengerForegroundProvider
I/ActivityThread( 791): Pub com.facebook.orca.properties: com.facebook.messenger.providers.DbPropertiesContentProvider
I/ActivityThread( 791): Pub com.facebook.orca.cleaner: com.facebook.messenger.providers.DbCleanerContentProvider
I/ActivityThread( 791): Pub com.facebook.orca.messages: com.facebook.messenger.providers.MessagesDbContentProvider
D/dalvikvm( 645): GC_CONCURRENT freed 224K, 3% free 13334K/13636K, paused 1ms+3ms, total 28ms
I/ActivityThread( 791): Pub com.facebook.orca.notify.MessengerLoggedInUserProvider: com.facebook.orca.notify.MessengerLoggedInUserProvider
I/ActivityThread( 791): Pub com.facebook.orca.contacts: com.facebook.messenger.providers.FbContactsContentProvider
I/ActivityThread( 791): Pub com.facebook.orca.prefs: com.facebook.prefs.shared.FbSharedPreferencesContentProvider
D/dalvikvm( 698): GC_FOR_ALLOC freed 64K, 7% free 9749K/10388K, paused 66ms, total 66ms
