D/dalvikvm( 2599): GC_CONCURRENT freed 175K, 3% free 9146K/9348K, paused 7ms+9ms, total 44ms
I/ActivityManager( 390): Start proc com.tripit for broadcast com.tripit/.activity.ConnectivityReceiver: pid=2619 uid=10089 gids={50089, 3003, 1028}
I/ActivityManager( 390): No longer want com.google.android.gm (pid 2022): empty #17
D/dalvikvm( 130): GC_EXPLICIT freed 40K, 1% free 8825K/8892K, paused 6ms+4ms, total 37ms
D/dalvikvm( 130): GC_EXPLICIT freed <1K, 1% free 8825K/8892K, paused 2ms+3ms, total 26ms
D/dalvikvm( 130): GC_EXPLICIT freed <1K, 1% free 8825K/8892K, paused 2ms+2ms, total 18ms
D/dalvikvm( 2599): GC_CONCURRENT freed 291K, 4% free 9241K/9560K, paused 4ms+2ms, total 24ms
D/dalvikvm( 2619): GC_CONCURRENT freed 186K, 3% free 9151K/9364K, paused 6ms+4ms, total 64ms
D/dalvikvm( 2619): WAIT_FOR_CONCURRENT_GC blocked 6ms
I/TripIt ( 2619): Package: com.tripit
I/TripIt ( 2619): Version Name: 3.1.1
I/TripIt ( 2619): Version Code: 70
I/TripIt ( 2619): SVN: /svn/mobile/android/branches/Market-3.1/tripit-android - 53795
I/TripIt ( 2619): Mode: Production
I/TripIt ( 2619): Paid: false
I/TripIt ( 2619): Tablet: false
I/TripIt ( 2619): Verification: false
I/TripIt ( 2619): Ad site: adserver.mobsmith.com/
I/TripIt ( 2619): Market: market://details?id=%s
I/TripIt ( 2619): A: a6b9|0a0a
I/TripIt ( 2619): T: 47a7|zpHU
I/ActivityManager( 390): Start proc com.twitter.android for broadcast com.twitter.android/.client.AppBroadcastReceiver: pid=2635 uid=10095 gids={50095, 3003, 1015, 1028}
I/ActivityManager( 390): No longer want ch.teamtasks.tasks.paid (pid 1750): empty #17
D/dalvikvm( 2635): GC_CONCURRENT freed 141K, 2% free 9181K/9352K, paused 4ms+6ms, total 31ms
I/ActivityThread( 2635): Pub com.twitter.android.provider.SuggestionsProvider: com.twitter.android.provider.SuggestionsProvider
D/dalvikvm( 2599): GC_CONCURRENT freed 299K, 4% free 9342K/9672K, paused 8ms+3ms, total 40ms
I/ActivityThread( 2635): Pub com.twitter.android.provider.GlobalDatabaseProvider: com.twitter.library.provider.GlobalDatabaseProvider
I/ActivityThread( 2635): Pub com.twitter.android.provider.TwitterProvider: com.twitter.library.provider.TwitterProvider
D/Crashlytics( 2635): Initializing Crashlytics 0.9.10 (10) Enterprise
D/dalvikvm( 2635): GC_CONCURRENT freed 137K, 2% free 9439K/9608K, paused 3ms+3ms, total 32ms
D/dalvikvm( 2635): GC_CONCURRENT freed 216K, 3% free 9627K/9872K, paused 3ms+3ms, total 22ms
D/dalvikvm( 2635): GC_CONCURRENT freed 277K, 4% free 9765K/10072K, paused 3ms+9ms, total 31ms
I/ActivityManager( 390): Start proc com.csipsimple:sipStack for broadcast com.csipsimple/.service.DeviceStateReceiver: pid=2650 uid=10136 gids={50136, 3003, 3002, 1015, 1006, 1028}
D/dalvikvm( 2635): GC_CONCURRENT freed 250K, 3% free 9909K/10188K, paused 3ms+7ms, total 28ms
D/dalvikvm( 2599): GC_CONCURRENT freed 339K, 4% free 9403K/9772K, paused 3ms+2ms, total 33ms
D/dalvikvm( 2635): GC_CONCURRENT freed 276K, 3% free 10076K/10380K, paused 1ms+10ms, total 53ms
D/dalvikvm( 2650): GC_CONCURRENT freed 131K, 2% free 9108K/9268K, paused 4ms+9ms, total 33ms
I/ActivityThread( 2650): Pub com.csipsimple.db: com.csipsimple.db.DBProvider
D/dalvikvm( 2635): GC_CONCURRENT freed 309K, 4% free 10251K/10588K, paused 3ms+3ms, total 29ms
I/ActivityManager( 390): Start proc com.csipsimple for content provider com.csipsimple/.service.PreferenceProvider: pid=2663 uid=10136 gids={50136, 3003, 3002, 1015, 1006, 1028}
I/ActivityThread( 2663): Pub com.csipsimple.prefs: com.csipsimple.service.PreferenceProvider
D/dalvikvm( 2663): GC_CONCURRENT freed 144K, 2% free 9132K/9304K, paused 2ms+2ms, total 34ms
D/dalvikvm( 2635): GC_CONCURRENT freed 327K, 4% free 10439K/10792K, paused 4ms+10ms, total 84ms
D/dalvikvm( 2635): WAIT_FOR_CONCURRENT_GC blocked 52ms
I/ActivityManager( 390): Start proc com.google.android.apps.googlevoice for broadcast com.google.android.apps.googlevoice/.PushNotificationRegistrationServiceConnectivityReceiver: pid=2676 uid=10127 gids={50127, 3003, 1015, 1028}
I/ActivityManager( 390): No longer want com.google.android.calendar (pid 1256): empty #17
I/ActivityManager( 390): No longer want bbc.mobile.news.ww (pid 1844): empty #18
D/dalvikvm( 2635): GC_CONCURRENT freed 436K, 5% free 10544K/11008K, paused 2ms+2ms, total 32ms
D/dalvikvm( 2635): GC_CONCURRENT freed 469K, 5% free 10652K/11148K, paused 3ms+2ms, total 38ms
D/dalvikvm( 2635): WAIT_FOR_CONCURRENT_GC blocked 16ms
D/dalvikvm( 2676): GC_CONCURRENT freed 234K, 3% free 9031K/9292K, paused 10ms+5ms, total 36ms
I/ActivityManager( 390): Start proc com.yahoo.mobile.client.android.flickr:com.yahoo.snp.service for broadcast com.yahoo.mobile.client.android.flickr/com.yahoo.platform.mobile.push.PushAgentReceiver: pid=2691 uid=10072 gids={50072, 1015, 3003, 1006, 1028}
D/dalvikvm( 2635): GC_CONCURRENT freed 473K, 5% free 10778K/11284K, paused 6ms+4ms, total 63ms
D/dalvikvm( 2635): GC_CONCURRENT freed 444K, 5% free 10884K/11364K, paused 3ms+12ms, total 41ms
D/dalvikvm( 2676): GC_CONCURRENT freed 304K, 4% free 9241K/9572K, paused 4ms+8ms, total 28ms
D/dalvikvm( 2676): WAIT_FOR_CONCURRENT_GC blocked 2ms
W/CursorWrapperInner( 2676): Cursor finalized without prior close()
D/dalvikvm( 2691): GC_CONCURRENT freed 171K, 3% free 9167K/9364K, paused 7ms+2ms, total 44ms
D/dalvikvm( 2691): WAIT_FOR_CONCURRENT_GC blocked 10ms
D/GoogleVoice( 2676): PushNotificationRegistrationService.register(): registering for inbox notifications
I/ActivityManager( 390): Start proc android.process.acore for content provider com.android.providers.contacts/.VoicemailContentProvider: pid=2707 uid=10000 gids={50000, 3003, 1015, 1028}
D/GoogleVoice( 2676): The push notification registration request is being sent...
D/dalvikvm( 2676): GC_CONCURRENT freed 502K, 6% free 9175K/9704K, paused 4ms+2ms, total 24ms
I/ActivityThread( 2707): Pub com.android.voicemail: com.android.providers.contacts.VoicemailContentProvider
I/ActivityThread( 2707): Pub com.android.contacts.dumpfile: com.android.providers.contacts.debug.DumpFileProvider
I/ActivityThread( 2707): Pub applications: com.android.providers.applications.ApplicationsProvider
I/ActivityThread( 2707): Pub call_log: com.android.providers.contacts.CallLogProvider
I/ActivityThread( 2707): Pub user_dictionary: com.android.providers.userdictionary.UserDictionaryProvider
I/ActivityThread( 2707): Pub contacts;com.android.contacts: com.android.providers.contacts.ContactsProvider2
I/ActivityManager( 390): Start proc com.yahoo.mobile.client.android.flickr for service com.yahoo.mobile.client.android.flickr/.cache.CacheClearService: pid=2731 uid=10072 gids={50072, 1015, 3003, 1006, 1028}
D/dalvikvm( 2691): GC_CONCURRENT freed 199K, 3% free 9373K/9608K, paused 1ms+5ms, total 51ms
D/dalvikvm( 2707): GC_CONCURRENT freed 177K, 3% free 9056K/9264K, paused 6ms+67ms, total 95ms
W/Settings( 2691): Setting android_id has moved from android.provider.Settings.System to android.provider.Settings.Secure, returning read-only value.
D/YSNP_TAG( 2691): remove log : log file in SD card : /storage/emulated/0/snp_log.txt
D/dalvikvm( 2731): GC_CONCURRENT freed 175K, 3% free 9162K/9364K, paused 8ms+1ms, total 38ms
D/dalvikvm( 2731): WAIT_FOR_CONCURRENT_GC blocked 5ms
I/Posix ( 2158): path: /storage/emulated/0/Pictures/IOCipher+Samsung+Galaxy+test16082013153418.jpg 0 0
I/Posix ( 2158): sqlfs_proc_open
I/ActivityThread( 2731): Pub com.yahoo.mobile.client.android.flickr.provider: com.yahoo.mobile.client.android.flickr.provider.FlickrProvider
I/ActivityManager( 390): Start proc com.joelapenna.foursquared for broadcast com.joelapenna.foursquared/.receivers.ConnectivityChangedReceiver: pid=2748 uid=10090 gids={50090, 3003, 1015, 1028}
I/ActivityManager( 390): No longer want com.handmark.expressweather (pid 1977): empty #17
D/dalvikvm( 2731): GC_CONCURRENT freed 199K, 3% free 9420K/9652K, paused 6ms+57ms, total 108ms
W/Settings( 2731): Setting android_id has moved from android.provider.Settings.System to android.provider.Settings.Secure, returning read-only value.
D/dalvikvm( 2158): GC_CONCURRENT freed 4603K, 20% free 19150K/23784K, paused 10ms+5ms, total 186ms
D/dalvikvm( 2158): WAIT_FOR_CONCURRENT_GC blocked 119ms
I/dalvikvm-heap( 2158): Grow heap (frag case) to 22.060MB for 3496824-byte allocation
I/ActivityManager( 390): No longer want com.android.providers.calendar (pid 1856): empty #17
D/dalvikvm( 2748): GC_CONCURRENT freed 166K, 3% free 9135K/9332K, paused 12ms+3ms, total 28ms
D/dalvikvm( 2158): GC_FOR_ALLOC freed 2K, 18% free 22563K/27200K, paused 73ms, total 73ms
D/dalvikvm( 2748): GC_CONCURRENT freed 134K, 2% free 9462K/9636K, paused 2ms+3ms, total 24ms
D/dalvikvm( 2158): GC_CONCURRENT freed 13K, 18% free 22550K/27200K, paused 4ms+7ms, total 93ms
D/dalvikvm( 2158): WAIT_FOR_CONCURRENT_GC blocked 1ms
I/dalvikvm-heap( 2158): Grow heap (frag case) to 25.381MB for 3497998-byte allocation
D/dalvikvm( 2731): Trying to load lib /data/app-lib/com.yahoo.mobile.client.android.flickr-2/libyahoo_ymagine.so 0x41677d30
D/dalvikvm( 2676): GC_CONCURRENT freed 323K, 5% free 9285K/9704K, paused 18ms+3ms, total 73ms
D/dalvikvm( 2731): Added shared lib /data/app-lib/com.yahoo.mobile.client.android.flickr-2/libyahoo_ymagine.so 0x41677d30
D/ymagine::jni( 2731): Register start
D/yosal::jni( 2731): Registered native API for 'com/yahoo/mobile/client/android/ymagine/BitmapFactory'
E/dalvikvm( 2731): ERROR: couldn't find native method
E/dalvikvm( 2731): Requested: Lcom/yahoo/mobile/client/android/ymagine/Detector;.native_load_model:(Ljava/lang/String;)I
E/yosal::jni( 2731): RegisterNatives failed for 'com/yahoo/mobile/client/android/ymagine/Detector'
D/ymagine::jni( 2731): Register completed
D/dalvikvm( 2158): GC_FOR_ALLOC freed 4K, 16% free 25962K/30620K, paused 86ms, total 86ms
D/dalvikvm( 2731): GC_CONCURRENT freed 248K, 3% free 9593K/9884K, paused 4ms+7ms, total 46ms
D/dalvikvm( 2731): WAIT_FOR_CONCURRENT_GC blocked 32ms
I/ActivityThread( 2748): Pub com.joelapenna.foursquared: com.joelapenna.foursquared.providers.GlobalSearchProvider
D/dalvikvm( 2158): GC_FOR_ALLOC freed 3414K, 27% free 22547K/30620K, paused 59ms, total 59ms
I/ActivityThread( 2748): Pub com.joelapenna.foursquared.providers.VenueQuerySuggestionsProvider: com.joelapenna.foursquared.providers.VenueQuerySuggestionsProvider
I/ActivityThread( 2748): Pub com.joelapenna.foursquared.providers.AppSearchSuggestionProvider: com.joelapenna.foursquared.providers.AppSearchSuggestionProvider
I/ActivityThread( 2748): Pub com.joelapenna.foursquared.providers.foursquarebridgeprovider: com.joelapenna.foursquared.providers.FoursquareBridgeProvider
I/ActivityThread( 2748): Pub com.joelapenna.foursquared.providers.FriendsSearchSuggestionProvider: com.joelapenna.foursquared.providers.FriendsSearchSuggestionProvider
I/dalvikvm-heap( 2158): Grow heap (frag case) to 27.046MB for 5246992-byte allocation
D/dalvikvm( 2731): GC_FOR_ALLOC freed 85K, 3% free 9799K/10080K, paused 47ms, total 47ms
D/dalvikvm( 2158): GC_CONCURRENT freed 3416K, 33% free 24255K/35748K, paused 34ms+3ms, total 92ms
D/dalvikvm( 2158): WAIT_FOR_CONCURRENT_GC blocked 58ms
D/dalvikvm( 2158): WAIT_FOR_CONCURRENT_GC blocked 61ms
D/dalvikvm( 2158): WAIT_FOR_CONCURRENT_GC blocked 62ms
D/TaskDispatcher( 2731): finish com.yahoo.mobile.client.android.flickr.cache.r1098049904 threadID:269 id: null
D/dalvikvm( 2748): GC_CONCURRENT freed 242K, 3% free 9680K/9972K, paused 3ms+5ms, total 49ms
D/XmlRpc ( 2158): metaWeblog.newMediaObject0iscdeepspinCharleswhotypeimage/jpegoverwrite0nameIOCipher+Samsung+Galaxy+test16082013153418.jpgbits/9j/4SerRXhpZgAATU0AKgAAAAgACgESAAMAAAABAAAAAAITAAMAAAABAAEAAAEaAAUAAAABAAABjgEbAAUAAAABAAABlgEoAAMAAAABAAIAAAEyAAIAAAAUAAABngEPAAIAAAAIAAABsgEQAAIAAAANAAABuodpAAQAAAABAAABx4glAAQAAAABAAAFMAAABqoAAAAAAAAAAAAAAAAAAAAAAAAAAAAAAAAAAAAAAAAAAAAAAAAAAAAAAAAAAAAAAAAAAAAAAAAAAAAAAAAAAAAAAAAAAAAAAAAAAAAAAAAAAAAAAAAAAAAAAAAAAAAAAAAAAAAAAAAAAAAAAAAAAAAAAAAAAAAAAAAAAAAAAAAAAAAAAAAAAAAAAAAAAAAAAAAAAAAAAAAAAAAAAAAAAAAAAAAAAAAAAAAAAAAAAAAAAAAAAAAAAAAAAAAAAAAAAAAAAAAAAAAAAAAAAAAAAAAAAAAAAAAAAAAAAAAAAAAAAAAAAAAAAAAAAAAAAAAAAAAAAAAAAAAAAAAAAAAAAAAAAAAAAAAAAAAAAABIAAAAAQAAAEgAAAABMjAxMzowODoxNiAxNTozMzozMgBTYW1zdW5nAEdhbGF4eSBOZXh1cwAAJZAAAAcAAAAEMDIyMKAAAAcAAAAEAAAAAKABAAMAAAABAAEAAJEBAAcAAAAEAQIDAJECAAUAAAABAAAEeaACAAQAAAABAAAKIKADAAQAAAABAAAHmJADAAIAAAAUAAAEgZAEAAIAAAAUAAAElYKaAAUAAAABAAAEqYKdAAUAAAABAAAEsYgiAAMAAAABAAMAAIgnAAMAAAADAAAEuZIBAAoAAAABAAAEv5ICAAUAAAABAAAEx5IDAAoAAAABAAAEz5IEAAoAAAABAAAE15IFAAUAAAABAAAE35IGAAUAAAABAAAE55IHAAMAAAABAAQAAJIIAAMAAAABAAIAAJIJAAMAAAABAAAAAJIKAAUAAAABAAAE76ILAAUAAAABAAAE96IVAAUAAAABAAAE/6IXAAMAAAABAAIAAKMBAAcAAAABAQAAAKQBAAMAAAABAAEAAKQCAAMAAAABAAAAAKQDAAMAAAABAAAAAKQEAAUAAAABAAAFB6QGAAMAAAABAAAAAKQIAAMAAAABAAAAAKQJAAMAAAABAAAAAKQKAAMAAAABAAAAAKQMAAMAAAABAAAAAKQgAAIAAAAhAAAFDwAAAAAAAAAAAAAAAAAAAAAAAAAAAAAAAAAAAAAAAAAAAAAAAAAAAAAAAAAAAAAAAAAAAAAAAAAAAAAAAAAAAAAAAAAAAAAAAAAAAAAAAAAAAAAAAAAAAAAAAAAAAAAAAAAAAAAAAAAAAAAAAAAAAAAAAAAAAAAAAAAAAAAAAAAAAAAAAAAAAAAAAAAAAAAAAAAAAAAAAAAAAAAAAAAAAAAAAAAAAAAAAAAAAAAAAAAAAAAAAAAAAAAAAAAAAAAAAAAAAAAAAAAAAAAAAAAAAAAAAAAAAAAAAAAAAAAAAAAAAAAAAAAAAAAAAAAAAAAAAAAAAAAAAAAAAAAAATIwMTM6MDg6MTYgMTU6MzM6MzIAMjAxMzowODoxNiAxNTozMzozMgAAAHUtAA9CQAAAARMAAABkAFAAAAAAAAATHwAAA+gAAAETAAAAZAAAAAAAAAABAAAAAAAAAAoAAAETAAAAZAAAAAAAAAABAAANZgAAA+gAAAAAAAAAAQAAAAAAAAAAAAEAAAABAABPQUVMMDEAAAAAAAAAAAAAAAAAAAAAAAAAAAAAAAAAAAAAAAAAAAAAAAAAAAAAAAAAAAAAAAAAAAAAAAAAAAAAAAAAAAAAAAAAAAAAAAAAAAAAAAAAAAAAAAAAAAAAAAAAAAAAAAAAAAAAAAAAAAAAAAAAAAAAAAAAAAAAAAAAAAAAAAAAAAAAAAAAAAAAAAAAAAAAAAAAAAAAAAAAAAAAAAAAAAAAAAAAAAAAAAAAAAAAAAAAAAAAAAAAAAAAAAAAAAAAAAAAAAAAAAAAAAAAAAAAAAAAAAAAAAAAAAAAAAAAAAAAAAAAAAAAAAAAAAAAAAAAAAAAAAAAAAAAAAAAAAAAAAAAAAAAAAAAAAAAAAAAAAAAAAAAAAAAAAAAAAAAAAAAAAAAAAAAAAAAAAAAAAAAAAAAAAAAAAAAAAAAAAAAAAAAAAAAAAAAAAAAAAAAAAAAAAAAAAAAAAAAAAAAAAAAAAAAAAAAAAAAAAAAAAAAAAAAAAAAAAAAAAAAAAAAAAAAAAAAAAAAAAAAAAAAAAAAAAAAAAAAAAAABQEAAAQAAAABAAAAoAEBAAQAAAABAAAAeAEDAAMAAAABAAYAAAIBAAQAAAABAAAIMAICAAQAAAABAAAZIwAAAAAAAAAAAAAAAAAAAAAAAAAAAAAAAAAAAAAAAAAAAAAAAAAAAAAAAAAAAAAAAAAAAAAAAAAAAAAAAAAAAAAAAAAAAAAAAAAAAAAAAAAAAAAAAAAAAAAAAAAAAAAAAAAAAAAAAAAAAAAAAAAAAAAAAAAAAAAAAAAAAAAAAAAAAAAAAAAAAAAAAAAAAAAAAAAAAAAAAAAAAAAAAAAAAAAAAAAAAAAAAAAAAAAAAAAAAAAAAAAAAAAAAAAAAAAAAAAAAAAAAAAAAAAAAAAAAAAAAAAAAAAAAAAAAAAAAAAAAAAAAAAAAAAAAAAAAAAAAAAAAAAAAAAAAAAAAAAAAAAAAAAAAAAAAAAAAAAAAAAAAAAAAAAAAAAAAAAAAAAAAAAAAAAAAAAAAAAAAAAAAAAAAAAAAAAAAAAAAAAAAAAAAAAAAAAAAAD/2P/gCatKRklGAAECAAABAAEAAIt8dXmBdYmCjIuXkJCTlI2RnJOcmZqbnJucnJmgn52gn5ycoKGioaCfnZ+hpaOjoJqhoZ6enZmcnZqgn6Kenp+dn56koZ6eoKCemKSmnpyekpugopajo56gpqGdmJybmp2cn6CgnKKan5+gmKCfpJ+dnqCfnpmbmJuenJ2cmZqVm5uYkJSkmJiVi5GNn6Gkn5GTlYmMfYiHhoByf4CBf3lwhIqNjI6Gjo6PkZaNlpKUlJaXm56bm6Ganp2cnp+fn56cn52dnaGdnqShnqGfn56gmZybnZ+enZ6im56joKGbnZ2hnp+enJ6cnZqdlp2fnpqbnJqcnZ+eoJ6dnqSfpZyhnZqinqGdnJ6jm5qgnp6coJqal6Cbmp2Xn6OanZ6dm5iTmZ+ck5aSlpKKj4qRkJKBgIOJgoGBdIOCgomJh4iCjYyPkI6MjpSWkZSTlZePl5ubm5uWm5icqJiZnaGhnaCdnpufoZygpKCenp+ioKCcnKGhn5ybnZuco5mhn56fn5+doaafo5qgnp6cnZ6cmaCdop+doZ2doKGfnqGenZyen56eoJegnqGdp5ycoKacopubmpibmp+dlJyGm5WVmp2fmJeYm5WVkZiTko+Aend6g4J6fIOIhYaIhYiKi42NhJCS
D/dalvikvm( 2158): GC_CONCURRENT freed <1K, 18% free 29401K/35748K, paused 4ms+8ms, total 121ms
D/dalvikvm( 2158): WAIT_FOR_CONCURRENT_GC blocked 2ms
D/dalvikvm( 2748): GC_CONCURRENT freed 481K, 6% free 9642K/10152K, paused 2ms+9ms, total 43ms
D/GoogleVoice( 2676): The push notification registration request succeeded.
D/GoogleVoice( 2676): PushNotificationRegistrationService.Handler.handleMessage(): successfully registered for inbox notifications
D/GoogleVoice( 2676): PushNotificationRegistrationService: Next registration request at: 137669246481964800000
I/ActivityManager( 390): No longer want com.google.android.apps.uploader (pid 2425): empty #17
I/ActivityManager( 390): No longer want com.google.android.gallery3d (pid 2111): empty #18
D/dalvikvm( 928): GC_CONCURRENT freed 495K, 6% free 9847K/10368K, paused 3ms+2ms, total 31ms
D/dalvikvm( 928): WAIT_FOR_CONCURRENT_GC blocked 13ms
I/ActivityManager( 390): No longer want com.google.android.apps.maps (pid 2441): empty #17
I/patts ( 2486): [jni_text_analysis_api.cc:236] jni: deleting text normalizer ...
I/patts ( 2486): [jni_hmm_synthesizer_api.cc:83] jni: deleting synthesizer ...
I/patts ( 2486): [jni_project_file_api.cc:110] jni: deleting project file ...
I/patts ( 2486): [jni_project_file_api.cc:123] jni: deleting project resource holder ...
D/dalvikvm( 2731): GC_CONCURRENT freed 226K, 3% free 9989K/10248K, paused 3ms+4ms, total 35ms
D/StrongHTTPS( 2158): not proxying
D/dalvikvm( 2707): GC_CONCURRENT freed 109K, 2% free 9410K/9548K, paused 132ms+1ms, total 151ms
D/dalvikvm( 2731): GC_CONCURRENT freed 464K, 5% free 10032K/10528K, paused 3ms+1ms, total 29ms
D/dalvikvm( 2731): WAIT_FOR_CONCURRENT_GC blocked 5ms
D/dalvikvm( 2731): GC_FOR_ALLOC freed 237K, 5% free 10079K/10560K, paused 24ms, total 24ms
D/TaskDispatcher( 2731): finish com.yahoo.mobile.client.android.flickr.cache.r1097905832 threadID:270 id: null
D/dalvikvm( 553): GC_CONCURRENT freed 250K, 5% free 9975K/10492K, paused 3ms+4ms, total 25ms
D/dalvikvm( 2635): GC_CONCURRENT freed 444K, 5% free 11010K/11492K, paused 10ms+2ms, total 64ms
D/ONIONKIT( 2158): 0: verifying cert issuer for: CN=ssl3043.cloudflare.com, O="CloudFlare, Inc.", L=San Francisco, ST=CA, C=US; SHA1WithRSA
D/ONIONKIT( 2158): found issuer for current cert in chain: CN=GlobalSign Organization Validation CA - G2, O=GlobalSign nv-sa, C=BE; SHA1WithRSA
D/ONIONKIT( 2158): searching store for issuer: CN=GlobalSign Organization Validation CA - G2, O=GlobalSign nv-sa, C=BE
D/dalvikvm( 553): GC_CONCURRENT freed 573K, 7% free 9796K/10492K, paused 3ms+4ms, total 36ms
D/ONIONKIT( 2158): found matching subject cert in chain: verifying it can act as CA: CN=GlobalSign Organization Validation CA - G2, O=GlobalSign nv-sa, C=BE
D/ONIONKIT( 2158): Basic Constraints=CA:true
D/ONIONKIT( 2158): Basic Constraints: pathLen=0
D/ONIONKIT( 2158): KeyUsage=6;#03020106
D/ONIONKIT( 2158): SUCCESS: verified issuer: CN=GlobalSign Organization Validation CA - G2, O=GlobalSign nv-sa, C=BE
D/ONIONKIT( 2158): 1: verifying cert issuer for: CN=GlobalSign Organization Validation CA - G2, O=GlobalSign nv-sa, C=BE; SHA1WithRSA
D/ONIONKIT( 2158): searching store for issuer: CN=GlobalSign Root CA, OU=Root CA, O=GlobalSign nv-sa, C=BE
D/ONIONKIT( 2158): found issuer for current cert in chain in ROOT CA store: C=BE,O=GlobalSign nv-sa,OU=Root CA,CN=GlobalSign Root CA
D/ONIONKIT( 2158): SUCCESS: verified issuer: CN=GlobalSign Root CA, OU=Root CA, O=GlobalSign nv-sa, C=BE
I/ActivityManager( 390): No longer want com.android.chrome (pid 2396): empty #17
D/dalvikvm( 2635): GC_CONCURRENT freed 510K, 5% free 11139K/11688K, paused 7ms+3ms, total 53ms
D/dalvikvm( 2635): WAIT_FOR_CONCURRENT_GC blocked 12ms
D/dalvikvm( 2635): GC_CONCURRENT freed 446K, 4% free 11467K/11940K, paused 2ms+2ms, total 37ms
D/dalvikvm( 2635): WAIT_FOR_CONCURRENT_GC blocked 11ms
D/dalvikvm( 2635): GC_CONCURRENT freed 568K, 5% free 11781K/12376K, paused 3ms+3ms, total 41ms
D/dalvikvm( 2635): WAIT_FOR_CONCURRENT_GC blocked 14ms
D/dalvikvm( 2635): GC_CONCURRENT freed 821K, 7% free 11949K/12796K, paused 2ms+2ms, total 42ms
D/dalvikvm( 2635): WAIT_FOR_CONCURRENT_GC blocked 24ms
D/dalvikvm( 2635): GC_CONCURRENT freed 837K, 7% free 12154K/13020K, paused 3ms+2ms, total 44ms
D/dalvikvm( 2635): WAIT_FOR_CONCURRENT_GC blocked 14ms
D/dalvikvm( 2635): GC_CONCURRENT freed 893K, 7% free 12370K/13296K, paused 67ms+3ms, total 116ms
D/dalvikvm( 2635): WAIT_FOR_CONCURRENT_GC blocked 26ms
D/dalvikvm( 2635): GC_CONCURRENT freed 923K, 8% free 12604K/13564K, paused 23ms+3ms, total 85ms
D/dalvikvm( 2707): GC_CONCURRENT freed 292K, 4% free 9503K/9824K, paused 3ms+5ms, total 37ms
I/ActivityManager( 390): Start proc com.google.android.apps.uploader for broadcast com.google.android.apps.uploader/com.google.android.picasasync.ConnectivityReceiver: pid=2796 uid=10031 gids={50031, 3003, 1015, 1028}
I/ActivityThread( 2796): Pub com.google.android.apps.uploader.PicasaUploadProvider: com.google.android.picasasync.PicasaContentProvider1
I/GTalkService/c( 740): [AndroidEndpoint@1098258992] connect: acct=1000001, state=CONNECTING
D/dalvikvm( 2796): GC_CONCURRENT freed 414K, 5% free 8871K/9312K, paused 5ms+3ms, total 39ms
I/ActivityManager( 390): Start proc com.google.android.apps.maps for broadcast com.google.android.apps.maps/com.google.userfeedback.android.api.FeedbackConnectivityReceiver: pid=2811 uid=10015 gids={50015, 3003, 1015, 1028}
W/Smack/Packet( 740): notify conn break (IOEx), close connection
I/ActivityManager( 390): No longer want com.google.android.tts (pid 2486): empty #17
D/PicasaUploader( 2796): wifiOnlyPhoto changed to true
D/PicasaUploader( 2796): wifiOnlyVideo changed to true
D/PicasaUploader( 2796): syncOnBattery changed to true
D/PicasaUploaderSync( 2796): sync account database
D/dalvikvm( 390): GC_EXPLICIT freed 827K, 10% free 23852K/26336K, paused 23ms+9ms, total 146ms
D/PicasaUploaderSync( 2796): accounts in DB=5
D/PicasaUploaderSyncManager( 2796): active network: NetworkInfo: type: WIFI[], state: CONNECTED/CONNECTED, reason: (unspecified), extra: "SmallWorldNews.com", roaming: false, failover: false, isAvailable: true
D/PicasaUploaderSyncManager( 2796): background data: true
D/PicasaUploaderSyncManager( 2796): battery info: true
D/dalvikvm( 2811): GC_CONCURRENT freed 180K, 3% free 9157K/9364K, paused 3ms+2ms, total 21ms
D/dalvikvm( 2811): WAIT_FOR_CONCURRENT_GC blocked 5ms
I/ActivityThread( 2811): Pub com.google.android.maps.NavigationAvailabilityProvider: com.google.android.apps.gmm.navigation.util.NavigationAvailabilityProvider
W/GlConstants( 2811): No current context - attempting to create off-screen context
D/libEGL ( 2811): loaded /vendor/lib/egl/libEGL_POWERVR_SGX540_120.so
D/libEGL ( 2811): loaded /vendor/lib/egl/libGLESv1_CM_POWERVR_SGX540_120.so
D/libEGL ( 2811): loaded /vendor/lib/egl/libGLESv2_POWERVR_SGX540_120.so
I/GlConstants( 2811): Vendor Imagination Technologies
I/GlConstants( 2811): Version OpenGL ES 2.0 build 1.8@905891
I/GlConstants( 2811): maxTextureSize 2048
I/GlConstants( 2811): maxCombinedTextureImageUnits 8
I/GlConstants( 2811): maxVertexTextureImageUnits 8
I/GlConstants( 2811): maxSupportedLineWidth 16
I/GlConstants( 2811): stencilBits 8
I/GlConstants( 2811): stencilValueMax 128
I/GlConstants( 2811): GL_EXTENSIONS = [GL_EXT_DEBUG_MARKER, GL_OES_RGB8_RGBA8, GL_OES_DEPTH24, GL_OES_VERTEX_HALF_FLOAT, GL_OES_TEXTURE_FLOAT, GL_OES_TEXTURE_HALF_FLOAT, GL_OES_ELEMENT_INDEX_UINT, GL_OES_MAPBUFFER, GL_OES_FRAGMENT_PRECISION_HIGH, GL_OES_COMPRESSED_ETC1_RGB8_TEXTURE, GL_OES_EGL_IMAGE, GL_OES_EGL_IMAGE_EXTERNAL, GL_OES_REQUIRED_INTERNALFORMAT, GL_OES_DEPTH_TEXTURE, GL_OES_GET_PROGRAM_BINARY, GL_OES_PACKED_DEPTH_STENCIL, GL_OES_STANDARD_DERIVATIVES, GL_OES_VERTEX_ARRAY_OBJECT, GL_OES_EGL_SYNC, GL_EXT_MULTI_DRAW_ARRAYS, GL_EXT_TEXTURE_FORMAT_BGRA8888, GL_EXT_DISCARD_FRAMEBUFFER, GL_EXT_SHADER_TEXTURE_LOD, GL_IMG_SHADER_BINARY, GL_IMG_TEXTURE_COMPRESSION_PVRTC, GL_IMG_TEXTURE_NPOT, GL_IMG_TEXTURE_FORMAT_BGRA8888, GL_IMG_READ_FORMAT, GL_IMG_PROGRAM_BINARY, GL_IMG_MULTISAMPLED_RENDER_TO_TEXTURE]
D/dalvikvm( 2811): GC_CONCURRENT freed 260K, 3% free 9382K/9672K, paused 1ms+6ms, total 39ms
D/dalvikvm( 2811): GC_CONCURRENT freed 285K, 4% free 9547K/9860K, paused 57ms+8ms, total 87ms
D/dalvikvm( 740): GC_CONCURRENT freed 426K, 5% free 9689K/10148K, paused 4ms+4ms, total 30ms
I/ActivityManager( 390): Start proc com.google.android.tts for service com.google.android.tts/.GoogleTTSService: pid=2842 uid=10023 gids={50023, 3003, 1015, 1028}
I/TextToSpeech( 2811): Sucessfully bound to com.google.android.tts
D/dalvikvm( 130): GC_EXPLICIT freed 40K, 1% free 8825K/8892K, paused 6ms+3ms, total 48ms
D/dalvikvm( 130): GC_EXPLICIT freed <1K, 1% free 8825K/8892K, paused 2ms+3ms, total 26ms
D/dalvikvm( 130): GC_EXPLICIT freed <1K, 1% free 8825K/8892K, paused 1ms+3ms, total 26ms
D/StrictMode( 2811): StrictMode policy violation; ~duration=412 ms: android.os.StrictMode$StrictModeDiskReadViolation: policy=287 violation=2
D/StrictMode( 2811): at android.os.StrictMode$AndroidBlockGuardPolicy.onReadFromDisk(StrictMode.java:1107)
D/StrictMode( 2811): at android.database.sqlite.SQLiteConnection.applyBlockGuardPolicy(SQLiteConnection.java:1034)
D/StrictMode( 2811): at android.database.sqlite.SQLiteConnection.executeForCursorWindow(SQLiteConnection.java:835)
D/StrictMode( 2811): at android.database.sqlite.SQLiteSession.executeForCursorWindow(SQLiteSession.java:836)
D/StrictMode( 2811): at android.database.sqlite.SQLiteQuery.fillWindow(SQLiteQuery.java:62)
D/StrictMode( 2811): at android.database.sqlite.SQLiteCursor.fillWindow(SQLiteCursor.java:143)
D/StrictMode( 2811): at android.database.sqlite.SQLiteCursor.getCount(SQLiteCursor.java:133)
D/StrictMode( 2811): at android.database.CursorToBulkCursorAdaptor.getBulkCursorDescriptor(CursorToBulkCursorAdaptor.java:143)
D/StrictMode( 2811): at android.content.ContentProviderNative.onTransact(ContentProviderNative.java:118)
D/StrictMode( 2811): at android.os.Binder.execTransact(Binder.java:351)
D/StrictMode( 2811): at dalvik.system.NativeStart.run(Native Method)
D/StrictMode( 2811): # via Binder call with stack:
D/StrictMode( 2811): android.os.StrictMode$LogStackTrace
D/StrictMode( 2811): at android.os.StrictMode.readAndHandleBinderCallViolations(StrictMode.java:1656)
D/StrictMode( 2811): at android.os.Parcel.readExceptionCode(Parcel.java:1407)
D/StrictMode( 2811): at android.database.DatabaseUtils.readExceptionFromParcel(DatabaseUtils.java:134)
D/StrictMode( 2811): at android.content.ContentProviderProxy.query(ContentProviderNative.java:366)
D/StrictMode( 2811): at android.content.ContentResolver.query(ContentResolver.java:372)
D/StrictMode( 2811): at android.content.ContentResolver.query(ContentResolver.java:315)
D/StrictMode( 2811): at com.google.googlenav.location.m.b(SourceFile:67)
D/StrictMode( 2811): at com.google.googlenav.location.m.c(SourceFile:100)
D/StrictMode( 2811): at com.google.googlenav.location.e.b(SourceFile:242)
D/StrictMode( 2811): at com.google.googlenav.location.e.(SourceFile:223)
D/StrictMode( 2811): at com.google.android.apps.gmm.location.b.a(SourceFile:87)
D/StrictMode( 2811): at com.google.android.apps.gmm.location.b.a(SourceFile:48)
D/StrictMode( 2811): at com.google.android.apps.gmm.base.app.GoogleMapsApplication.onCreate(SourceFile:101)
D/StrictMode( 2811): at android.app.Instrumentation.callApplicationOnCreate(Instrumentation.java:1000)
D/StrictMode( 2811): at android.app.ActivityThread.handleBindApplication(ActivityThread.java:4391)
D/StrictMode( 2811): at android.app.ActivityThread.access$1300(ActivityThread.java:141)
D/StrictMode( 2811): at android.app.ActivityThread$H.handleMessage(ActivityThread.java:1294)
D/StrictMode( 2811): at android.os.Handler.dispatchMessage(Handler.java:99)
D/StrictMode( 2811): at android.os.Looper.loop(Looper.java:137)
D/StrictMode( 2811): at android.app.ActivityThread.main(ActivityThread.java:5039)
D/StrictMode( 2811): at java.lang.reflect.Method.invokeNative(Native Method)
D/StrictMode( 2811): at java.lang.reflect.Method.invoke(Method.java:511)
D/StrictMode( 2811): at com.android.internal.os.ZygoteInit$MethodAndArgsCaller.run(ZygoteInit.java:793)
D/StrictMode( 2811): at com.android.internal.os.ZygoteInit.main(ZygoteInit.java:560)
D/StrictMode( 2811): at dalvik.system.NativeStart.main(Native Method)
D/dalvikvm( 2811): GC_CONCURRENT freed 285K, 3% free 9707K/10000K, paused 3ms+66ms, total 105ms
D/StrictMode( 2811): StrictMode policy violation; ~duration=357 ms: android.os.StrictMode$StrictModeDiskReadViolation: policy=287 violation=2
D/StrictMode( 2811): at android.os.StrictMode$AndroidBlockGuardPolicy.onReadFromDisk(StrictMode.java:1107)
D/StrictMode( 2811): at android.database.sqlite.SQLiteConnection.applyBlockGuardPolicy(SQLiteConnection.java:1034)
D/StrictMode( 2811): at android.database.sqlite.SQLiteConnection.executeForCursorWindow(SQLiteConnection.java:835)
D/StrictMode( 2811): at android.database.sqlite.SQLiteSession.executeForCursorWindow(SQLiteSession.java:836)
D/StrictMode( 2811): at android.database.sqlite.SQLiteQuery.fillWindow(SQLiteQuery.java:62)
D/StrictMode( 2811): at android.database.sqlite.SQLiteCursor.fillWindow(SQLiteCursor.java:143)
D/StrictMode( 2811): at android.database.sqlite.SQLiteCursor.getCount(SQLiteCursor.java:133)
D/StrictMode( 2811): at android.database.CursorToBulkCursorAdaptor.getBulkCursorDescriptor(CursorToBulkCursorAdaptor.java:143)
D/StrictMode( 2811): at android.content.ContentProviderNative.onTransact(ContentProviderNative.java:118)
D/StrictMode( 2811): at android.os.Binder.execTransact(Binder.java:351)
D/StrictMode( 2811): at dalvik.system.NativeStart.run(Native Method)
D/StrictMode( 2811): # via Binder call with stack:
D/StrictMode( 2811): android.os.StrictMode$LogStackTrace
D/StrictMode( 2811): at android.os.StrictMode.readAndHandleBinderCallViolations(StrictMode.java:1656)
D/StrictMode( 2811): at android.os.Parcel.readExceptionCode(Parcel.java:1407)
D/StrictMode( 2811): at android.database.DatabaseUtils.readExceptionFromParcel(DatabaseUtils.java:134)
D/StrictMode( 2811): at android.content.ContentProviderProxy.query(ContentProviderNative.java:366)
D/StrictMode( 2811): at android.content.ContentResolver.query(ContentResolver.java:372)
D/StrictMode( 2811): at android.content.ContentResolver.query(ContentResolver.java:315)
D/StrictMode( 2811): at com.google.googlenav.location.m.b(SourceFile:67)
D/StrictMode( 2811): at com.google.googlenav.location.m.c(SourceFile:100)
D/StrictMode( 2811): at com.google.android.apps.gmm.location.a.m.b(SourceFile:204)
D/StrictMode( 2811): at com.google.android.apps.gmm.location.a.m.(SourceFile:185)
D/StrictMode( 2811): at com.google.android.apps.gmm.location.b.a(SourceFile:104)
D/StrictMode( 2811): at com.google.android.apps.gmm.location.b.a(SourceFile:48)
D/StrictMode( 2811): at com.google.android.apps.gmm.base.app.GoogleMapsApplication.onCreate(SourceFile:101)
D/StrictMode( 2811): at android.app.Instrumentation.callApplicationOnCreate(Instrumentation.java:1000)
D/StrictMode( 2811): at android.app.ActivityThread.handleBindApplication(ActivityThread.java:4391)
D/StrictMode( 2811): at android.app.ActivityThread.access$1300(ActivityThread.java:141)
D/StrictMode( 2811): at android.app.ActivityThread$H.handleMessage(ActivityThread.java:1294)
D/StrictMode( 2811): at android.os.Handler.dispatchMessage(Handler.java:99)
D/StrictMode( 2811): at android.os.Looper.loop(Looper.java:137)
D/StrictMode( 2811): at android.app.ActivityThread.main(ActivityThread.java:5039)
D/StrictMode( 2811): at java.lang.reflect.Method.invokeNative(Native Method)
D/StrictMode( 2811): at java.lang.reflect.Method.invoke(Method.java:511)
D/StrictMode( 2811): at com.android.internal.os.ZygoteInit$MethodAndArgsCaller.run(ZygoteInit.java:793)
D/StrictMode( 2811): at com.android.internal.os.ZygoteInit.main(ZygoteInit.java:560)
D/StrictMode( 2811): at dalvik.system.NativeStart.main(Native Method)
D/StrictMode( 2811): StrictMode policy violation; ~duration=105 ms: android.os.StrictMode$StrictModeDiskReadViolation: policy=31 violation=2
D/StrictMode( 2811): at android.os.StrictMode$AndroidBlockGuardPolicy.onReadFromDisk(StrictMode.java:1107)
D/StrictMode( 2811): at android.app.SharedPreferencesImpl.awaitLoadedLocked(SharedPreferencesImpl.java:203)
D/StrictMode( 2811): at android.app.SharedPreferencesImpl.getString(SharedPreferencesImpl.java:223)
D/StrictMode( 2811): at com.google.android.apps.gmm.util.ad.a(SourceFile:120)
D/StrictMode( 2811): at com.google.android.apps.gmm.navigation.alert.P.c(SourceFile:254)
D/StrictMode( 2811): at com.google.android.apps.gmm.navigation.alert.P.(SourceFile:244)
D/StrictMode( 2811): at com.google.android.apps.gmm.navigation.alert.c.(SourceFile:367)
D/StrictMode( 2811): at com.google.android.apps.gmm.base.app.GoogleMapsApplication.onCreate(SourceFile:115)
D/StrictMode( 2811): at android.app.Instrumentation.callApplicationOnCreate(Instrumentation.java:1000)
D/StrictMode( 2811): at android.app.ActivityThread.handleBindApplication(ActivityThread.java:4391)
D/StrictMode( 2811): at android.app.ActivityThread.access$1300(ActivityThread.java:141)
D/StrictMode( 2811): at android.app.ActivityThread$H.handleMessage(ActivityThread.java:1294)
D/StrictMode( 2811): at android.os.Handler.dispatchMessage(Handler.java:99)
D/StrictMode( 2811): at android.os.Looper.loop(Looper.java:137)
D/StrictMode( 2811): at android.app.ActivityThread.main(ActivityThread.java:5039)
D/StrictMode( 2811): at java.lang.reflect.Method.invokeNative(Native Method)
D/StrictMode( 2811): at java.lang.reflect.Method.invoke(Method.java:511)
D/StrictMode( 2811): at com.android.internal.os.ZygoteInit$MethodAndArgsCaller.run(ZygoteInit.java:793)
D/StrictMode( 2811): at com.android.internal.os.ZygoteInit.main(ZygoteInit.java:560)
D/StrictMode( 2811): at dalvik.system.NativeStart.main(Native Method)
D/GCM ( 740): GcmService start Intent { act=android.net.conn.CONNECTIVITY_CHANGE flg=0x8000010 cmp=com.google.android.gms/.gcm.GcmService (has extras) } android.net.conn.CONNECTIVITY_CHANGE
D/dalvikvm( 2551): Trying to load lib /data/app-lib/com.google.android.apps.plus-2/libwebp_android.so 0x4167b708
D/dalvikvm( 2551): Added shared lib /data/app-lib/com.google.android.apps.plus-2/libwebp_android.so 0x4167b708
D/dalvikvm( 2551): No JNI_OnLoad found in /data/app-lib/com.google.android.apps.plus-2/libwebp_android.so 0x4167b708, skipping init
D/dalvikvm( 2551): Trying to load lib /data/app-lib/com.google.android.apps.plus-2/libplus_jni_v8.so 0x4167b708
D/dalvikvm( 2551): Added shared lib /data/app-lib/com.google.android.apps.plus-2/libplus_jni_v8.so 0x4167b708
D/dalvikvm( 2551): No JNI_OnLoad found in /data/app-lib/com.google.android.apps.plus-2/libplus_jni_v8.so 0x4167b708, skipping init
I/NativeLibrarySupport( 2551): Native WEBP decoder, version=0.3.0
I/NativeLibrarySupport( 2551): Native networking disabled
D/dalvikvm( 2551): GC_FOR_ALLOC freed 903K, 7% free 13907K/14840K, paused 82ms, total 83ms
I/dalvikvm-heap( 2551): Grow heap (frag case) to 14.632MB for 1077456-byte allocation
I/patts ( 2842): [embedded_hmm_synthesizer.cc:27] Embedded HMM synthesizer initialized.
I/patts ( 2842): [jni_loader.cc:77] Patts JNI loaded successfully.
I/patts ( 2842): Loading project file (apk mode is true) ...
I/patts ( 2842): [android_project_file.cc:32] Loading "voices/eng-usa/phonology_en-US.cfg" ...
I/patts ( 2842): [android_project_file.cc:32] Loading "voices/eng-usa/textnorm_swift_en.cfg" ...
D/dalvikvm( 2551): GC_FOR_ALLOC freed 1K, 6% free 14958K/15896K, paused 46ms, total 46ms
I/ActivityManager( 390): No longer want com.google.android.deskclock (pid 1829): empty #17
V/texty ( 2580): Data connection is ON.
I/patts ( 2842): [android_project_file.cc:32] Loading "voices/eng-usa/en-US.blex" ...
D/dalvikvm( 2551): GC_FOR_ALLOC freed 18K, 6% free 14943K/15896K, paused 47ms, total 47ms
I/dalvikvm-heap( 2551): Grow heap (frag case) to 16.353MB for 1821008-byte allocation
D/dalvikvm( 2551): GC_FOR_ALLOC freed <1K, 6% free 16721K/17676K, paused 39ms, total 39ms
I/patts ( 2842): [android_project_file.cc:32] Loading "voices/eng-usa/en_number_names.far" ...
I/patts ( 2842): [grm-manager.h:119] Loading FST archive from "voices/eng-usa/en_number_names.far" ...
W/patts ( 2842): [memory_file_resource_impl-inl.h:174] Attempt to read over buffer boundary, truncating read
W/patts ( 2842): [memory_file_resource_impl-inl.h:174] Attempt to read over buffer boundary, truncating read
W/patts ( 2842): [memory_file_resource_impl-inl.h:174] Attempt to read over buffer boundary, truncating read
I/patts ( 2842): [grm-manager.h:148] Loaded 15 grammars.
I/patts ( 2842): [android_project_file.cc:32] Loading "voices/eng-usa/g2p_m3_syls0_stress0_en-US.fst" ...
I/patts ( 2842): [decoder_compat_android-inl.h:31] fst_g2p: Loading FST from "voices/eng-usa/g2p_m3_syls0_stress0_en-US.fst" ...
W/patts ( 2842): [memory_file_resource_impl-inl.h:174] Attempt to read over buffer boundary, truncating read
I/patts ( 2842): [decoder_impl.cc:64] g2p FST: 30 graphemes, 42 phonemes (with special symbols)
I/patts ( 2842): [android_project_file.cc:32] Loading "voices/eng-usa/engine_hmm_16000_ap-embedded_mlsp.cfg" ...
I/patts ( 2842): [embedded_hmm_synthesizer.cc:27] Embedded HMM synthesizer initialized.
I/patts ( 2842): [android_project_file.cc:32] Loading "voices/eng-usa/phonology_en-US.cfg" ...
D/GoogleVoice( 2676): PushNotificationRegistrationService.register(): registering for inbox notifications
I/patts ( 2842): [android_project_file.cc:32] Loading "voices/eng-usa/compile_hmm_16000_0_ph_lsp_swop_ap_msd.cfg" ...
I/patts ( 2842): [android_project_file.cc:32] Loading "voices/eng-usa/engine_hmm_16000_ap-embedded_mlsp.cfg" ...
I/patts ( 2842): [android_project_file.cc:32] Loading "voices/eng-usa/sfg_16000_0_hmm_ph_hmm_en-US_swift_c30300932-d1332161052_OTA.2.1.voice" ...
D/GoogleVoice( 2676): The push notification registration request is being sent...
I/TextToSpeech( 2811): Connected to ComponentInfo{com.google.android.tts/com.google.android.tts.GoogleTTSService}
I/ActivityManager( 390): Start proc com.google.android.deskclock for broadcast com.google.android.deskclock/com.android.deskclock.AlarmInitReceiver: pid=2870 uid=10010 gids={50010, 1028}
I/ActivityThread( 2870): Pub com.android.deskclock: com.android.deskclock.AlarmProvider
V/AlarmClock( 2870): AlarmInitReceiver finished
I/ActivityManager( 390): Start proc com.google.android.calendar for broadcast com.google.android.calendar/com.android.calendar.widget.CalendarAppWidgetService$CalendarFactory: pid=2885 uid=10004 gids={50004, 3003, 1028}
D/ConnectivityService( 390): handleInetConditionHoldEnd: net=1, condition=0, published condition=100
I/ActivityThread( 2885): Pub com.google.android.calendar.CalendarRecentSuggestionsProvider: com.android.calendar.CalendarRecentSuggestionsProvider
D/dalvikvm( 2885): GC_CONCURRENT freed 196K, 3% free 9029K/9260K, paused 8ms+11ms, total 46ms
I/ActivityManager( 390): Start proc com.handmark.expressweather for broadcast com.handmark.expressweather/.widgets.Widget4x1_Clock: pid=2902 uid=10141 gids={50141, 3003, 1015, 1028}
I/ActivityManager( 390): No longer want com.yahoo.mobile.client.android.flickr (pid 2731): empty #17
I/ActivityManager( 390): Start proc com.android.providers.calendar for content provider com.android.providers.calendar/.CalendarProvider2: pid=2913 uid=10005 gids={50005, 3003, 1015, 1028}
I/ActivityManager( 390): No longer want com.anydo (pid 928): empty #17
I/ActivityThread( 2913): Pub com.android.calendar: com.android.providers.calendar.CalendarProvider2
D/dalvikvm( 2902): GC_CONCURRENT freed 164K, 3% free 9173K/9364K, paused 3ms+2ms, total 34ms
D/dalvikvm( 2902): WAIT_FOR_CONCURRENT_GC blocked 6ms
D/dalvikvm( 2902): GC_CONCURRENT freed 112K, 2% free 9446K/9600K, paused 3ms+1ms, total 16ms
I/ActivityThread( 2902): Pub com.handmark.expressweather.AdMarvelLocalFileContentProvider: com.admarvel.android.ads.AdMarvelLocalFileContentProvider
I/ErrorAgent( 2902): Registering custom exceptions handler
W/BroadcastQueue( 390): Failure sending broadcast Intent { act=com.facebook.common.executors.WakingExecutorService.ACTION_ALARM flg=0x14 (has extras) }
W/BroadcastQueue( 390): android.os.DeadObjectException
W/BroadcastQueue( 390): at android.os.BinderProxy.transact(Native Method)
W/BroadcastQueue( 390): at android.content.IIntentReceiver$Stub$Proxy.performReceive(IIntentReceiver.java:124)
W/BroadcastQueue( 390): at com.android.server.am.BroadcastQueue.performReceiveLocked(BroadcastQueue.java:375)
W/BroadcastQueue( 390): at com.android.server.am.BroadcastQueue.deliverToRegisteredReceiverLocked(BroadcastQueue.java:438)
W/BroadcastQueue( 390): at com.android.server.am.BroadcastQueue.processNextBroadcast(BroadcastQueue.java:645)
W/BroadcastQueue( 390): at com.android.server.am.ActivityManagerService.finishReceiver(ActivityManagerService.java:12071)
W/BroadcastQueue( 390): at android.app.ActivityManagerNative.onTransact(ActivityManagerNative.java:375)
W/BroadcastQueue( 390): at com.android.server.am.ActivityManagerService.onTransact(ActivityManagerService.java:1675)
W/BroadcastQueue( 390): at android.os.Binder.execTransact(Binder.java:351)
W/BroadcastQueue( 390): at dalvik.system.NativeStart.run(Native Method)
D/GCM ( 740): GcmService start Intent { act=com.google.android.talk.MCS_CONNECTION_SERVICE_STARTED flg=0x10 cmp=com.google.android.gms/.gcm.GcmService } com.google.android.talk.MCS_CONNECTION_SERVICE_STARTED
I/ActivityManager( 390): Start proc com.google.android.gm for broadcast com.google.android.gm/.MailIntentReceiver: pid=2938 uid=10018 gids={50018, 3003, 1015, 1028}
I/ActivityThread( 2938): Pub gmail-ls: com.google.android.gm.provider.MailProvider
D/dalvikvm( 2938): GC_CONCURRENT freed 192K, 3% free 9112K/9332K, paused 9ms+4ms, total 37ms
I/ActivityThread( 2938): Pub com.google.android.gm: com.google.android.gm.provider.PublicContentProvider
I/ActivityThread( 2938): Pub com.google.android.gm2.conversation.provider: com.android.mail.browse.GmailConversationProvider
I/ActivityThread( 2938): Pub com.google.android.gm2.accountcache: com.android.mail.providers.GmailAccountCacheProvider
D/PackageManager( 390): generateServicesMap() for 0
I/CalendarProvider2( 2913): Sending notification intent: Intent { act=android.intent.action.PROVIDER_CHANGED dat=content://com.android.calendar }
W/ContentResolver( 2913): Failed to get type for: content://com.android.calendar (Unknown URL content://com.android.calendar)
I/RegisteredComponentCache( 634): ComponentInfo: ResolveInfo{416ab440 com.android.apps.tag.TagViewer p=0 o=0 m=0x108000}, techs: android.nfc.tech.Ndef,
I/InputReader( 390): Reconfiguring input devices. changes=0x00000010
D/dalvikvm( 2938): GC_CONCURRENT freed 369K, 5% free 9209K/9608K, paused 6ms+4ms, total 27ms
D/ActivityThread( 2938): Loading provider com.android.gmail.ui: com.google.android.gm.provider.UiProvider
I/ActivityThread( 2938): Pub com.google.android.gmail.SuggestionsProvider: com.google.android.gm.SuggestionsProvider
I/ActivityThread( 2938): Pub com.android.gmail.ui: com.google.android.gm.provider.UiProvider
D/dalvikvm( 1219): GC_CONCURRENT freed 350K, 4% free 9306K/9692K, paused 10ms+2ms, total 52ms
D/dalvikvm( 2938): GC_CONCURRENT freed 395K, 5% free 9310K/9740K, paused 4ms+2ms, total 34ms
D/dalvikvm( 2938): WAIT_FOR_CONCURRENT_GC blocked 13ms
D/DevicePolicyManagerService( 390): Handling package changes for user 0
D/PackageManager( 390): generateServicesMap() for 0
I/ActivityManager( 390): Start proc com.google.android.partnersetup for broadcast com.google.android.partnersetup/.GservicesChangedReceiver: pid=2959 uid=10021 gids={50021, 3003, 1028}
D/dalvikvm( 553): GC_CONCURRENT freed 263K, 6% free 9937K/10492K, paused 10ms+20ms, total 162ms
I/ActivityThread( 2959): Pub com.google.android.partnersetup.rlzprovider: com.google.android.partnersetup.RlzProvider
I/ActivityThread( 2959): Pub com.google.android.partnersetup.rlzappprovider: com.google.android.partnersetup.RlzAppProvider
I/SystemUpdateService( 740): cancelUpdate (empty URL)
D/dalvikvm( 553): GC_CONCURRENT freed 599K, 8% free 9746K/10492K, paused 2ms+191ms, total 213ms
D/GoogleVoice( 2676): The push notification registration request succeeded.
D/GoogleVoice( 2676): PushNotificationRegistrationService.Handler.handleMessage(): successfully registered for inbox notifications
D/GoogleVoice( 2676): PushNotificationRegistrationService: Next registration request at: 137669247549064800000
I/SystemUpdateService( 740): cancelUpdate (empty URL)
D/dalvikvm( 2811): GC_CONCURRENT freed 274K, 4% free 9821K/10128K, paused 302ms+89ms, total 463ms
I/ActivityManager( 390): Start proc com.google.android.setupwizard for broadcast com.google.android.setupwizard/.GservicesChangedReceiver: pid=2982 uid=10041 gids={50041, 3003, 1028}
D/GCM ( 740): GcmService start Intent { act=com.google.gservices.intent.action.GSERVICES_CHANGED flg=0x10 cmp=com.google.android.gms/.gcm.GcmService } com.google.gservices.intent.action.GSERVICES_CHANGED
I/ActivityManager( 390): Start proc com.google.android.googlequicksearchbox for broadcast com.google.android.googlequicksearchbox/com.google.android.searchcommon.GservicesBroadcastReceiver: pid=2997 uid=10057 gids={50057, 3003, 1028, 3002, 1015}
W/GCM ( 740): DIR: /data/data/com.google.android.gms/app_APP /data/data/com.google.android.gsf
I/ActivityManager( 390): No longer want com.google.android.apps.maps (pid 2811): empty #17
I/ActivityManager( 390): No longer want com.google.android.apps.uploader (pid 2796): empty #18
I/patts ( 2842): [jni_text_analysis_api.cc:236] jni: deleting text normalizer ...
I/patts ( 2842): [jni_hmm_synthesizer_api.cc:83] jni: deleting synthesizer ...
I/patts ( 2842): [jni_project_file_api.cc:110] jni: deleting project file ...
I/patts ( 2842): [jni_project_file_api.cc:123] jni: deleting project resource holder ...
D/dalvikvm( 2997): GC_CONCURRENT freed 172K, 3% free 9165K/9364K, paused 19ms+6ms, total 76ms
D/dalvikvm( 2997): WAIT_FOR_CONCURRENT_GC blocked 9ms
D/dalvikvm( 553): GC_CONCURRENT freed 273K, 6% free 9880K/10492K, paused 3ms+4ms, total 32ms
I/ActivityThread( 2997): Pub com.google.android.googlequicksearchbox.AudioProvider: com.google.android.speech.audio.AudioProvider
I/ActivityThread( 2997): Pub com.google.android.googlequicksearchbox.icing: com.google.android.searchcommon.summons.icing.InternalIcingCorporaProvider
I/ActivityThread( 2997): Pub com.google.android.velvet.gallery.ImageProvider: com.google.android.velvet.gallery.ImageProvider
I/ActivityThread( 2997): Pub com.google.android.googlequicksearchbox.google: com.google.android.searchcommon.google.GoogleSuggestionProvider
D/dalvikvm( 390): GC_EXPLICIT freed 1292K, 9% free 24009K/26336K, paused 29ms+14ms, total 441ms
D/dalvikvm( 740): GC_CONCURRENT freed 351K, 5% free 9726K/10148K, paused 2ms+4ms, total 31ms
I/ActivityManager( 390): No longer want com.google.android.tts (pid 2842): empty #17
D/dalvikvm( 2997): GC_CONCURRENT freed 189K, 3% free 9373K/9588K, paused 26ms+35ms, total 135ms
W/GAV2 ( 2997): Thread[main,5,main]: Need to call initialize() and be in fallback mode to start dispatch.
D/ConnectivityService( 390): handleInetConditionHoldEnd: net=1, condition=100, published condition=0
I/Search.GservicesUpdateTask( 2997): Updating Gservices keys
D/dalvikvm( 2997): GC_CONCURRENT freed 243K, 3% free 9625K/9900K, paused 5ms+26ms, total 64ms
D/dalvikvm( 2938): GC_CONCURRENT freed 394K, 5% free 9382K/9808K, paused 3ms+6ms, total 42ms
I/ActivityManager( 390): No longer want com.google.android.youtube (pid 2501): empty #17
I/ActivityManager( 390): No longer want com.google.android.apps.plus (pid 2551): empty #17
W/GCoreFlp( 698): No location to return for getLastLocation()
I/ActivityManager( 390): Start proc com.google.android.gallery3d for broadcast com.google.android.gallery3d/com.android.gallery3d.app.PackagesMonitor: pid=3039 uid=10016 gids={50016, 1006, 3003, 1015, 1028}
D/dalvikvm( 2938): GC_CONCURRENT freed 342K, 4% free 9552K/9920K, paused 3ms+5ms, total 27ms
D/dalvikvm( 2938): WAIT_FOR_CONCURRENT_GC blocked 18ms
D/dalvikvm( 2938): WAIT_FOR_CONCURRENT_GC blocked 10ms
D/dalvikvm( 3039): GC_CONCURRENT freed 167K, 3% free 9129K/9324K, paused 3ms+3ms, total 20ms
D/dalvikvm( 2938): GC_CONCURRENT freed 412K, 5% free 9537K/9976K, paused 8ms+70ms, total 108ms
I/Gmail ( 2938): calculateUnknownSyncRationalesAndPurgeInBackground: queueing
I/Gmail ( 2938): calculateUnknownSyncRationalesAndPurgeInBackground: queueing
I/ActivityThread( 3039): Pub com.google.android.gallery3d.provider: com.android.gallery3d.provider.GalleryProvider
I/Gmail ( 2938): calculateUnknownSyncRationalesAndPurgeInBackground: running
D/dalvikvm( 3039): GC_CONCURRENT freed 373K, 5% free 9169K/9576K, paused 3ms+3ms, total 21ms
I/ActivityThread( 3039): Pub com.google.android.gallery3d.GooglePhotoProvider: com.google.android.picasasync.PicasaContentProvider0
I/Gmail ( 2938): calculateUnknownSyncRationalesAndPurgeInBackground: running
D/dalvikvm( 3039): GC_CONCURRENT freed 480K, 6% free 9198K/9708K, paused 1ms+1ms, total 17ms
D/dalvikvm( 3039): WAIT_FOR_CONCURRENT_GC blocked 8ms
I/ActivityThread( 3039): Pub com.android.gallery3d.filtershow.provider.SharedImageProvider: com.android.gallery3d.filtershow.provider.SharedImageProvider
I/ActivityThread( 3039): Pub com.google.android.gallery3d.PicasaStore: com.google.android.picasastore.PicasaPhotoContentProvider0
I/ActivityThread( 3039): Pub com.google.android.gallery3d.GooglePhotoProviderRestricted: com.google.android.picasasync.PicasaOpenFileProvider
D/dalvikvm( 2938): GC_CONCURRENT freed 190K, 3% free 9735K/9976K, paused 7ms+1ms, total 104ms
D/dalvikvm( 698): GC_CONCURRENT freed 435K, 6% free 10722K/11352K, paused 175ms+4ms, total 405ms
D/dalvikvm( 3039): GC_FOR_ALLOC freed 202K, 5% free 9248K/9728K, paused 14ms, total 14ms
W/PeopleReceiver( 759): Received unexcepted broadcast: android.intent.action.PACKAGE_CHANGED
D/dalvikvm( 553): GC_CONCURRENT freed 470K, 7% free 9829K/10492K, paused 2ms+3ms, total 43ms
I/ActivityManager( 390): Start proc com.google.android.apps.plus for broadcast com.google.android.apps.plus/.service.PackagesMediaMonitor: pid=3063 uid=10040 gids={50040, 3003, 3002, 1015, 1006, 1028}
D/XmlRpc ( 2158): metaWeblog.newPost0iscdeepspinCharleswhocustom_fieldsvaluePhotokeymediumtitleIOCipher Samsung Galaxy testdescription
D/XmlRpc ( 2158):
D/XmlRpc ( 2158): <img src="http://storymaker.cc/wp-content/uploads/2013/08/IOCipher+Samsung+Galaxy+test16082013153418.jpg"/>categoriesEducation1
D/dalvikvm( 390): GC_EXPLICIT freed 1256K, 9% free 24008K/26336K, paused 25ms+16ms, total 202ms
D/dalvikvm( 2158): GC_CONCURRENT freed 5401K, 15% free 30860K/36288K, paused 9ms+10ms, total 280ms
D/dalvikvm( 2158): WAIT_FOR_CONCURRENT_GC blocked 56ms
D/dalvikvm( 2158): WAIT_FOR_CONCURRENT_GC blocked 52ms
D/dalvikvm( 3063): GC_CONCURRENT freed 170K, 3% free 9167K/9364K, paused 2ms+16ms, total 46ms
D/dalvikvm( 3063): WAIT_FOR_CONCURRENT_GC blocked 2ms
D/dalvikvm( 3063): GC_CONCURRENT freed 154K, 2% free 9515K/9708K, paused 2ms+2ms, total 29ms
