W/System.err( 1438): java.net.UnknownHostException: Unable to resolve host "webservices.continental.com": No address associated with hostname
D//Constructor.java:-2( 1492): 15:32:15.811 main Configuring Logging, minimum log level is INFO
W/System.err( 1438): at java.net.InetAddress.lookupHostByName(InetAddress.java:394)
W/System.err( 1438): at java.net.InetAddress.getAllByNameImpl(InetAddress.java:236)
W/System.err( 1438): at java.net.InetAddress.getAllByName(InetAddress.java:214)
W/System.err( 1438): at org.apache.http.impl.conn.DefaultClientConnectionOperator.openConnection(DefaultClientConnectionOperator.java:137)
W/System.err( 1438): at org.apache.http.impl.conn.AbstractPoolEntry.open(AbstractPoolEntry.java:164)
W/System.err( 1438): at org.apache.http.impl.conn.AbstractPooledConnAdapter.open(AbstractPooledConnAdapter.java:119)
W/System.err( 1438): at org.apache.http.impl.client.DefaultRequestDirector.execute(DefaultRequestDirector.java:360)
W/System.err( 1438): at org.apache.http.impl.client.AbstractHttpClient.execute(AbstractHttpClient.java:555)
W/System.err( 1438): at org.apache.http.impl.client.AbstractHttpClient.execute(AbstractHttpClient.java:487)
W/System.err( 1438): at org.apache.http.impl.client.AbstractHttpClient.execute(AbstractHttpClient.java:465)
W/System.err( 1438): at com.coair.mobile.communications.RestClient.getResultString(RestClient.java:121)
W/System.err( 1438): at com.coair.mobile.android.services.WalletService.updateAccountInfo(WalletService.java:325)
W/System.err( 1438): at com.coair.mobile.android.services.WalletService.access$11(WalletService.java:293)
W/System.err( 1438): at com.coair.mobile.android.services.WalletService$6.run(WalletService.java:179)
W/System.err( 1438): at java.util.Timer$TimerImpl.run(Timer.java:284)
I/Gmail ( 1308): calculateUnknownSyncRationalesAndPurgeInBackground: queueing
D/dalvikvm( 1492): GC_CONCURRENT freed 238K, 3% free 9793K/10064K, paused 2ms+2ms, total 21ms
D/dalvikvm( 1492): WAIT_FOR_CONCURRENT_GC blocked 8ms
D/dalvikvm( 1438): GC_CONCURRENT freed 311K, 4% free 9540K/9868K, paused 3ms+3ms, total 64ms
W/System.err( 1438): java.net.UnknownHostException: Unable to resolve host "webservices.continental.com": No address associated with hostname
W/System.err( 1438): at java.net.InetAddress.lookupHostByName(InetAddress.java:394)
W/System.err( 1438): at java.net.InetAddress.getAllByNameImpl(InetAddress.java:236)
W/System.err( 1438): at java.net.InetAddress.getAllByName(InetAddress.java:214)
W/System.err( 1438): at org.apache.http.impl.conn.DefaultClientConnectionOperator.openConnection(DefaultClientConnectionOperator.java:137)
W/System.err( 1438): at org.apache.http.impl.conn.AbstractPoolEntry.open(AbstractPoolEntry.java:164)
W/System.err( 1438): at org.apache.http.impl.conn.AbstractPooledConnAdapter.open(AbstractPooledConnAdapter.java:119)
W/System.err( 1438): at org.apache.http.impl.client.DefaultRequestDirector.execute(DefaultRequestDirector.java:360)
W/System.err( 1438): at org.apache.http.impl.client.AbstractHttpClient.execute(AbstractHttpClient.java:555)
W/System.err( 1438): at org.apache.http.impl.client.AbstractHttpClient.execute(AbstractHttpClient.java:487)
W/System.err( 1438): at org.apache.http.impl.client.AbstractHttpClient.execute(AbstractHttpClient.java:465)
W/System.err( 1438): at com.coair.mobile.communications.RestClient.getResultString(RestClient.java:121)
W/System.err( 1438): at com.coair.mobile.android.services.WalletService.checkUpdateMBPFlightGateChange(WalletService.java:1408)
W/System.err( 1438): at com.coair.mobile.android.services.WalletService.access$12(WalletService.java:1367)
W/System.err( 1438): at com.coair.mobile.android.services.WalletService$6.run(WalletService.java:185)
W/System.err( 1438): at java.util.Timer$TimerImpl.run(Timer.java:284)
D/dalvikvm( 1492): GC_CONCURRENT freed 257K, 4% free 9994K/10308K, paused 1ms+1ms, total 19ms
D/dalvikvm( 1492): WAIT_FOR_CONCURRENT_GC blocked 12ms
D/dalvikvm( 1492): GC_FOR_ALLOC freed 106K, 4% free 10106K/10436K, paused 23ms, total 23ms
I/dalvikvm-heap( 1492): Grow heap (frag case) to 10.141MB for 260112-byte allocation
D/dalvikvm( 1492): GC_FOR_ALLOC freed 126K, 5% free 10234K/10692K, paused 21ms, total 21ms
D/dalvikvm( 1492): GC_FOR_ALLOC freed 311K, 5% free 10205K/10692K, paused 19ms, total 19ms
D/dalvikvm( 1492): GC_FOR_ALLOC freed 62K, 4% free 10269K/10692K, paused 16ms, total 16ms
I/dalvikvm-heap( 1492): Grow heap (frag case) to 10.300MB for 260112-byte allocation
D/dalvikvm( 1492): GC_FOR_ALLOC freed 126K, 6% free 10397K/10948K, paused 19ms, total 19ms
D/dalvikvm( 1492): GC_FOR_ALLOC freed 307K, 6% free 10366K/10948K, paused 17ms, total 17ms
D/dalvikvm( 1492): GC_FOR_ALLOC freed 62K, 5% free 10430K/10948K, paused 16ms, total 17ms
D/dalvikvm( 1492): GC_FOR_ALLOC freed 126K, 4% free 10558K/10948K, paused 18ms, total 18ms
D/dalvikvm( 1492): GC_CONCURRENT freed 346K, 4% free 10796K/11168K, paused 2ms+2ms, total 37ms
D/dalvikvm( 1492): WAIT_FOR_CONCURRENT_GC blocked 7ms
I/Gmail ( 1308): Sending provider changed intent: Intent { act=android.intent.action.PROVIDER_CHANGED dat=content://gmail-ls/unread/^i (has extras) }
D/dalvikvm( 1308): GC_CONCURRENT freed 302K, 4% free 10116K/10448K, paused 20ms+27ms, total 281ms
I/Gmail ( 1308): Sending provider changed intent: Intent { act=android.intent.action.PROVIDER_CHANGED dat=content://gmail-ls/unread/^iim (has extras) }
D/dalvikvm( 698): GC_CONCURRENT freed 417K, 5% free 10682K/11128K, paused 3ms+2ms, total 102ms
D/dalvikvm( 698): WAIT_FOR_CONCURRENT_GC blocked 85ms
D/dalvikvm( 1492): GC_CONCURRENT freed 139K, 2% free 11318K/11484K, paused 3ms+4ms, total 57ms
D/dalvikvm( 1492): WAIT_FOR_CONCURRENT_GC blocked 15ms
I/Gmail ( 1308): calculateUnknownSyncRationalesAndPurgeInBackground: queueing
I/Gmail ( 1308): calculateUnknownSyncRationalesAndPurgeInBackground: queueing
D/LightsService( 390): Excessive delay setting light: 67ms
I/Gmail ( 1308): Sending provider changed intent: Intent { act=android.intent.action.PROVIDER_CHANGED dat=content://gmail-ls/unread/^i (has extras) }
I/Gmail ( 1308): Sending provider changed intent: Intent { act=android.intent.action.PROVIDER_CHANGED dat=content://gmail-ls/unread/^iim (has extras) }
I/Gmail ( 1308): calculateUnknownSyncRationalesAndPurgeInBackground: queueing
I/Gmail ( 1308): calculateUnknownSyncRationalesAndPurgeInBackground: queueing
I/Gmail ( 1308): Sending provider changed intent: Intent { act=android.intent.action.PROVIDER_CHANGED dat=content://gmail-ls/unread/^i (has extras) }
I/Gmail ( 1308): Sending provider changed intent: Intent { act=android.intent.action.PROVIDER_CHANGED dat=content://gmail-ls/unread/^iim (has extras) }
D/dalvikvm( 1492): GC_CONCURRENT freed 504K, 5% free 11650K/12180K, paused 3ms+2ms, total 58ms
D/dalvikvm( 1492): WAIT_FOR_CONCURRENT_GC blocked 12ms
I/Gmail ( 1308): calculateUnknownSyncRationalesAndPurgeInBackground: running
I/Gmail ( 1308): calculateUnknownSyncRationalesAndPurgeInBackground: running
I/Gmail ( 1308): calculateUnknownSyncRationalesAndPurgeInBackground: running
I/Gmail ( 1308): calculateUnknownSyncRationalesAndPurgeInBackground: running
D/dalvikvm( 1492): GC_CONCURRENT freed 209K, 2% free 12385K/12620K, paused 3ms+3ms, total 48ms
D/dalvikvm( 1492): WAIT_FOR_CONCURRENT_GC blocked 20ms
D/dalvikvm( 1308): GC_CONCURRENT freed 346K, 4% free 10173K/10548K, paused 3ms+8ms, total 46ms
W/dalvikvm( 1492): Exception Ljava/lang/RuntimeException; thrown while initializing Lorg/codehaus/jackson/map/ext/CoreXMLDeserializers;
D/Finsky ( 1379): [1] 2.run: Loaded library for account: [HawDIcJb020oMG21hKVDsp1rFHA]
D/dalvikvm( 1492): GC_CONCURRENT freed 1260K, 10% free 12270K/13560K, paused 4ms+1ms, total 51ms
I/Gmail ( 1308): calculateUnknownSyncRationalesAndPurgeInBackground: running
D/dalvikvm( 1099): GC_CONCURRENT freed 254K, 3% free 9472K/9752K, paused 3ms+12ms, total 29ms
D/dalvikvm( 928): GC_CONCURRENT freed 333K, 3% free 9721K/9944K, paused 3ms+10ms, total 76ms
I/Gmail ( 1308): calculateUnknownSyncRationalesAndPurgeInBackground: running
D/MediaProvider( 553): object removed 1345
D/dalvikvm( 1379): GC_CONCURRENT freed 446K, 5% free 9781K/10260K, paused 3ms+4ms, total 36ms
D/Finsky ( 1379): [1] 2.run: Loaded library for account: [OFRMSW-bXsUdu0YFofJazqJLI68]
D/dalvikvm( 1308): GC_CONCURRENT freed 434K, 5% free 10175K/10664K, paused 3ms+2ms, total 33ms
D/dalvikvm( 928): GC_CONCURRENT freed 646K, 7% free 9583K/10260K, paused 2ms+2ms, total 28ms
D/dalvikvm( 928): WAIT_FOR_CONCURRENT_GC blocked 18ms
D/Finsky ( 1379): [1] 2.run: Loaded library for account: [T4gi8r9J9PszvaNZRtgY8BL4zdQ]
D/dalvikvm( 1379): GC_CONCURRENT freed 438K, 5% free 9796K/10268K, paused 2ms+2ms, total 19ms
D/MediaProvider( 553): object removed 1346
D/Finsky ( 1379): [1] 2.run: Loaded library for account: [gcXWPIJoFakV4slms3-gobN9-GY]
D/Finsky ( 1379): [1] 2.run: Finished loading 5 libraries.
I/Gmail ( 1308): calculateUnknownSyncRationalesAndPurgeInBackground: running
I/Gmail ( 1308): calculateUnknownSyncRationalesAndPurgeInBackground: running
D/MediaProvider( 553): object removed 1347
D/MediaProvider( 553): object removed 1348
D/MediaProvider( 553): object removed 1349
D/MediaProvider( 553): object removed 1350
D/MediaProvider( 553): object removed 1351
D/PackageManager( 390): generateServicesMap() for 0
I/InputReader( 390): Reconfiguring input devices. changes=0x00000010
I/RegisteredComponentCache( 634): ComponentInfo: ResolveInfo{416a7b18 com.android.apps.tag.TagViewer p=0 o=0 m=0x108000}, techs: android.nfc.tech.Ndef,
D/MediaProvider( 553): object removed 1352
D/MediaProvider( 553): object removed 1353
W/BroadcastQueue( 390): Permission Denial: receiving Intent { act=android.intent.action.BOOT_COMPLETED flg=0x10 (has extras) } to bbc.mobile.news.ww/.receiver.BootReceiverWw requires android.permission.RECEIVE_BOOT_COMPLETED due to sender null (uid 1000)
D/MediaProvider( 553): object removed 1354
I/ActivityManager( 390): Start proc com.dropbox.android for broadcast com.dropbox.android/.service.BootReceiver: pid=1523 uid=10108 gids={50108, 3003, 1028, 1015}
D/DevicePolicyManagerService( 390): Handling package changes for user 0
D/PackageManager( 390): generateServicesMap() for 0
D/dalvikvm( 1523): GC_CONCURRENT freed 170K, 3% free 9168K/9364K, paused 11ms+1ms, total 40ms
D/dalvikvm( 1523): WAIT_FOR_CONCURRENT_GC blocked 10ms
D/MediaProvider( 553): object removed 1355
I/ActivityManager( 390): No longer want com.android.providers.calendar (pid 954): empty #17
D/MediaProvider( 553): object removed 1356
I/ActivityThread( 1523): Pub com.dropbox.android.provider.SDK: com.dropbox.android.provider.SDKProvider
D/dalvikvm( 571): GC_CONCURRENT freed 625K, 7% free 9261K/9912K, paused 27ms+3ms, total 296ms
I/ActivityThread( 1523): Pub com.dropbox.android.ZipperedMediaProvider: com.dropbox.android.provider.ZipperedMediaProvider
I/ActivityThread( 1523): Pub com.dropbox.android.Dropbox: com.dropbox.android.provider.DropboxProvider
I/ActivityThread( 1523): Pub com.dropbox.android.PhotosProvider: com.dropbox.android.provider.PhotosProvider
I/ActivityThread( 1523): Pub com.dropbox.android.LocalFile: com.dropbox.android.provider.FileSystemProvider
I/GAV2 ( 1343): Thread[GAThread,5,main]: No campaign data found.
D/MediaProvider( 553): object removed 1357
D/MediaProvider( 553): object removed 1358
D/MediaProvider( 553): object removed 1359
D/MediaProvider( 553): object removed 1360
D/MediaProvider( 553): object removed 1361
D/MediaProvider( 553): object removed 1362
D/MediaProvider( 553): object removed 1363
D/MediaProvider( 553): object removed 1364
D/MediaProvider( 553): object removed 1365
D/MediaProvider( 553): object removed 1366
D/MediaProvider( 553): object removed 1367
D/MediaProvider( 553): object removed 1368
D/MediaProvider( 553): object removed 1369
D/MediaProvider( 553): object removed 1370
D/MediaProvider( 553): object removed 1371
D/MediaProvider( 553): object removed 1372
D/MediaProvider( 553): object removed 1373
D/MediaProvider( 553): object removed 1374
D/MediaProvider( 553): object removed 1375 I/com.dropbox.android.service.DropboxNetworkReceiver( 1523): Setting receiver enabled: false
D/MediaProvider( 553): object removed 1376
D/MediaProvider( 553): object removed 1377
D/MediaProvider( 553): object removed 1378
D/MediaProvider( 553): object removed 1379
D/MediaProvider( 553): object removed 1380
D/MediaProvider( 553): object removed 1381
D/MediaProvider( 553): object removed 1382
D/dalvikvm( 1523): Trying to load lib /data/app-lib/com.dropbox.android-2/libDbxFileObserver.so 0x416785f8
D/dalvikvm( 1523): Added shared lib /data/app-lib/com.dropbox.android-2/libDbxFileObserver.so 0x416785f8
D/dalvikvm( 1523): No JNI_OnLoad found in /data/app-lib/com.dropbox.android-2/libDbxFileObserver.so 0x416785f8, skipping init
D/MediaProvider( 553): object removed 1383
D/MediaProvider( 553): object removed 1384
D/MediaProvider( 553): object removed 1385
D/dalvikvm( 1523): GC_CONCURRENT freed 217K, 3% free 9394K/9644K, paused 1ms+3ms, total 20ms
D/MediaProvider( 553): object removed 1386
D/MediaProvider( 553): object removed 1387
D/MediaProvider( 553): object removed 1388
D/MediaProvider( 553): object removed 1389
D/MediaProvider( 553): object removed 1390
D/MediaProvider( 553): object removed 1391
D/MediaProvider( 553): object removed 1392
D/MediaProvider( 553): object removed 1393
D/MediaProvider( 553): object removed 1394
D/MediaProvider( 553): object removed 1395
D/MediaProvider( 553): object removed 1396
D/MediaProvider( 553): object removed 1397
D/MediaProvider( 553): object removed 1398
D/MediaProvider( 553): object removed 1399
D/MediaProvider( 553): object removed 1400
I/com.dropbox.android.util.ab( 1523): Watching file: /storage/emulated/0/Android/data/com.dropbox.android/files/scratch/cedffc6f/7741f3e5/b66630c
D/MediaProvider( 553): object removed 1401
D/MediaProvider( 553): object removed 1402
I/com.dropbox.android.util.ab( 1523): File not modified: /storage/emulated/0/Android/data/com.dropbox.android/files/scratch/cedffc6f/7741f3e5/b66630c
D/MediaProvider( 553): object removed 1403
D/MediaProvider( 553): object removed 1404
I/com.dropbox.android.util.ab( 1523): Watching file: /storage/emulated/0/Android/data/com.dropbox.android/files/scratch/cedffc6f/7741f3e5/ee3d763e
I/com.dropbox.android.util.ab( 1523): File not modified: /storage/emulated/0/Android/data/com.dropbox.android/files/scratch/cedffc6f/7741f3e5/ee3d763e
D/MediaProvider( 553): object removed 1405
D/MediaProvider( 553): object removed 1406
D/MediaProvider( 553): object removed 1407
D/MediaProvider( 553): object removed 1408
D/MediaProvider( 553): object removed 1409
D/MediaProvider( 553): object removed 1410
D/MediaProvider( 553): object removed 1411
D/MediaProvider( 553): object removed 1412
D/MediaProvider( 553): object removed 1413
D/MediaProvider( 553): object removed 1414
D/MediaProvider( 553): object removed 1415
D/MediaProvider( 553): object removed 1416
D/MediaProvider( 553): object removed 1417
D/MediaProvider( 553): object removed 1418
D/MediaProvider( 553): object removed 1419
D/MediaProvider( 553): object removed 1420
D/MediaProvider( 553): object removed 1421
D/MediaProvider( 553): object removed 1422
D/MediaProvider( 553): object removed 1423
D/MediaProvider( 553): object removed 1424
D/MediaProvider( 553): object removed 1425
D/MediaProvider( 553): object removed 1426
D/MediaProvider( 553): object removed 1427
D/MediaProvider( 553): object removed 1428
D/MediaProvider( 553): object removed 1429
D/MediaProvider( 553): object removed 1430
D/MediaProvider( 553): object removed 1431
D/MediaProvider( 553): object removed 1432
D/MediaProvider( 553): object removed 1433
D/MediaProvider( 553): object removed 1434
D/MediaProvider( 553): object removed 1435
D/MediaProvider( 553): object removed 1436
D/MediaProvider( 553): object removed 1437
D/MediaProvider( 553): object removed 1438
D/MediaProvider( 553): object removed 1439
D/MediaProvider( 553): object removed 1440
D/MediaProvider( 553): object removed 1441
D/MediaProvider( 553): object removed 1442
D/MediaProvider( 553): object removed 1443
D/MediaProvider( 553): object removed 1444
D/MediaProvider( 553): object removed 1445
D/dalvikvm( 553): GC_CONCURRENT freed 449K, 5% free 9354K/9832K, paused 5ms+3ms, total 44ms
I/ActivityManager( 390): Start proc com.csipsimple:sipStack for broadcast com.csipsimple/.service.DeviceStateReceiver: pid=1546 uid=10136 gids={50136, 3003, 3002, 1015, 1006, 1028}
I/ActivityManager( 390): No longer want com.google.android.deskclock (pid 976): empty #17
D/dalvikvm( 1546): GC_CONCURRENT freed 152K, 2% free 9108K/9288K, paused 9ms+9ms, total 32ms
I/ActivityThread( 1546): Pub com.csipsimple.db: com.csipsimple.db.DBProvider
D/dalvikvm( 1099): GC_CONCURRENT freed 242K, 3% free 9623K/9900K, paused 3ms+3ms, total 27ms
I/ActivityManager( 390): Start proc com.csipsimple for content provider com.csipsimple/.service.PreferenceProvider: pid=1558 uid=10136 gids={50136, 3003, 3002, 1015, 1006, 1028}
D/dalvikvm( 571): GC_CONCURRENT freed 401K, 7% free 9251K/9912K, paused 6ms+11ms, total 36ms
I/ActivityThread( 1558): Pub com.csipsimple.prefs: com.csipsimple.service.PreferenceProvider
D/dalvikvm( 1558): GC_CONCURRENT freed 156K, 2% free 9140K/9324K, paused 3ms+6ms, total 29ms
D/dalvikvm( 390): GC_EXPLICIT freed 716K, 7% free 22852K/24312K, paused 3ms+8ms, total 107ms
I/ActivityManager( 390): Start proc com.google.android.apps.googlevoice for broadcast com.google.android.apps.googlevoice/.BootUpReceiver: pid=1571 uid=10127 gids={50127, 3003, 1015, 1028}
I/ActivityManager( 390): No longer want android.process.acore (pid 571): empty #17
I/ActivityManager( 390): No longer want com.google.android.apps.genie.geniewidget (pid 1030): empty #18
W/BulkCursor( 1099): Remote process exception when closing
I/ActivityManager( 390): Kill com.android.mms (pid 1099): provider com.android.providers.contacts.ContactsProvider2 in dying process android.process.acore
I/ActivityManager( 390): Process com.android.mms (pid 1099) has died.
D/CountryDetector( 390): No listener is left
D/MediaProvider( 553): object removed 1446
D/MediaProvider( 553): object removed 1447
D/MediaProvider( 553): object removed 1448
D/MediaProvider( 553): object removed 1449
D/MediaProvider( 553): object removed 1450
D/MediaProvider( 553): object removed 1451
D/MediaProvider( 553): object removed 1452
D/MediaProvider( 553): object removed 1453
D/MediaProvider( 553): object removed 1454
D/MediaProvider( 553): object removed 1455
D/MediaProvider( 553): object removed 1456
D/MediaProvider( 553): object removed 1457
D/MediaProvider( 553): object removed 1458
D/MediaProvider( 553): object removed 1459
D/MediaProvider( 553): object removed 1460
D/MediaProvider( 553): object removed 1461
D/MediaProvider( 553): object removed 1462
D/MediaProvider( 553): object removed 1463
D/MediaProvider( 553): object removed 1464
D/MediaProvider( 553): object removed 1465
D/MediaProvider( 553): object removed 1466
D/MediaProvider( 553): object removed 1467
D/MediaProvider( 553): object removed 1468
D/MediaProvider( 553): object removed 1469
D/MediaProvider( 553): object removed 1470
D/MediaProvider( 553): object removed 1471
D/MediaProvider( 553): object removed 1472
D/MediaProvider( 553): object removed 1473
D/MediaProvider( 553): object removed 1474
D/MediaProvider( 553): object removed 1475
D/MediaProvider( 553): object removed 1476
D/MediaProvider( 553): object removed 1477
D/MediaProvider( 553): object removed 1478
D/MediaProvider( 553): object removed 1479
D/MediaProvider( 553): object removed 1480
D/MediaProvider( 553): object removed 1481
D/MediaProvider( 553): object removed 1482
D/MediaProvider( 553): object removed 1483
D/MediaProvider( 553): object removed 1484
D/MediaProvider( 553): object removed 1485
D/MediaProvider( 553): object removed 1486
D/MediaProvider( 553): object removed 1487
D/MediaProvider( 553): object removed 1488
D/MediaProvider( 553): object removed 1489
D/MediaProvider( 553): object removed 1490
D/MediaProvider( 553): object removed 1491
D/MediaProvider( 553): object removed 1492
D/MediaProvider( 553): object removed 1493
D/MediaProvider( 553): object removed 1494
D/MediaProvider( 553): object removed 1495
D/MediaProvider( 553): object removed 1496
D/MediaProvider( 553): object removed 1497
D/MediaProvider( 553): object removed 1498
D/MediaProvider( 553): object removed 1499
D/MediaProvider( 553): object removed 1500
D/MediaProvider( 553): object removed 1501
D/MediaProvider( 553): object removed 1502
D/MediaProvider( 553): object removed 1503
D/MediaProvider( 553): object removed 1504
D/MediaProvider( 553): object removed 1505
D/MediaProvider( 553): object removed 1506
D/MediaProvider( 553): object removed 1507
D/MediaProvider( 553): object removed 1508
D/MediaProvider( 553): object removed 1509
D/MediaProvider( 553): object removed 1510
D/MediaProvider( 553): object removed 1511
D/MediaProvider( 553): object removed 1512
D/MediaProvider( 553): object removed 1513
D/MediaProvider( 553): object removed 1514
D/MediaProvider( 553): object removed 1515
D/MediaProvider( 553): object removed 1516
D/MediaProvider( 553): object removed 1517
D/MediaProvider( 553): object removed 1518
D/MediaProvider( 553): object removed 1519
D/MediaProvider( 553): object removed 1520
D/MediaProvider( 553): object removed 1521
D/MediaProvider( 553): object removed 1522
D/MediaProvider( 553): object removed 1523
D/MediaProvider( 553): object removed 1524
D/MediaProvider( 553): object removed 1525
D/MediaProvider( 553): object removed 1526
D/MediaProvider( 553): object removed 1527
D/MediaProvider( 553): object removed 1528
D/MediaProvider( 553): object removed 1529
D/MediaProvider( 553): object removed 1530
D/MediaProvider( 553): object removed 1531
D/MediaProvider( 553): object removed 1532
D/MediaProvider( 553): object removed 1533
D/MediaProvider( 553): object removed 1534
D/MediaProvider( 553): object removed 1535
D/MediaProvider( 553): object removed 1536
D/MediaProvider( 553): object removed 1537
D/MediaProvider( 553): object removed 1538
D/MediaProvider( 553): object removed 3529
D/MediaProvider( 553): object removed 3530
D/MediaProvider( 553): object removed 3531
D/MediaProvider( 553): object removed 3532
D/MediaProvider( 553): object removed 3533
D/MediaProvider( 553): object removed 3534
D/MediaProvider( 553): object removed 3535
D/MediaProvider( 553): object removed 3536
D/dalvikvm( 1571): GC_CONCURRENT freed 130K, 2% free 9125K/9260K, paused 4ms+5ms, total 44ms
D/dalvikvm( 130): GC_EXPLICIT freed 39K, 1% free 8825K/8892K, paused 1ms+3ms, total 23ms
I/ActivityManager( 390): Start proc com.nike.plusgps for broadcast com.nike.plusgps/com.fullpower.applications.mxaeservice.BootReceiver: pid=1583 uid=10129 gids={50129, 1015, 3003, 1028}
D/dalvikvm( 130): GC_EXPLICIT freed <1K, 1% free 8825K/8892K, paused 2ms+2ms, total 19ms
D/dalvikvm( 130): GC_EXPLICIT freed <1K, 1% free 8825K/8892K, paused 1ms+2ms, total 19ms
I/ActivityManager( 390): Start proc android.process.acore for content provider com.android.providers.contacts/.VoicemailContentProvider: pid=1599 uid=10000 gids={50000, 3003, 1015, 1028}
I/ActivityThread( 1599): Pub com.android.voicemail: com.android.providers.contacts.VoicemailContentProvider
I/ActivityThread( 1599): Pub com.android.contacts.dumpfile: com.android.providers.contacts.debug.DumpFileProvider
I/ActivityThread( 1599): Pub applications: com.android.providers.applications.ApplicationsProvider
D/dalvikvm( 1583): GC_CONCURRENT freed 186K, 3% free 9151K/9364K, paused 3ms+2ms, total 33ms
D/dalvikvm( 1583): WAIT_FOR_CONCURRENT_GC blocked 4ms
I/ActivityThread( 1599): Pub call_log: com.android.providers.contacts.CallLogProvider
I/ActivityThread( 1599): Pub user_dictionary: com.android.providers.userdictionary.UserDictionaryProvider
I/ActivityThread( 1599): Pub contacts;com.android.contacts: com.android.providers.contacts.ContactsProvider2
D/dalvikvm( 1599): GC_CONCURRENT freed 204K, 3% free 9020K/9252K, paused 5ms+3ms, total 26ms
D/dalvikvm( 1571): GC_CONCURRENT freed 517K, 6% free 9120K/9664K, paused 3ms+2ms, total 29ms
D/dalvikvm( 1571): WAIT_FOR_CONCURRENT_GC blocked 5ms
W/CursorWrapperInner( 1571): Cursor finalized without prior close()
D/dalvikvm( 1583): GC_CONCURRENT freed 125K, 2% free 9424K/9588K, paused 2ms+33ms, total 49ms
I/ActivityManager( 390): No longer want com.google.android.exchange (pid 1010): empty #17
W/nalizableReferenceQueue( 1583): Could not load Finalizer in its own class loader. Loading Finalizer in the current class loader instead. As a result, you will not be able to garbage collect this class loader. To support reclaiming this class loader, either resolve the underlying issue, or move Google Collections to your system class path.
W/nalizableReferenceQueue( 1583): java.io.FileNotFoundException: com/google/inject/internal/util/$Finalizer.class
W/nalizableReferenceQueue( 1583): at com.google.inject.internal.util.$FinalizableReferenceQueue$DecoupledLoader.getBaseUrl(FinalizableReferenceQueue.java:269)
W/nalizableReferenceQueue( 1583): at com.google.inject.internal.util.$FinalizableReferenceQueue$DecoupledLoader.loadFinalizer(FinalizableReferenceQueue.java:253)
W/nalizableReferenceQueue( 1583): at com.google.inject.internal.util.$FinalizableReferenceQueue.loadFinalizer(FinalizableReferenceQueue.java:175)
W/nalizableReferenceQueue( 1583): at com.google.inject.internal.util.$FinalizableReferenceQueue.(FinalizableReferenceQueue.java:100)
W/nalizableReferenceQueue( 1583): at com.google.inject.internal.util.$MapMaker$QueueHolder.(MapMaker.java:787)
W/nalizableReferenceQueue( 1583): at com.google.inject.internal.util.$MapMaker$WeakEntry.(MapMaker.java:946)
W/nalizableReferenceQueue( 1583): at com.google.inject.internal.util.$MapMaker$Strength$1.newEntry(MapMaker.java:312)
W/nalizableReferenceQueue( 1583): at com.google.inject.internal.util.$MapMaker$StrategyImpl.newEntry(MapMaker.java:498)
W/nalizableReferenceQueue( 1583): at com.google.inject.internal.util.$MapMaker$StrategyImpl.newEntry(MapMaker.java:419)
W/nalizableReferenceQueue( 1583): at com.google.inject.internal.util.$CustomConcurrentHashMap$ComputingImpl.get(CustomConcurrentHashMap.java:2029)
W/nalizableReferenceQueue( 1583): at com.google.inject.internal.Annotations$AnnotationChecker.hasAnnotations(Annotations.java:116)
W/nalizableReferenceQueue( 1583): at com.google.inject.internal.Annotations.isBindingAnnotation(Annotations.java:180)
W/nalizableReferenceQueue( 1583): at com.google.inject.Key.ensureIsBindingAnnotation(Key.java:366)
W/nalizableReferenceQueue( 1583): at com.google.inject.Key.strategyFor(Key.java:338)
W/nalizableReferenceQueue( 1583): at com.google.inject.Key.get(Key.java:272)
W/nalizableReferenceQueue( 1583): at com.google.inject.internal.AbstractBindingBuilder.annotatedWithInternal(AbstractBindingBuilder.java:82)
W/nalizableReferenceQueue( 1583): at com.google.inject.internal.ConstantBindingBuilderImpl.annotatedWith(ConstantBindingBuilderImpl.java:49)
W/nalizableReferenceQueue( 1583): at roboguice.config.RoboModule.configure(RoboModule.java:87)
W/nalizableReferenceQueue( 1583): at com.google.inject.AbstractModule.configure(AbstractModule.java:59)
W/nalizableReferenceQueue( 1583): at com.google.inject.spi.Elements$RecordingBinder.install(Elements.java:223)
W/nalizableReferenceQueue( 1583): at com.google.inject.spi.Elements.getElements(Elements.java:101)
W/nalizableReferenceQueue( 1583): at com.google.inject.spi.Elements.getElements(Elements.java:78)
W/nalizableReferenceQueue( 1583): at roboguice.RoboGuice.setApplicationInjector(RoboGuice.java:60)
W/nalizableReferenceQueue( 1583): at roboguice.RoboGuice.setApplicationInjector(RoboGuice.java:99)
W/nalizableReferenceQueue( 1583): at roboguice.RoboGuice.getApplicationInjector(RoboGuice.java:48)
W/nalizableReferenceQueue( 1583): at roboguice.RoboGuice.getInjector(RoboGuice.java:109)
W/nalizableReferenceQueue( 1583): at com.nike.plusgps.NikePlusGPSApplication.onCreate(NikePlusGPSApplication.java:65)
W/nalizableReferenceQueue( 1583): at android.app.Instrumentation.callApplicationOnCreate(Instrumentation.java:1000)
W/nalizableReferenceQueue( 1583): at android.app.ActivityThread.handleBindApplication(ActivityThread.java:4391)
W/nalizableReferenceQueue( 1583): at android.app.ActivityThread.access$1300(ActivityThread.java:141)
W/nalizableReferenceQueue( 1583): at android.app.ActivityThread$H.handleMessage(ActivityThread.java:1294)
W/nalizableReferenceQueue( 1583): at android.os.Handler.dispatchMessage(Handler.java:99)
W/nalizableReferenceQueue( 1583): at android.os.Looper.loop(Looper.java:137)
W/nalizableReferenceQueue( 1583): at android.app.ActivityThread.main(ActivityThread.java:5039)
W/nalizableReferenceQueue( 1583): at java.lang.reflect.Method.invokeNative(Native Method)
W/nalizableReferenceQueue( 1583): at java.lang.reflect.Method.invoke(Method.java:511)
W/nalizableReferenceQueue( 1583): at com.android.internal.os.ZygoteInit$MethodAndArgsCaller.run(ZygoteInit.java:793)
W/nalizableReferenceQueue( 1583): at com.android.internal.os.ZygoteInit.main(ZygoteInit.java:560)
W/nalizableReferenceQueue( 1583): at dalvik.system.NativeStart.main(Native Method)
D/dalvikvm( 1583): GC_CONCURRENT freed 382K, 5% free 9501K/9916K, paused 1ms+2ms, total 18ms
D/dalvikvm( 553): GC_CONCURRENT freed 385K, 5% free 9353K/9832K, paused 3ms+12ms, total 37ms
D/dalvikvm( 1583): GC_CONCURRENT freed 453K, 5% free 9575K/10024K, paused 1ms+3ms, total 22ms
D/dalvikvm( 1583): GC_CONCURRENT freed 507K, 6% free 9580K/10116K, paused 3ms+3ms, total 26ms
D/dalvikvm( 1583): WAIT_FOR_CONCURRENT_GC blocked 9ms
D/dalvikvm( 1583): GC_CONCURRENT freed 480K, 6% free 9609K/10120K, paused 3ms+2ms, total 28ms
D/dalvikvm( 1583): WAIT_FOR_CONCURRENT_GC blocked 8ms
D/MediaProvider( 553): object removed 3537
D/MediaProvider( 553): object removed 3538
D/MediaProvider( 553): object removed 3539
D/MediaProvider( 553): object removed 3540
D/MediaProvider( 553): object removed 3541
D/MediaProvider( 553): object removed 3542
D/MediaProvider( 553): object removed 3543
D/MediaProvider( 553): object removed 3544
D/MediaProvider( 553): object removed 3545
D/MediaProvider( 553): object removed 3546
D/dalvikvm( 1583): GC_CONCURRENT freed 481K, 6% free 9632K/10148K, paused 2ms+2ms, total 20ms
D/dalvikvm( 1583): WAIT_FOR_CONCURRENT_GC blocked 8ms
D/MediaProvider( 553): object removed 3547
D/MediaProvider( 553): object removed 3548
D/MediaProvider( 553): object removed 3549
D/MediaProvider( 553): object removed 3550
D/MediaProvider( 553): object removed 3551
D/MediaProvider( 553): object removed 3552
D/MediaProvider( 553): object removed 3553
D/MediaProvider( 553): object removed 3554
D/MediaProvider( 553): object removed 3555
D/MediaProvider( 553): object removed 3556
D/MediaProvider( 553): object removed 3557
D/MediaProvider( 553): object removed 3558
D/MediaProvider( 553): object removed 3559
D/MediaProvider( 553): object removed 3560
D/MediaProvider( 553): object removed 3561
D/MediaProvider( 553): object removed 3562
D/MediaProvider( 553): object removed 3563
D/MediaProvider( 553): object removed 3564
D/MediaProvider( 553): object removed 3565
D/MediaProvider( 553): object removed 3566
D/MediaProvider( 553): object removed 3567
D/MediaProvider( 553): object removed 3568
D/MediaProvider( 553): object removed 3569
D/MediaProvider( 553): object removed 3570
D/MediaProvider( 553): object removed 3571
D/MediaProvider( 553): object removed 3572
D/MediaProvider( 553): object removed 3573
D/MediaProvider( 553): object removed 3574
D/MediaProvider( 553): object removed 3575
D/MediaProvider( 553): object removed 3576
D/MediaProvider( 553): object removed 3577
D/MediaProvider( 553): object removed 3578
D/MediaProvider( 553): object removed 3579
D/MediaProvider( 553): object removed 3580
D/MediaProvider( 553): object removed 3581
D/MediaProvider( 553): object removed 3582
D/MediaProvider( 553): object removed 3583
D/MediaProvider( 553): object removed 3584
D/MediaProvider( 553): object removed 3585
D/MediaProvider( 553): object removed 3586
D/MediaProvider( 553): object removed 3587
D/MediaProvider( 553): object removed 3588
D/MediaProvider( 553): object removed 3589
D/MediaProvider( 553): object removed 3590
D/MediaProvider( 553): object removed 3591
D/dalvikvm( 1583): GC_CONCURRENT freed 377K, 5% free 9685K/10148K, paused 1ms+1ms, total 20ms
D/MediaProvider( 553): object removed 3592
D/MediaProvider( 553): object removed 3593
D/MediaProvider( 553): object removed 3594
D/MediaProvider( 553): object removed 3595
D/MediaProvider( 553): object removed 3596
D/MediaProvider( 553): object removed 3597
D/MediaProvider( 553): object removed 3598
D/MediaProvider( 553): object removed 3599
D/MediaProvider( 553): object removed 3600
D/MediaProvider( 553): object removed 3601
D/MediaProvider( 553): object removed 3602
D/MediaProvider( 553): object removed 3603
D/MediaProvider( 553): object removed 3604
D/MediaProvider( 553): object removed 3605
D/MediaProvider( 553): object removed 3606
D/MediaProvider( 553): object removed 3607
D/MediaProvider( 553): object removed 3608
D/MediaProvider( 553): object removed 3609
D/MediaProvider( 553): object removed 3610
D/MediaProvider( 553): object removed 3611
D/MediaProvider( 553): object removed 3612
D/MediaProvider( 553): object removed 3613
D/MediaProvider( 553): object removed 4249
D/MediaProvider( 553): object removed 4250
D/MediaProvider( 553): object removed 4251
D/MediaProvider( 553): object removed 4252
D/MediaProvider( 553): object removed 4253
D/MediaProvider( 553): object removed 4254
D/MediaProvider( 553): object removed 4255
D/MediaProvider( 553): object removed 4256
D/MediaProvider( 553): object removed 4257
D/MediaProvider( 553): object removed 4258
D/MediaProvider( 553): object removed 4259
D/MediaProvider( 553): object removed 4260
D/MediaProvider( 553): object removed 4261
D/MediaProvider( 553): object removed 4262
D/MediaProvider( 553): object removed 4263
D/MediaProvider( 553): object removed 4264
D/MediaProvider( 553): object removed 4265
D/MediaProvider( 553): object removed 4266
D/MediaProvider( 553): object removed 4267
D/MediaProvider( 553): object removed 4268
D/MediaProvider( 553): object removed 4269
D/MediaProvider( 553): object removed 4270
D/MediaProvider( 553): object removed 4271
D/MediaProvider( 553): object removed 4272
D/dalvikvm( 1583): GC_CONCURRENT freed 418K, 5% free 9760K/10212K, paused 1ms+9ms, total 27ms
D/dalvikvm( 1583): GC_CONCURRENT freed 436K, 5% free 9768K/10236K, paused 2ms+1ms, total 21ms
D/dalvikvm( 1583): GC_CONCURRENT freed 451K, 5% free 9825K/10308K, paused 3ms+3ms, total 30ms
D/dalvikvm( 1583): WAIT_FOR_CONCURRENT_GC blocked 8ms
D//Ln.java:220( 1583): 15:32:20.373 main Configuring Logging, minimum log level is INFO
D/dalvikvm( 1599): GC_CONCURRENT freed 155K, 2% free 9280K/9464K, paused 3ms+15ms, total 40ms
D/dalvikvm( 1583): GC_CONCURRENT freed 402K, 5% free 9887K/10340K, paused 3ms+5ms, total 35ms
D/dalvikvm( 1583): GC_CONCURRENT freed 143K, 2% free 10238K/10428K, paused 3ms+2ms, total 37ms
D/dalvikvm( 1583): WAIT_FOR_CONCURRENT_GC blocked 6ms
D/dalvikvm( 1583): GC_CONCURRENT freed 267K, 4% free 10452K/10776K, paused 3ms+2ms, total 33ms
D/dalvikvm( 1583): WAIT_FOR_CONCURRENT_GC blocked 20ms
D/dalvikvm( 1583): GC_FOR_ALLOC freed 151K, 3% free 10579K/10904K, paused 21ms, total 21ms
D/dalvikvm( 1583): GC_FOR_ALLOC freed 126K, 5% free 10707K/11160K, paused 24ms, total 24ms
D/dalvikvm( 1583): GC_FOR_ALLOC freed 373K, 5% free 10790K/11352K, paused 32ms, total 32ms
D/dalvikvm( 1583): GC_FOR_ALLOC freed 126K, 4% free 10918K/11352K, paused 28ms, total 29ms
D/dalvikvm( 1583): GC_FOR_ALLOC freed 369K, 5% free 11000K/11544K, paused 23ms, total 23ms
D/dalvikvm( 1583): GC_CONCURRENT freed 436K, 4% free 11288K/11756K, paused 2ms+3ms, total 34ms
D/dalvikvm( 1583): WAIT_FOR_CONCURRENT_GC blocked 10ms
D/MediaProvider( 553): object removed 4273
D/MediaProvider( 553): object removed 4274
D/MediaProvider( 553): object removed 4275
D/MediaProvider( 553): object removed 4276
D/MediaProvider( 553): object removed 4277
D/MediaProvider( 553): object removed 4278
D/MediaProvider( 553): object removed 4279
D/MediaProvider( 553): object removed 4280
D/MediaProvider( 553): object removed 4281
D/MediaProvider( 553): object removed 4282
D/MediaProvider( 553): object removed 4283
D/MediaProvider( 553): object removed 4284
D/MediaProvider( 553): object removed 4285
D/MediaProvider( 553): object removed 4286
D/MediaProvider( 553): object removed 4287
D/MediaProvider( 553): object removed 4288
D/MediaProvider( 553): object removed 4289
D/MediaProvider( 553): object removed 4290
D/MediaProvider( 553): object removed 4291
D/MediaProvider( 553): object removed 4292
D/MediaProvider( 553): object removed 4293
D/MediaProvider( 553): object removed 4294
D/MediaProvider( 553): object removed 4295
D/MediaProvider( 553): object removed 4296
D/MediaProvider( 553): object removed 4297
D/MediaProvider( 553): object removed 4298
D/MediaProvider( 553): object removed 4299
D/MediaProvider( 553): object removed 4300
D/MediaProvider( 553): object removed 4301
D/MediaProvider( 553): object removed 4302
D/MediaProvider( 553): object removed 4303
D/MediaProvider( 553): object removed 4304
D/MediaProvider( 553): object removed 4305
D/MediaProvider( 553): object removed 4306
D/MediaProvider( 553): object removed 4307
D/MediaProvider( 553): object removed 4308
D/MediaProvider( 553): object removed 4309
D/MediaProvider( 553): object removed 4310
D/MediaProvider( 553): object removed 4311
D/MediaProvider( 553): object removed 4312
D/MediaProvider( 553): object removed 4313
D/MediaProvider( 553): object removed 4314
D/MediaProvider( 553): object removed 4315
D/MediaProvider( 553): object removed 4316
D/MediaProvider( 553): object removed 4317
D/MediaProvider( 553): object removed 4318
D/MediaProvider( 553): object removed 4319
D/MediaProvider( 553): object removed 4320
D/MediaProvider( 553): object removed 4321
D/MediaProvider( 553): object removed 4322
D/MediaProvider( 553): object removed 4323
D/MediaProvider( 553): object removed 4324
D/MediaProvider( 553): object removed 4325
D/MediaProvider( 553): object removed 4326
D/MediaProvider( 553): object removed 4327
D/MediaProvider( 553): object removed 4328
D/MediaProvider( 553): object removed 4329
D/MediaProvider( 553): object removed 4330
D/MediaProvider( 553): object removed 4331
D/MediaProvider( 553): object removed 4332
D/MediaProvider( 553): object removed 4333
D/MediaProvider( 553): object removed 4334
D/MediaProvider( 553): object removed 4335
D/MediaProvider( 553): object removed 4336
D/MediaProvider( 553): object removed 4337
D/MediaProvider( 553): object removed 4338
D/MediaProvider( 553): object removed 4339
D/MediaProvider( 553): object removed 4340
D/MediaProvider( 553): object removed 4341
D/MediaProvider( 553): object removed 4342
D/MediaProvider( 553): object removed 4343
D/MediaProvider( 553): object removed 4344
D/MediaProvider( 553): object removed 4345
D/MediaProvider( 553): object removed 4669
D/MediaProvider( 553): object removed 4670
D/MediaProvider( 553): object removed 4671
D/MediaProvider( 553): object removed 4672
D/MediaProvider( 553): object removed 4673
D/MediaProvider( 553): object removed 4674
D/MediaProvider( 553): object removed 4675
D/MediaProvider( 553): object removed 4676
D/MediaProvider( 553): object removed 4677
D/MediaProvider( 553): object removed 4678
D/MediaProvider( 553): object removed 4679
D/MediaProvider( 553): object removed 4680
D/MediaProvider( 553): object removed 4681
D/MediaProvider( 553): object removed 4682
D/MediaProvider( 553): object removed 4683
D/MediaProvider( 553): object removed 4684
D/MediaProvider( 553): object removed 4685
D/MediaProvider( 553): object removed 4686
D/MediaProvider( 553): object removed 4687
D/MediaProvider( 553): object removed 4688
D/MediaProvider( 553): object removed 4689
D/dalvikvm( 1583): GC_CONCURRENT freed 172K, 2% free 11935K/12136K, paused 3ms+4ms, total 33ms
D/MediaProvider( 553): object removed 4690
D/MediaProvider( 553): object removed 4691
D/MediaProvider( 553): object removed 4692
D/MediaProvider( 553): object removed 4693
D/MediaProvider( 553): object removed 4694
D/MediaProvider( 553): object removed 4695
D/MediaProvider( 553): object removed 4696
D/dalvikvm( 1583): GC_CONCURRENT freed 399K, 4% free 12574K/13000K, paused 4ms+2ms, total 37ms
D/dalvikvm( 1583): WAIT_FOR_CONCURRENT_GC blocked 23ms
D/dalvikvm( 1583): GC_CONCURRENT freed 514K, 4% free 13315K/13856K, paused 2ms+4ms, total 47ms
D/dalvikvm( 1583): WAIT_FOR_CONCURRENT_GC blocked 29ms
I/ActivityManager( 390): Start proc com.nike.plusgps:remote for service com.nike.plusgps/com.fullpower.applications.mxaeservice.ActivityEngineService: pid=1626 uid=10129 gids={50129, 1015, 3003, 1028}
D/dalvikvm( 1626): GC_CONCURRENT freed 146K, 2% free 9172K/9348K, paused 5ms+7ms, total 28ms
D/dalvikvm( 1626): GC_CONCURRENT freed 176K, 3% free 9442K/9656K, paused 5ms+3ms, total 29ms
W/nalizableReferenceQueue( 1626): Could not load Finalizer in its own class loader. Loading Finalizer in the current class loader instead. As a result, you will not be able to garbage collect this class loader. To support reclaiming this class loader, either resolve the underlying issue, or move Google Collections to your system class path.
W/nalizableReferenceQueue( 1626): java.io.FileNotFoundException: com/google/inject/internal/util/$Finalizer.class
W/nalizableReferenceQueue( 1626): at com.google.inject.internal.util.$FinalizableReferenceQueue$DecoupledLoader.getBaseUrl(FinalizableReferenceQueue.java:269)
W/nalizableReferenceQueue( 1626): at com.google.inject.internal.util.$FinalizableReferenceQueue$DecoupledLoader.loadFinalizer(FinalizableReferenceQueue.java:253)
W/nalizableReferenceQueue( 1626): at com.google.inject.internal.util.$FinalizableReferenceQueue.loadFinalizer(FinalizableReferenceQueue.java:175)
W/nalizableReferenceQueue( 1626): at com.google.inject.internal.util.$FinalizableReferenceQueue.(FinalizableReferenceQueue.java:100)
W/nalizableReferenceQueue( 1626): at com.google.inject.internal.util.$MapMaker$QueueHolder.(MapMaker.java:787)
W/nalizableReferenceQueue( 1626): at com.google.inject.internal.util.$MapMaker$WeakEntry.(MapMaker.java:946)
W/nalizableReferenceQueue( 1626): at com.google.inject.internal.util.$MapMaker$Strength$1.newEntry(MapMaker.java:312)
W/nalizableReferenceQueue( 1626): at com.google.inject.internal.util.$MapMaker$StrategyImpl.newEntry(MapMaker.java:498)
W/nalizableReferenceQueue( 1626): at com.google.inject.internal.util.$MapMaker$StrategyImpl.newEntry(MapMaker.java:419)
W/nalizableReferenceQueue( 1626): at com.google.inject.internal.util.$CustomConcurrentHashMap$ComputingImpl.get(CustomConcurrentHashMap.java:2029)
W/nalizableReferenceQueue( 1626): at com.google.inject.internal.Annotations$AnnotationChecker.hasAnnotations(Annotations.java:116)
W/nalizableReferenceQueue( 1626): at com.google.inject.internal.Annotations.isBindingAnnotation(Annotations.java:180)
W/nalizableReferenceQueue( 1626): at com.google.inject.Key.ensureIsBindingAnnotation(Key.java:366)
W/nalizableReferenceQueue( 1626): at com.google.inject.Key.strategyFor(Key.java:338)
W/nalizableReferenceQueue( 1626): at com.google.inject.Key.get(Key.java:272)
W/nalizableReferenceQueue( 1626): at com.google.inject.internal.AbstractBindingBuilder.annotatedWithInternal(AbstractBindingBuilder.java:82)
W/nalizableReferenceQueue( 1626): at com.google.inject.internal.ConstantBindingBuilderImpl.annotatedWith(ConstantBindingBuilderImpl.java:49)
W/nalizableReferenceQueue( 1626): at roboguice.config.RoboModule.configure(RoboModule.java:87)
W/nalizableReferenceQueue( 1626): at com.google.inject.AbstractModule.configure(AbstractModule.java:59)
W/nalizableReferenceQueue( 1626): at com.google.inject.spi.Elements$RecordingBinder.install(Elements.java:223)
W/nalizableReferenceQueue( 1626): at com.google.inject.spi.Elements.getElements(Elements.java:101)
W/nalizableReferenceQueue( 1626): at com.google.inject.spi.Elements.getElements(Elements.java:78)
W/nalizableReferenceQueue( 1626): at roboguice.RoboGuice.setApplicationInjector(RoboGuice.java:60)
W/nalizableReferenceQueue( 1626): at roboguice.RoboGuice.setApplicationInjector(RoboGuice.java:99)
W/nalizableReferenceQueue( 1626): at roboguice.RoboGuice.getApplicationInjector(RoboGuice.java:48)
W/nalizableReferenceQueue( 1626): at roboguice.RoboGuice.getInjector(RoboGuice.java:109)
W/nalizableReferenceQueue( 1626): at com.nike.plusgps.NikePlusGPSApplication.onCreate(NikePlusGPSApplication.java:65)
W/nalizableReferenceQueue( 1626): at android.app.Instrumentation.callApplicationOnCreate(Instrumentation.java:1000)
W/nalizableReferenceQueue( 1626): at android.app.ActivityThread.handleBindApplication(ActivityThread.java:4391)
W/nalizableReferenceQueue( 1626): at android.app.ActivityThread.access$1300(ActivityThread.java:141)
W/nalizableReferenceQueue( 1626): at android.app.ActivityThread$H.handleMessage(ActivityThread.java:1294)
W/nalizableReferenceQueue( 1626): at android.os.Handler.dispatchMessage(Handler.java:99)
W/nalizableReferenceQueue( 1626): at android.os.Looper.loop(Looper.java:137)
W/nalizableReferenceQueue( 1626): at android.app.ActivityThread.main(ActivityThread.java:5039)
W/nalizableReferenceQueue( 1626): at java.lang.reflect.Method.invokeNative(Native Method)
W/nalizableReferenceQueue( 1626): at java.lang.reflect.Method.invoke(Method.java:511)
W/nalizableReferenceQueue( 1626): at com.android.internal.os.ZygoteInit$MethodAndArgsCaller.run(ZygoteInit.java:793)
W/nalizableReferenceQueue( 1626): at com.android.internal.os.ZygoteInit.main(ZygoteInit.java:560)
W/nalizableReferenceQueue( 1626): at dalvik.system.NativeStart.main(Native Method)
D/dalvikvm( 1626): GC_CONCURRENT freed 440K, 5% free 9510K/9980K, paused 3ms+3ms, total 31ms
D/dalvikvm( 1626): WAIT_FOR_CONCURRENT_GC blocked 3ms
D/dalvikvm( 553): GC_CONCURRENT freed 371K, 5% free 9370K/9832K, paused 3ms+1ms, total 40ms
D/dalvikvm( 1599): GC_CONCURRENT freed 178K, 3% free 9490K/9700K, paused 5ms+36ms, total 116ms
I/ActivityManager( 390): Start proc com.yahoo.mobile.client.android.flickr:com.yahoo.snp.service for broadcast com.yahoo.mobile.client.android.flickr/com.yahoo.platform.mobile.push.PushAgentReceiver: pid=1650 uid=10072 gids={50072, 1015, 3003, 1006, 1028}
I/ActivityManager( 390): No longer want com.google.android.email (pid 992): empty #17
D/dalvikvm( 1626): GC_CONCURRENT freed 468K, 5% free 9549K/10048K, paused 2ms+1ms, total 31ms
D/dalvikvm( 1626): WAIT_FOR_CONCURRENT_GC blocked 9ms
D/dalvikvm( 1626): GC_CONCURRENT freed 450K, 5% free 9609K/10088K, paused 6ms+4ms, total 34ms
D/dalvikvm( 1626): WAIT_FOR_CONCURRENT_GC blocked 14ms
D/dalvikvm( 1626): GC_CONCURRENT freed 506K, 6% free 9610K/10148K, paused 2ms+2ms, total 24ms
D/dalvikvm( 1626): WAIT_FOR_CONCURRENT_GC blocked 11ms
D/dalvikvm( 1650): GC_CONCURRENT freed 150K, 2% free 9187K/9364K, paused 3ms+12ms, total 45ms
D/dalvikvm( 1650): WAIT_FOR_CONCURRENT_GC blocked 1ms
D/dalvikvm( 1583): GC_CONCURRENT freed 1527K, 11% free 13210K/14776K, paused 3ms+1ms, total 121ms
D/dalvikvm( 1626): GC_CONCURRENT freed 466K, 5% free 9651K/10148K, paused 2ms+2ms, total 34ms
D/dalvikvm( 1626): WAIT_FOR_CONCURRENT_GC blocked 5ms
D/dalvikvm( 1626): GC_CONCURRENT freed 383K, 5% free 9693K/10148K, paused 3ms+3ms, total 23ms
D/dalvikvm( 1626): GC_CONCURRENT freed 442K, 5% free 9736K/10212K, paused 2ms+3ms, total 25ms
I/ActivityManager( 390): Start proc com.yahoo.mobile.client.android.flickr for service com.yahoo.mobile.client.android.flickr/.cache.CacheClearService: pid=1677 uid=10072 gids={50072, 1015, 3003, 1006, 1028}
D/dalvikvm( 1626): GC_CONCURRENT freed 461K, 5% free 9784K/10276K, paused 8ms+14ms, total 56ms
D/dalvikvm( 1626): WAIT_FOR_CONCURRENT_GC blocked 3ms
D/dalvikvm( 1650): GC_CONCURRENT freed 248K, 3% free 9446K/9724K, paused 33ms+23ms, total 95ms
D/dalvikvm( 1650): WAIT_FOR_CONCURRENT_GC blocked 1ms
W/Settings( 1650): Setting android_id has moved from android.provider.Settings.System to android.provider.Settings.Secure, returning read-only value.
D/dalvikvm( 1626): GC_CONCURRENT freed 489K, 6% free 9796K/10320K, paused 3ms+3ms, total 42ms
D/dalvikvm( 1626): GC_FOR_ALLOC freed 2K, 6% free 9796K/10320K, paused 16ms, total 16ms
I/dalvikvm-heap( 1626): Grow heap (frag case) to 9.606MB for 16400-byte allocation
D/YSNP_TAG( 1650): remove log : log file in SD card : /storage/emulated/0/snp_log.txt
D/dalvikvm( 1677): GC_CONCURRENT freed 164K, 2% free 9205K/9356K, paused 12ms+8ms, total 52ms
I/ActivityManager( 390): Start proc com.joelapenna.foursquared for broadcast com.joelapenna.foursquared/.receivers.BootReceiver: pid=1693 uid=10090 gids={50090, 3003, 1015, 1028}
I/ActivityManager( 390): No longer want com.google.android.onetimeinitializer (pid 1133): empty #17
D/dalvikvm( 1626): GC_FOR_ALLOC freed 0K, 6% free 9812K/10340K, paused 47ms, total 47ms
D/dalvikvm( 1626): GC_FOR_ALLOC freed <1K, 6% free 9812K/10340K, paused 18ms, total 18ms
I/dalvikvm-heap( 1626): Grow heap (frag case) to 9.622MB for 16400-byte allocation
I/ActivityThread( 1677): Pub com.yahoo.mobile.client.android.flickr.provider: com.yahoo.mobile.client.android.flickr.provider.FlickrProvider
D/dalvikvm( 1626): GC_FOR_ALLOC freed 0K, 6% free 9828K/10360K, paused 18ms, total 18ms
D/dalvikvm( 1626): GC_FOR_ALLOC freed 0K, 6% free 9829K/10360K, paused 19ms, total 19ms
I/dalvikvm-heap( 1626): Grow heap (frag case) to 9.638MB for 16400-byte allocation
D/dalvikvm( 1626): GC_FOR_ALLOC freed 0K, 6% free 9845K/10380K, paused 18ms, total 18ms
D/dalvikvm( 1626): GC_FOR_ALLOC freed 19K, 6% free 9840K/10380K, paused 19ms, total 19ms
D//Ln.java:220( 1626): 15:32:22.494 main Configuring Logging, minimum log level is INFO
D/dalvikvm( 1677): GC_CONCURRENT freed 216K, 3% free 9410K/9660K, paused 2ms+11ms, total 27ms
W/Settings( 1677): Setting android_id has moved from android.provider.Settings.System to android.provider.Settings.Secure, returning read-only value.
